CRAN Package Check Results for Package ISOweek

Last updated on 2015-03-02 16:50:08.

Flavor Version Tinstall Tcheck Ttotal Status Flags
r-devel-linux-x86_64-debian-clang 0.6-2 0.54 9.24 9.78 OK
r-devel-linux-x86_64-debian-gcc 0.6-2 0.53 9.30 9.82 OK
r-devel-linux-x86_64-fedora-clang 0.6-2 19.82 OK
r-devel-linux-x86_64-fedora-gcc 0.6-2 17.58 OK
r-devel-osx-x86_64-clang 0.6-2 25.15 OK
r-devel-windows-ix86+x86_64 0.6-2 6.00 20.00 26.00 OK
r-patched-linux-x86_64 0.6-2 0.58 10.06 10.64 OK
r-patched-solaris-sparc 0.6-2 137.00 OK
r-patched-solaris-x86 0.6-2 34.90 OK
r-release-linux-ix86 0.6-2 1.06 16.10 17.16 OK
r-release-linux-x86_64 0.6-2 0.59 10.55 11.14 OK
r-release-osx-x86_64-mavericks 0.6-2 OK
r-release-osx-x86_64-snowleopard 0.6-2 NOTE
r-release-windows-ix86+x86_64 0.6-2 6.00 25.00 31.00 OK
r-oldrel-windows-ix86+x86_64 0.6-2 3.00 19.00 22.00 OK

Check Details

Version: 0.6-2
Check: Rd cross-references
Result: NOTE
    Package unavailable to check Rd xrefs: 'surveillance'
Flavor: r-release-osx-x86_64-snowleopard