CRAN Package Check Results for Package ISOweek

Last updated on 2014-10-21 05:48:00.

Flavor Version Tinstall Tcheck Ttotal Status Flags
r-devel-linux-x86_64-debian-clang 0.6-2 0.60 10.04 10.64 OK
r-devel-linux-x86_64-debian-gcc 0.6-2 0.58 10.02 10.60 OK
r-devel-linux-x86_64-fedora-clang 0.6-2 21.15 OK
r-devel-linux-x86_64-fedora-gcc 0.6-2 18.76 OK
r-devel-osx-x86_64-clang 0.6-2 25.87 OK
r-devel-windows-ix86+x86_64 0.6-2 3.00 18.00 21.00 OK
r-patched-linux-x86_64 0.6-2 0.60 10.18 10.79 OK
r-patched-solaris-sparc 0.6-2 154.20 OK
r-patched-solaris-x86 0.6-2 32.40 OK
r-release-linux-ix86 0.6-2 0.94 15.56 16.50 OK
r-release-linux-x86_64 0.6-2 0.54 9.45 9.99 OK
r-release-osx-x86_64-mavericks 0.6-2 NOTE
r-release-osx-x86_64-snowleopard 0.6-2 NOTE
r-release-windows-ix86+x86_64 0.6-2 2.00 16.00 18.00 OK
r-oldrel-windows-ix86+x86_64 0.6-2 2.00 18.00 20.00 OK

Check Details

Version: 0.6-2
Check: Rd cross-references
Result: NOTE
    Package unavailable to check Rd xrefs: ‘surveillance’
Flavors: r-release-osx-x86_64-mavericks, r-release-osx-x86_64-snowleopard