CRAN Package Check Results for Package ISOweek

Last updated on 2014-04-25 05:47:17.

Flavor Version Tinstall Tcheck Ttotal Status Flags
r-devel-linux-x86_64-debian-clang 0.6-2 0.59 9.89 10.48 OK
r-devel-linux-x86_64-debian-gcc 0.6-2 0.57 9.47 10.04 OK
r-devel-linux-x86_64-fedora-clang 0.6-2 19.62 OK
r-devel-linux-x86_64-fedora-gcc 0.6-2 18.53 OK
r-devel-osx-x86_64-clang 0.6-2 23.04 OK
r-devel-osx-x86_64-gcc 0.6-2 NOTE
r-devel-windows-ix86+x86_64 0.6-2 2.00 16.00 18.00 OK
r-patched-linux-x86_64 0.6-2 0.57 9.58 10.15 OK
r-patched-solaris-sparc 0.6-2 113.80 OK
r-patched-solaris-x86 0.6-2 31.20 OK
r-release-linux-ix86 0.6-2 1.00 22.00 23.00 OK
r-release-linux-x86_64 0.6-2 2.60 9.51 12.11 OK
r-release-osx-x86_64-mavericks 0.6-2 NOTE
r-release-osx-x86_64-snowleopard 0.6-2 NOTE
r-release-windows-ix86+x86_64 0.6-2 5.00 21.00 26.00 OK
r-oldrel-windows-ix86+x86_64 0.6-2 2.00 17.00 19.00 OK

Check Details

Version: 0.6-2
Check: Rd cross-references
Result: NOTE
    Package unavailable to check Rd xrefs: ‘surveillance’
Flavors: r-devel-osx-x86_64-gcc, r-release-osx-x86_64-mavericks, r-release-osx-x86_64-snowleopard