CRAN Package Check Results for Package ISOweek

Last updated on 2015-02-01 05:47:56.

Flavor Version Tinstall Tcheck Ttotal Status Flags
r-devel-linux-x86_64-debian-clang 0.6-2 0.55 9.71 10.26 OK
r-devel-linux-x86_64-debian-gcc 0.6-2 0.55 8.86 9.42 OK
r-devel-linux-x86_64-fedora-clang 0.6-2 20.68 OK
r-devel-linux-x86_64-fedora-gcc 0.6-2 18.44 OK
r-devel-osx-x86_64-clang 0.6-2 26.33 OK
r-devel-windows-ix86+x86_64 0.6-2 4.00 16.00 20.00 OK
r-patched-linux-x86_64 0.6-2 0.60 10.00 10.61 OK
r-patched-solaris-sparc 0.6-2 137.00 OK
r-patched-solaris-x86 0.6-2 34.60 OK
r-release-linux-ix86 0.6-2 0.86 16.30 17.16 OK
r-release-linux-x86_64 0.6-2 0.70 10.55 11.24 OK
r-release-osx-x86_64-mavericks 0.6-2 OK
r-release-osx-x86_64-snowleopard 0.6-2 NOTE
r-release-windows-ix86+x86_64 0.6-2 2.00 21.00 23.00 OK
r-oldrel-windows-ix86+x86_64 0.6-2 3.00 21.00 24.00 OK

Check Details

Version: 0.6-2
Check: Rd cross-references
Result: NOTE
    Package unavailable to check Rd xrefs: 'surveillance'
Flavor: r-release-osx-x86_64-snowleopard