CRAN Package Check Results for Package ISOweek

Last updated on 2014-08-22 13:46:54.

Flavor Version Tinstall Tcheck Ttotal Status Flags
r-devel-linux-x86_64-debian-clang 0.6-2 0.51 9.01 9.52 OK
r-devel-linux-x86_64-debian-gcc 0.6-2 0.62 8.96 9.58 OK
r-devel-linux-x86_64-fedora-clang 0.6-2 19.66 OK
r-devel-linux-x86_64-fedora-gcc 0.6-2 17.49 OK
r-devel-osx-x86_64-clang 0.6-2 22.11 OK
r-devel-windows-ix86+x86_64 0.6-2 2.00 17.00 19.00 OK
r-patched-linux-x86_64 0.6-2 0.54 8.92 9.46 OK
r-patched-solaris-sparc 0.6-2 154.20 OK
r-patched-solaris-x86 0.6-2 30.00 OK
r-release-linux-ix86 0.6-2 1.00 15.43 16.44 OK
r-release-linux-x86_64 0.6-2 0.54 9.64 10.18 OK
r-release-osx-x86_64-mavericks 0.6-2 NOTE
r-release-osx-x86_64-snowleopard 0.6-2 NOTE
r-release-windows-ix86+x86_64 0.6-2 3.00 17.00 20.00 OK
r-oldrel-windows-ix86+x86_64 0.6-2 2.00 17.00 19.00 OK

Check Details

Version: 0.6-2
Check: Rd cross-references
Result: NOTE
    Package unavailable to check Rd xrefs: ‘surveillance’
Flavors: r-release-osx-x86_64-mavericks, r-release-osx-x86_64-snowleopard