CRAN Package Check Results for Package ISOweek

Last updated on 2014-07-24 05:48:27.

Flavor Version Tinstall Tcheck Ttotal Status Flags
r-devel-linux-x86_64-debian-clang 0.6-2 0.52 9.14 9.65 OK
r-devel-linux-x86_64-debian-gcc 0.6-2 0.52 9.15 9.67 OK
r-devel-linux-x86_64-fedora-clang 0.6-2 20.33 OK
r-devel-linux-x86_64-fedora-gcc 0.6-2 18.94 OK
r-devel-osx-x86_64-clang 0.6-2 22.00 OK
r-devel-windows-ix86+x86_64 0.6-2 2.00 17.00 19.00 OK
r-patched-linux-x86_64 0.6-2 0.52 9.03 9.55 OK
r-patched-solaris-sparc 0.6-2 113.80 OK
r-patched-solaris-x86 0.6-2 29.70 OK
r-release-linux-ix86 0.6-2 0.84 15.33 16.17 OK
r-release-linux-x86_64 0.6-2 0.53 9.57 10.10 OK
r-release-osx-x86_64-mavericks 0.6-2 NOTE
r-release-osx-x86_64-snowleopard 0.6-2 NOTE
r-release-windows-ix86+x86_64 0.6-2 3.00 17.00 20.00 OK
r-oldrel-windows-ix86+x86_64 0.6-2 2.00 17.00 19.00 OK

Check Details

Version: 0.6-2
Check: Rd cross-references
Result: NOTE
    Package unavailable to check Rd xrefs: ‘surveillance’
Flavors: r-release-osx-x86_64-mavericks, r-release-osx-x86_64-snowleopard