CRAN Package Check Results for Package ISOweek

Last updated on 2014-11-21 19:48:03.

Flavor Version Tinstall Tcheck Ttotal Status Flags
r-devel-linux-x86_64-debian-clang 0.6-2 0.62 10.42 11.04 OK
r-devel-linux-x86_64-debian-gcc 0.6-2 0.57 9.72 10.29 OK
r-devel-linux-x86_64-fedora-clang 0.6-2 24.56 OK
r-devel-linux-x86_64-fedora-gcc 0.6-2 20.20 OK
r-devel-osx-x86_64-clang 0.6-2 26.63 OK
r-devel-windows-ix86+x86_64 0.6-2 2.00 25.00 27.00 OK
r-patched-linux-x86_64 0.6-2 0.60 10.28 10.88 OK
r-patched-solaris-sparc 0.6-2 154.20 OK
r-patched-solaris-x86 0.6-2 31.40 OK
r-release-linux-ix86 0.6-2 0.88 15.59 16.47 OK
r-release-linux-x86_64 0.6-2 0.64 9.85 10.49 OK
r-release-osx-x86_64-mavericks 0.6-2 NOTE
r-release-osx-x86_64-snowleopard 0.6-2 NOTE
r-release-windows-ix86+x86_64 0.6-2 3.00 19.00 22.00 OK
r-oldrel-windows-ix86+x86_64 0.6-2 2.00 17.00 19.00 OK

Check Details

Version: 0.6-2
Check: Rd cross-references
Result: NOTE
    Package unavailable to check Rd xrefs: ‘surveillance’
Flavors: r-release-osx-x86_64-mavericks, r-release-osx-x86_64-snowleopard