CRAN Package Check Results for Package IVYplot

Last updated on 2024-04-17 04:59:32 CEST.

Flavor Version Tinstall Tcheck Ttotal Status Flags
r-devel-linux-x86_64-debian-clang 0.1.0 2.84 28.83 31.67 NOTE
r-devel-linux-x86_64-debian-gcc 0.1.0 1.93 22.30 24.23 NOTE
r-devel-linux-x86_64-fedora-clang 0.1.0 39.45 NOTE
r-devel-linux-x86_64-fedora-gcc 0.1.0 37.04 NOTE
r-prerel-macos-arm64 0.1.0 15.00 NOTE
r-prerel-windows-x86_64 0.1.0 3.00 48.00 51.00 NOTE
r-patched-linux-x86_64 0.1.0 2.73 27.90 30.63 NOTE
r-release-linux-x86_64 0.1.0 2.47 28.28 30.75 NOTE
r-release-macos-arm64 0.1.0 19.00 NOTE
r-release-macos-x86_64 0.1.0 22.00 NOTE
r-release-windows-x86_64 0.1.0 3.00 46.00 49.00 NOTE
r-oldrel-macos-arm64 0.1.0 17.00 NOTE
r-oldrel-windows-x86_64 0.1.0 4.00 51.00 55.00 NOTE

Check Details

Version: 0.1.0
Check: LazyData
Result: NOTE 'LazyData' is specified without a 'data' directory Flavors: r-devel-linux-x86_64-debian-clang, r-devel-linux-x86_64-debian-gcc, r-devel-linux-x86_64-fedora-clang, r-devel-linux-x86_64-fedora-gcc, r-prerel-macos-arm64, r-prerel-windows-x86_64, r-patched-linux-x86_64, r-release-linux-x86_64, r-release-macos-arm64, r-release-macos-x86_64, r-release-windows-x86_64, r-oldrel-macos-arm64, r-oldrel-windows-x86_64