CRAN Package Check Results for Package Iboot

Last updated on 2015-07-28 09:47:04.

Flavor Version Tinstall Tcheck Ttotal Status Flags
r-devel-linux-x86_64-debian-clang 0.1-1 0.90 8.98 9.88 NOTE
r-devel-linux-x86_64-debian-gcc 0.1-1 0.90 8.31 9.21 NOTE
r-devel-linux-x86_64-fedora-clang 0.1-1 16.97 NOTE
r-devel-linux-x86_64-fedora-gcc 0.1-1 15.84 NOTE
r-devel-osx-x86_64-clang 0.1-1 18.11 NOTE
r-devel-windows-ix86+x86_64 0.1-1 6.00 19.00 25.00 NOTE
r-patched-linux-x86_64 0.1-1 0.92 8.40 9.32 NOTE
r-patched-solaris-sparc 0.1-1 121.40 NOTE
r-patched-solaris-x86 0.1-1 28.40 NOTE
r-release-linux-x86_64 0.1-1 0.94 8.95 9.90 NOTE
r-release-osx-x86_64-mavericks 0.1-1 NOTE
r-release-windows-ix86+x86_64 0.1-1 5.00 20.00 25.00 NOTE
r-oldrel-windows-ix86+x86_64 0.1-1 7.00 21.00 28.00 OK

Check Details

Version: 0.1-1
Check: DESCRIPTION meta-information
Result: NOTE
    Malformed Title field: should not end in a period.
Flavors: r-devel-linux-x86_64-debian-clang, r-devel-linux-x86_64-debian-gcc, r-devel-linux-x86_64-fedora-clang, r-devel-linux-x86_64-fedora-gcc, r-devel-osx-x86_64-clang, r-devel-windows-ix86+x86_64, r-patched-linux-x86_64, r-patched-solaris-sparc, r-patched-solaris-x86, r-release-linux-x86_64, r-release-osx-x86_64-mavericks, r-release-windows-ix86+x86_64

Version: 0.1-1
Check: R code for possible problems
Result: NOTE
    Iboot: no visible global function definition for ‘quantile’
    Undefined global functions or variables:
     quantile
    Consider adding
     importFrom("stats", "quantile")
    to your NAMESPACE.
Flavors: r-devel-linux-x86_64-debian-clang, r-devel-linux-x86_64-debian-gcc, r-devel-linux-x86_64-fedora-clang, r-devel-linux-x86_64-fedora-gcc, r-devel-windows-ix86+x86_64