CRAN Package Check Results for Package Iboot

Last updated on 2017-01-21 10:48:29.

Flavor Version Tinstall Tcheck Ttotal Status Flags
r-devel-linux-x86_64-debian-clang 0.1-1 1.08 10.96 12.04 NOTE
r-devel-linux-x86_64-debian-gcc 0.1-1 1.00 10.67 11.67 NOTE
r-devel-linux-x86_64-fedora-clang 0.1-1 20.91 NOTE --no-stop-on-test-error
r-devel-linux-x86_64-fedora-gcc 0.1-1 19.47 NOTE --no-stop-on-test-error
r-devel-macos-x86_64-clang 0.1-1 17.11 NOTE --no-stop-on-test-error
r-devel-windows-ix86+x86_64 0.1-1 13.00 29.00 42.00 NOTE
r-patched-linux-x86_64 0.1-1 0.92 9.07 9.99 NOTE
r-patched-solaris-sparc 0.1-1 99.10 NOTE
r-patched-solaris-x86 0.1-1 26.20 NOTE
r-release-linux-x86_64 0.1-1 0.97 8.95 9.91 NOTE
r-release-osx-x86_64-mavericks 0.1-1 NOTE
r-release-windows-ix86+x86_64 0.1-1 5.00 27.00 32.00 NOTE
r-oldrel-windows-ix86+x86_64 0.1-1 6.00 25.00 31.00 NOTE

Check Details

Version: 0.1-1
Check: DESCRIPTION meta-information
Result: NOTE
    Malformed Title field: should not end in a period.
Flavors: r-devel-linux-x86_64-debian-clang, r-devel-linux-x86_64-debian-gcc, r-devel-windows-ix86+x86_64, r-patched-linux-x86_64, r-patched-solaris-sparc, r-patched-solaris-x86, r-release-linux-x86_64, r-release-osx-x86_64-mavericks, r-release-windows-ix86+x86_64, r-oldrel-windows-ix86+x86_64

Version: 0.1-1
Check: R code for possible problems
Result: NOTE
    Iboot: no visible global function definition for ‘quantile’
    Undefined global functions or variables:
     quantile
    Consider adding
     importFrom("stats", "quantile")
    to your NAMESPACE file.
Flavors: r-devel-linux-x86_64-debian-clang, r-devel-linux-x86_64-debian-gcc, r-devel-windows-ix86+x86_64, r-patched-linux-x86_64, r-patched-solaris-sparc, r-patched-solaris-x86, r-release-linux-x86_64, r-release-osx-x86_64-mavericks, r-release-windows-ix86+x86_64

Version: 0.1-1
Flags: --no-stop-on-test-error
Check: DESCRIPTION meta-information
Result: NOTE
    Malformed Title field: should not end in a period.
Flavors: r-devel-linux-x86_64-fedora-clang, r-devel-linux-x86_64-fedora-gcc, r-devel-macos-x86_64-clang

Version: 0.1-1
Flags: --no-stop-on-test-error
Check: R code for possible problems
Result: NOTE
    Iboot: no visible global function definition for ‘quantile’
    Undefined global functions or variables:
     quantile
    Consider adding
     importFrom("stats", "quantile")
    to your NAMESPACE file.
Flavors: r-devel-linux-x86_64-fedora-clang, r-devel-linux-x86_64-fedora-gcc, r-devel-macos-x86_64-clang