CRAN Package Check Results for Package Iboot

Last updated on 2015-04-26 00:47:29.

Flavor Version Tinstall Tcheck Ttotal Status Flags
r-devel-linux-x86_64-debian-clang 0.1-1 0.87 8.92 9.79 NOTE
r-devel-linux-x86_64-debian-gcc 0.1-1 1.03 8.68 9.70 NOTE
r-devel-linux-x86_64-fedora-clang 0.1-1 18.27 NOTE
r-devel-linux-x86_64-fedora-gcc 0.1-1 18.57 NOTE
r-devel-osx-x86_64-clang 0.1-1 23.13 NOTE
r-devel-windows-ix86+x86_64 0.1-1 6.00 19.00 25.00 NOTE
r-patched-linux-x86_64 0.1-1 0.94 8.61 9.55 NOTE
r-patched-solaris-sparc 0.1-1 100.20 NOTE
r-patched-solaris-x86 0.1-1 28.90 NOTE
r-release-linux-x86_64 0.1-1 0.94 8.65 9.59 NOTE
r-release-osx-x86_64-mavericks 0.1-1 NOTE
r-release-osx-x86_64-snowleopard 0.1-1 NOTE
r-release-windows-ix86+x86_64 0.1-1 4.00 20.00 24.00 NOTE
r-oldrel-windows-ix86+x86_64 0.1-1 7.00 21.00 28.00 OK

Check Details

Version: 0.1-1
Check: DESCRIPTION meta-information
Result: NOTE
    Malformed Title field: should not end in a period.
Flavors: r-devel-windows-ix86+x86_64, r-release-windows-ix86+x86_64