CRAN Package Check Results for Package Iboot

Last updated on 2016-06-27 07:47:38.

Flavor Version Tinstall Tcheck Ttotal Status Flags
r-devel-linux-x86_64-debian-gcc 0.1-1 0.93 8.41 9.34 NOTE
r-devel-linux-x86_64-fedora-clang 0.1-1 15.46 NOTE
r-devel-linux-x86_64-fedora-gcc 0.1-1 14.86 NOTE
r-devel-osx-x86_64-clang 0.1-1 14.92 NOTE
r-devel-windows-ix86+x86_64 0.1-1 6.00 26.00 32.00 NOTE
r-patched-linux-x86_64 0.1-1 1.14 8.86 9.99 NOTE
r-patched-solaris-sparc 0.1-1 97.00 NOTE
r-patched-solaris-x86 0.1-1 25.20 NOTE
r-release-linux-x86_64 0.1-1 1.12 8.71 9.82 NOTE
r-release-osx-x86_64-mavericks 0.1-1 NOTE
r-release-windows-ix86+x86_64 0.1-1 6.00 40.00 46.00 NOTE
r-oldrel-windows-ix86+x86_64 0.1-1 5.00 19.00 24.00 NOTE

Check Details

Version: 0.1-1
Check: DESCRIPTION meta-information
Result: NOTE
    Malformed Title field: should not end in a period.
Flavors: r-devel-linux-x86_64-debian-gcc, r-devel-linux-x86_64-fedora-clang, r-devel-linux-x86_64-fedora-gcc, r-devel-osx-x86_64-clang, r-devel-windows-ix86+x86_64, r-patched-linux-x86_64, r-patched-solaris-sparc, r-patched-solaris-x86, r-release-linux-x86_64, r-release-osx-x86_64-mavericks, r-release-windows-ix86+x86_64, r-oldrel-windows-ix86+x86_64

Version: 0.1-1
Check: R code for possible problems
Result: NOTE
    Iboot: no visible global function definition for ‘quantile’
    Undefined global functions or variables:
     quantile
    Consider adding
     importFrom("stats", "quantile")
    to your NAMESPACE file.
Flavors: r-devel-linux-x86_64-debian-gcc, r-devel-linux-x86_64-fedora-clang, r-devel-linux-x86_64-fedora-gcc, r-devel-osx-x86_64-clang, r-devel-windows-ix86+x86_64, r-patched-linux-x86_64, r-patched-solaris-sparc, r-patched-solaris-x86, r-release-linux-x86_64, r-release-osx-x86_64-mavericks, r-release-windows-ix86+x86_64