CRAN Package Check Results for Package Iboot

Last updated on 2015-03-29 04:50:21.

Flavor Version Tinstall Tcheck Ttotal Status Flags
r-devel-linux-x86_64-debian-clang 0.1-1 0.86 8.58 9.44 NOTE
r-devel-linux-x86_64-debian-gcc 0.1-1 0.99 8.49 9.48 NOTE
r-devel-linux-x86_64-fedora-clang 0.1-1 17.65 NOTE
r-devel-linux-x86_64-fedora-gcc 0.1-1 17.01 NOTE
r-devel-osx-x86_64-clang 0.1-1 25.32 NOTE
r-prerel-windows-ix86+x86_64 0.1-1 8.00 19.00 27.00 NOTE
r-prerel-linux-x86_64 0.1-1 0.92 9.41 10.33 NOTE
r-prerel-solaris-sparc 0.1-1 100.20 NOTE
r-prerel-solaris-x86 0.1-1 29.50 NOTE
r-release-linux-x86_64 0.1-1 0.99 9.20 10.19 OK
r-release-osx-x86_64-mavericks 0.1-1 OK
r-release-windows-ix86+x86_64 0.1-1 7.00 21.00 28.00 OK
r-oldrel-windows-ix86+x86_64 0.1-1 5.00 19.00 24.00 OK

Check Details

Version: 0.1-1
Check: DESCRIPTION meta-information
Result: NOTE
    Malformed Title field: should not end in a period.
Flavors: r-devel-linux-x86_64-debian-clang, r-devel-linux-x86_64-debian-gcc, r-devel-linux-x86_64-fedora-clang, r-devel-linux-x86_64-fedora-gcc, r-devel-osx-x86_64-clang, r-prerel-windows-ix86+x86_64, r-prerel-linux-x86_64, r-prerel-solaris-sparc, r-prerel-solaris-x86