CRAN Package Check Results for Package Iboot

Last updated on 2015-05-24 08:48:32.

Flavor Version Tinstall Tcheck Ttotal Status Flags
r-devel-linux-x86_64-debian-clang 0.1-1 0.98 8.78 9.76 NOTE
r-devel-linux-x86_64-debian-gcc 0.1-1 0.92 8.57 9.48 NOTE
r-devel-linux-x86_64-fedora-clang 0.1-1 18.69 NOTE
r-devel-linux-x86_64-fedora-gcc 0.1-1 16.93 NOTE
r-devel-osx-x86_64-clang 0.1-1 22.72 NOTE
r-devel-windows-ix86+x86_64 0.1-1 6.00 19.00 25.00 NOTE
r-patched-linux-x86_64 0.1-1 0.97 9.01 9.98 NOTE
r-patched-solaris-sparc 0.1-1 128.90 NOTE
r-patched-solaris-x86 0.1-1 28.40 NOTE
r-release-linux-x86_64 0.1-1 1.04 9.18 10.22 NOTE
r-release-osx-x86_64-mavericks 0.1-1 NOTE
r-release-osx-x86_64-snowleopard 0.1-1 NOTE
r-release-windows-ix86+x86_64 0.1-1 4.00 20.00 24.00 NOTE
r-oldrel-windows-ix86+x86_64 0.1-1 7.00 21.00 28.00 OK

Check Details

Version: 0.1-1
Check: DESCRIPTION meta-information
Result: NOTE
    Malformed Title field: should not end in a period.
Flavors: r-devel-linux-x86_64-debian-clang, r-devel-linux-x86_64-debian-gcc, r-devel-linux-x86_64-fedora-clang, r-devel-linux-x86_64-fedora-gcc, r-devel-osx-x86_64-clang, r-devel-windows-ix86+x86_64, r-patched-linux-x86_64, r-patched-solaris-sparc, r-patched-solaris-x86, r-release-linux-x86_64, r-release-osx-x86_64-mavericks, r-release-osx-x86_64-snowleopard, r-release-windows-ix86+x86_64