CRAN Package Check Results for Package Iboot

Last updated on 2017-09-19 21:47:58.

Flavor Version Tinstall Tcheck Ttotal Status Flags
r-devel-linux-x86_64-debian-clang 0.1-1 1.04 11.07 12.11 NOTE
r-devel-linux-x86_64-debian-gcc 0.1-1 0.99 11.37 12.37 NOTE
r-devel-linux-x86_64-fedora-clang 0.1-1 21.20 NOTE
r-devel-linux-x86_64-fedora-gcc 0.1-1 18.80 NOTE
r-devel-windows-ix86+x86_64 0.1-1 8.00 30.00 38.00 NOTE
r-patched-linux-x86_64 0.1-1 1.08 11.13 12.21 NOTE
r-patched-solaris-x86 0.1-1 28.70 NOTE
r-release-linux-x86_64 0.1-1 1.15 11.50 12.65 NOTE
r-release-windows-ix86+x86_64 0.1-1 6.00 30.00 36.00 NOTE
r-release-osx-x86_64 0.1-1 NOTE
r-oldrel-windows-ix86+x86_64 0.1-1 5.00 27.00 32.00 NOTE
r-oldrel-osx-x86_64 0.1-1 NOTE

Check Details

Version: 0.1-1
Check: DESCRIPTION meta-information
Result: NOTE
    Malformed Title field: should not end in a period.
Flavors: r-devel-linux-x86_64-debian-clang, r-devel-linux-x86_64-debian-gcc, r-devel-linux-x86_64-fedora-clang, r-devel-linux-x86_64-fedora-gcc, r-devel-windows-ix86+x86_64, r-patched-linux-x86_64, r-patched-solaris-x86, r-release-linux-x86_64, r-release-windows-ix86+x86_64, r-release-osx-x86_64, r-oldrel-windows-ix86+x86_64, r-oldrel-osx-x86_64

Version: 0.1-1
Check: R code for possible problems
Result: NOTE
    Iboot: no visible global function definition for ‘quantile’
    Undefined global functions or variables:
     quantile
    Consider adding
     importFrom("stats", "quantile")
    to your NAMESPACE file.
Flavors: r-devel-linux-x86_64-debian-clang, r-devel-linux-x86_64-debian-gcc, r-devel-linux-x86_64-fedora-clang, r-devel-linux-x86_64-fedora-gcc, r-devel-windows-ix86+x86_64, r-patched-linux-x86_64, r-patched-solaris-x86, r-release-linux-x86_64, r-release-windows-ix86+x86_64, r-release-osx-x86_64, r-oldrel-windows-ix86+x86_64, r-oldrel-osx-x86_64

Version: 0.1-1
Check: compiled code
Result: NOTE
    File ‘Iboot/libs/Iboot.so’:
     Found no calls to: ‘R_registerRoutines’, ‘R_useDynamicSymbols’
    
    It is good practice to register native routines and to disable symbol
    search.
    
    See ‘Writing portable packages’ in the ‘Writing R Extensions’ manual.
Flavors: r-devel-linux-x86_64-debian-clang, r-devel-linux-x86_64-debian-gcc, r-devel-linux-x86_64-fedora-clang, r-devel-linux-x86_64-fedora-gcc, r-patched-linux-x86_64, r-release-linux-x86_64