CRAN Package Check Results for Package Iboot

Last updated on 2016-08-28 09:50:34.

Flavor Version Tinstall Tcheck Ttotal Status Flags
r-devel-linux-x86_64-debian-clang 0.1-1 1.06 8.79 9.85 NOTE
r-devel-linux-x86_64-debian-gcc 0.1-1 1.07 8.42 9.49 NOTE
r-devel-linux-x86_64-fedora-clang 0.1-1 16.43 NOTE
r-devel-linux-x86_64-fedora-gcc 0.1-1 15.63 NOTE
r-devel-osx-x86_64-clang 0.1-1 15.00 NOTE
r-devel-windows-ix86+x86_64 0.1-1 10.00 27.00 37.00 NOTE
r-patched-linux-x86_64 0.1-1 0.96 8.47 9.43 NOTE
r-patched-solaris-sparc 0.1-1 97.00 NOTE
r-patched-solaris-x86 0.1-1 25.80 NOTE
r-release-linux-x86_64 0.1-1 1.15 8.77 9.91 NOTE
r-release-osx-x86_64-mavericks 0.1-1 NOTE
r-release-windows-ix86+x86_64 0.1-1 6.00 40.00 46.00 NOTE
r-oldrel-windows-ix86+x86_64 0.1-1 5.00 19.00 24.00 NOTE

Check Details

Version: 0.1-1
Check: DESCRIPTION meta-information
Result: NOTE
    Malformed Title field: should not end in a period.
Flavors: r-devel-linux-x86_64-debian-clang, r-devel-linux-x86_64-debian-gcc, r-devel-linux-x86_64-fedora-clang, r-devel-linux-x86_64-fedora-gcc, r-devel-osx-x86_64-clang, r-devel-windows-ix86+x86_64, r-patched-linux-x86_64, r-patched-solaris-sparc, r-patched-solaris-x86, r-release-linux-x86_64, r-release-osx-x86_64-mavericks, r-release-windows-ix86+x86_64, r-oldrel-windows-ix86+x86_64

Version: 0.1-1
Check: R code for possible problems
Result: NOTE
    Iboot: no visible global function definition for ‘quantile’
    Undefined global functions or variables:
     quantile
    Consider adding
     importFrom("stats", "quantile")
    to your NAMESPACE file.
Flavors: r-devel-linux-x86_64-debian-clang, r-devel-linux-x86_64-debian-gcc, r-devel-linux-x86_64-fedora-clang, r-devel-linux-x86_64-fedora-gcc, r-devel-osx-x86_64-clang, r-devel-windows-ix86+x86_64, r-patched-linux-x86_64, r-patched-solaris-sparc, r-patched-solaris-x86, r-release-linux-x86_64, r-release-osx-x86_64-mavericks, r-release-windows-ix86+x86_64