CRAN Package Check Results for Package Iboot

Last updated on 2017-02-25 08:49:22.

Flavor Version Tinstall Tcheck Ttotal Status Flags
r-devel-linux-x86_64-debian-clang 0.1-1 1.16 11.11 12.27 NOTE
r-devel-linux-x86_64-debian-gcc 0.1-1 1.03 10.96 11.99 NOTE
r-devel-linux-x86_64-fedora-clang 0.1-1 19.02 NOTE --no-stop-on-test-error
r-devel-linux-x86_64-fedora-gcc 0.1-1 19.94 NOTE --no-stop-on-test-error
r-devel-macos-x86_64-clang 0.1-1 17.65 NOTE --no-stop-on-test-error
r-devel-windows-ix86+x86_64 0.1-1 6.00 37.00 43.00 NOTE
r-patched-linux-x86_64 0.1-1 0.95 9.13 10.08 NOTE
r-patched-solaris-sparc 0.1-1 99.10 NOTE
r-patched-solaris-x86 0.1-1 26.30 NOTE
r-release-linux-x86_64 0.1-1 0.97 8.89 9.85 NOTE
r-release-osx-x86_64-mavericks 0.1-1 NOTE
r-release-windows-ix86+x86_64 0.1-1 5.00 27.00 32.00 NOTE
r-oldrel-windows-ix86+x86_64 0.1-1 6.00 25.00 31.00 NOTE

Check Details

Version: 0.1-1
Check: DESCRIPTION meta-information
Result: NOTE
    Malformed Title field: should not end in a period.
Flavors: r-devel-linux-x86_64-debian-clang, r-devel-linux-x86_64-debian-gcc, r-devel-windows-ix86+x86_64, r-patched-linux-x86_64, r-patched-solaris-sparc, r-patched-solaris-x86, r-release-linux-x86_64, r-release-osx-x86_64-mavericks, r-release-windows-ix86+x86_64, r-oldrel-windows-ix86+x86_64

Version: 0.1-1
Check: R code for possible problems
Result: NOTE
    Iboot: no visible global function definition for ‘quantile’
    Undefined global functions or variables:
     quantile
    Consider adding
     importFrom("stats", "quantile")
    to your NAMESPACE file.
Flavors: r-devel-linux-x86_64-debian-clang, r-devel-linux-x86_64-debian-gcc, r-devel-windows-ix86+x86_64, r-patched-linux-x86_64, r-patched-solaris-sparc, r-patched-solaris-x86, r-release-linux-x86_64, r-release-osx-x86_64-mavericks, r-release-windows-ix86+x86_64

Version: 0.1-1
Check: compiled code
Result: NOTE
    File ‘Iboot/libs/Iboot.so’:
     Found no calls to: ‘R_registerRoutines’, ‘R_useDynamicSymbols’
    
    It is good practice to register native routines and to disable symbol
    search.
    
    See ‘Writing portable packages’ in the ‘Writing R Extensions’ manual.
Flavors: r-devel-linux-x86_64-debian-clang, r-devel-linux-x86_64-debian-gcc

Version: 0.1-1
Flags: --no-stop-on-test-error
Check: DESCRIPTION meta-information
Result: NOTE
    Malformed Title field: should not end in a period.
Flavors: r-devel-linux-x86_64-fedora-clang, r-devel-linux-x86_64-fedora-gcc, r-devel-macos-x86_64-clang

Version: 0.1-1
Flags: --no-stop-on-test-error
Check: R code for possible problems
Result: NOTE
    Iboot: no visible global function definition for ‘quantile’
    Undefined global functions or variables:
     quantile
    Consider adding
     importFrom("stats", "quantile")
    to your NAMESPACE file.
Flavors: r-devel-linux-x86_64-fedora-clang, r-devel-linux-x86_64-fedora-gcc, r-devel-macos-x86_64-clang

Version: 0.1-1
Flags: --no-stop-on-test-error
Check: compiled code
Result: NOTE
    File ‘Iboot/libs/Iboot.so’:
     Found no calls to: ‘R_registerRoutines’, ‘R_useDynamicSymbols’
    
    It is good practice to register native routines and to disable symbol
    search.
    
    See ‘Writing portable packages’ in the ‘Writing R Extensions’ manual.
Flavors: r-devel-linux-x86_64-fedora-clang, r-devel-linux-x86_64-fedora-gcc, r-devel-macos-x86_64-clang