CRAN Package Check Results for Package Iboot

Last updated on 2014-04-25 09:52:15.

Flavor Version Tinstall Tcheck Ttotal Status Flags
r-devel-linux-x86_64-debian-clang 0.1-1 0.85 8.85 9.70 OK
r-devel-linux-x86_64-debian-gcc 0.1-1 1.06 8.97 10.04 OK
r-devel-linux-x86_64-fedora-clang 0.1-1 18.80 OK
r-devel-linux-x86_64-fedora-gcc 0.1-1 18.15 OK
r-devel-osx-x86_64-clang 0.1-1 22.22 OK
r-devel-osx-x86_64-gcc 0.1-1 NOTE
r-devel-windows-ix86+x86_64 0.1-1 5.00 19.00 24.00 OK
r-patched-linux-x86_64 0.1-1 0.92 9.08 10.00 OK
r-patched-solaris-sparc 0.1-1 111.70 OK
r-patched-solaris-x86 0.1-1 29.50 OK
r-release-linux-ix86 0.1-1 2.00 22.00 24.00 OK
r-release-linux-x86_64 0.1-1 0.92 8.88 9.81 OK
r-release-osx-x86_64-mavericks 0.1-1 OK
r-release-windows-ix86+x86_64 0.1-1 11.00 24.00 35.00 OK
r-oldrel-windows-ix86+x86_64 0.1-1 5.00 19.00 24.00 OK

Check Details

Version: 0.1-1
Check: Rd cross-references
Result: NOTE
    Package unavailable to check Rd xrefs: ‘simpleboot’
Flavor: r-devel-osx-x86_64-gcc