CRAN Package Check Results for Package IgorR

Last updated on 2017-08-16 18:46:32.

Flavor Version Tinstall Tcheck Ttotal Status Flags
r-devel-linux-x86_64-debian-clang 0.8.1 0.75 14.89 15.64 NOTE
r-devel-linux-x86_64-debian-gcc 0.8.1 0.70 14.90 15.60 NOTE
r-devel-linux-x86_64-fedora-clang 0.8.1 28.51 NOTE
r-devel-linux-x86_64-fedora-gcc 0.8.1 26.60 OK
r-devel-windows-ix86+x86_64 0.8.1 3.00 32.00 35.00 OK
r-patched-linux-x86_64 0.8.1 0.80 15.53 16.33 NOTE
r-patched-solaris-x86 0.8.1 37.30 OK
r-release-linux-x86_64 0.8.1 0.74 15.56 16.30 NOTE
r-release-windows-ix86+x86_64 0.8.1 3.00 40.00 43.00 OK
r-release-osx-x86_64 0.8.1 OK
r-oldrel-windows-ix86+x86_64 0.8.1 4.00 30.00 34.00 OK
r-oldrel-osx-x86_64 0.8.1 OK

Check Details

Version: 0.8.1
Check: R code for possible problems
Result: NOTE
    Found the following assignments to the global environment:
    File ‘IgorR/R/ReadIgorBinary.R’:
     assign(WaveName, rval, envir = .GlobalEnv)
Flavors: r-devel-linux-x86_64-debian-clang, r-devel-linux-x86_64-debian-gcc, r-devel-linux-x86_64-fedora-clang, r-patched-linux-x86_64, r-release-linux-x86_64