CRAN Package Check Results for Package IgorR

Last updated on 2019-03-19 20:46:51 CET.

Flavor Version Tinstall Tcheck Ttotal Status Flags
r-devel-linux-x86_64-debian-clang 0.8.1 2.38 22.95 25.33 NOTE
r-devel-linux-x86_64-debian-gcc 0.8.1 1.89 18.56 20.45 NOTE
r-devel-linux-x86_64-fedora-clang 0.8.1 30.86 NOTE
r-devel-linux-x86_64-fedora-gcc 0.8.1 29.21 OK
r-devel-windows-ix86+x86_64 0.8.1 10.00 44.00 54.00 OK
r-patched-linux-x86_64 0.8.1 1.74 21.76 23.50 NOTE
r-patched-solaris-x86 0.8.1 44.40 OK
r-release-linux-x86_64 0.8.1 1.18 21.85 23.03 NOTE
r-release-windows-ix86+x86_64 0.8.1 6.00 36.00 42.00 OK
r-release-osx-x86_64 0.8.1 OK
r-oldrel-windows-ix86+x86_64 0.8.1 3.00 46.00 49.00 OK
r-oldrel-osx-x86_64 0.8.1 OK

Check Details

Version: 0.8.1
Check: R code for possible problems
Result: NOTE
    Found the following assignments to the global environment:
    File 'IgorR/R/ReadIgorBinary.R':
     assign(WaveName, rval, envir = .GlobalEnv)
Flavors: r-devel-linux-x86_64-debian-clang, r-devel-linux-x86_64-debian-gcc, r-devel-linux-x86_64-fedora-clang, r-patched-linux-x86_64, r-release-linux-x86_64