CRAN Package Check Results for Package IgorR

Last updated on 2014-10-01 23:47:03.

Flavor Version Tinstall Tcheck Ttotal Status Flags
r-devel-linux-x86_64-debian-clang 0.7.1 0.74 12.71 13.46 NOTE
r-devel-linux-x86_64-debian-gcc 0.7.1 0.81 12.46 13.26 NOTE
r-devel-linux-x86_64-fedora-clang 0.7.1 26.72 NOTE
r-devel-linux-x86_64-fedora-gcc 0.7.1 27.00 OK
r-devel-osx-x86_64-clang 0.7.1 27.41 NOTE
r-devel-windows-ix86+x86_64 0.7.1 3.00 21.00 24.00 OK
r-patched-linux-x86_64 0.7.1 0.68 13.55 14.23 NOTE
r-patched-solaris-sparc 0.7.1 188.30 OK
r-patched-solaris-x86 0.7.1 40.70 OK
r-release-linux-ix86 0.7.1 1.12 18.95 20.07 NOTE
r-release-linux-x86_64 0.7.1 0.65 13.06 13.71 NOTE
r-release-osx-x86_64-mavericks 0.7.1 OK
r-release-osx-x86_64-snowleopard 0.7.1 OK
r-release-windows-ix86+x86_64 0.7.1 3.00 22.00 25.00 OK
r-oldrel-windows-ix86+x86_64 0.7.1 3.00 24.00 27.00 OK

Check Details

Version: 0.7.1
Check: R code for possible problems
Result: NOTE
    Found the following assignments to the global environment:
    File ‘IgorR/R/ReadIgorBinary.R’:
     assign(WaveName, rval, envir = .GlobalEnv)
Flavors: r-devel-linux-x86_64-debian-clang, r-devel-linux-x86_64-debian-gcc, r-devel-linux-x86_64-fedora-clang, r-devel-osx-x86_64-clang, r-patched-linux-x86_64, r-release-linux-ix86, r-release-linux-x86_64