CRAN Package Check Results for Package IgorR

Last updated on 2015-03-04 03:46:49.

Flavor Version Tinstall Tcheck Ttotal Status Flags
r-devel-linux-x86_64-debian-clang 0.7.1 0.66 12.26 12.92 NOTE
r-devel-linux-x86_64-debian-gcc 0.7.1 0.67 11.56 12.23 NOTE
r-devel-linux-x86_64-fedora-clang 0.7.1 27.17 NOTE
r-devel-linux-x86_64-fedora-gcc 0.7.1 22.59 OK
r-devel-osx-x86_64-clang 0.7.1 27.06 NOTE
r-devel-windows-ix86+x86_64 0.7.1 3.00 22.00 25.00 OK
r-patched-linux-x86_64 0.7.1 0.67 13.02 13.70 NOTE
r-patched-solaris-sparc 0.7.1 156.40 OK
r-patched-solaris-x86 0.7.1 41.50 OK
r-release-linux-ix86 0.7.1 1.00 19.53 20.53 NOTE
r-release-linux-x86_64 0.7.1 0.75 14.35 15.10 NOTE
r-release-osx-x86_64-mavericks 0.7.1 OK
r-release-osx-x86_64-snowleopard 0.7.1 OK
r-release-windows-ix86+x86_64 0.7.1 6.00 32.00 38.00 OK
r-oldrel-windows-ix86+x86_64 0.7.1 3.00 23.00 26.00 OK

Check Details

Version: 0.7.1
Check: R code for possible problems
Result: NOTE
    Found the following assignments to the global environment:
    File ‘IgorR/R/ReadIgorBinary.R’:
     assign(WaveName, rval, envir = .GlobalEnv)
Flavors: r-devel-linux-x86_64-debian-clang, r-devel-linux-x86_64-debian-gcc, r-devel-linux-x86_64-fedora-clang, r-devel-osx-x86_64-clang, r-patched-linux-x86_64, r-release-linux-ix86, r-release-linux-x86_64