CRAN Package Check Results for Package IgorR

Last updated on 2016-05-01 20:47:23.

Flavor Version Tinstall Tcheck Ttotal Status Flags
r-devel-linux-x86_64-debian-gcc 0.8 0.71 11.76 12.47 NOTE
r-devel-linux-x86_64-fedora-clang 0.8 21.01 NOTE
r-devel-linux-x86_64-fedora-gcc 0.8 19.18 NOTE
r-devel-osx-x86_64-clang 0.8 24.75 NOTE
r-devel-windows-ix86+x86_64 0.8 3.00 30.00 33.00 NOTE
r-patched-linux-x86_64 0.8 0.73 11.43 12.16 NOTE
r-patched-solaris-sparc 0.8 137.30 NOTE
r-patched-solaris-x86 0.8 32.70 NOTE
r-release-linux-x86_64 0.8 0.76 12.29 13.05 NOTE
r-release-osx-x86_64-mavericks 0.8 OK
r-release-windows-ix86+x86_64 0.8 6.00 35.00 41.00 OK
r-oldrel-windows-ix86+x86_64 0.8 6.00 36.00 42.00 OK

Check Details

Version: 0.8
Check: R code for possible problems
Result: NOTE
    UpdateSweepDataFrame: no visible global function definition for
     ‘read.csv’
    UpdateSweepDataFrame: no visible global function definition for
     ‘write.csv’
    WaveToTimeSeries: no visible global function definition for ‘ts’
    Undefined global functions or variables:
     read.csv ts write.csv
    Consider adding
     importFrom("stats", "ts")
     importFrom("utils", "read.csv", "write.csv")
    to your NAMESPACE file.
    
    Found the following assignments to the global environment:
    File ‘IgorR/R/ReadIgorBinary.R’:
     assign(WaveName, rval, envir = .GlobalEnv)
Flavors: r-devel-linux-x86_64-debian-gcc, r-devel-linux-x86_64-fedora-clang, r-devel-osx-x86_64-clang, r-patched-linux-x86_64

Version: 0.8
Check: R code for possible problems
Result: NOTE
    UpdateSweepDataFrame: no visible global function definition for
     ‘read.csv’
    UpdateSweepDataFrame: no visible global function definition for
     ‘write.csv’
    WaveToTimeSeries: no visible global function definition for ‘ts’
    Undefined global functions or variables:
     read.csv ts write.csv
    Consider adding
     importFrom("stats", "ts")
     importFrom("utils", "read.csv", "write.csv")
    to your NAMESPACE file.
Flavors: r-devel-linux-x86_64-fedora-gcc, r-devel-windows-ix86+x86_64, r-patched-solaris-sparc, r-patched-solaris-x86

Version: 0.8
Check: R code for possible problems
Result: NOTE
    Found the following assignments to the global environment:
    File ‘IgorR/R/ReadIgorBinary.R’:
     assign(WaveName, rval, envir = .GlobalEnv)
Flavor: r-release-linux-x86_64