CRAN Package Check Results for Package IgorR

Last updated on 2014-07-30 11:49:50.

Flavor Version Tinstall Tcheck Ttotal Status Flags
r-devel-linux-x86_64-debian-clang 0.7.1 0.63 12.66 13.29 NOTE
r-devel-linux-x86_64-debian-gcc 0.7.1 0.63 12.58 13.21 NOTE
r-devel-linux-x86_64-fedora-clang 0.7.1 26.92 NOTE
r-devel-linux-x86_64-fedora-gcc 0.7.1 23.97 OK
r-devel-osx-x86_64-clang 0.7.1 27.28 NOTE
r-devel-windows-ix86+x86_64 0.7.1 3.00 20.00 23.00 OK
r-patched-linux-x86_64 0.7.1 0.65 12.82 13.47 NOTE
r-patched-solaris-sparc 0.7.1 149.10 OK
r-patched-solaris-x86 0.7.1 38.70 OK
r-release-linux-ix86 0.7.1 0.97 18.50 19.47 NOTE
r-release-linux-x86_64 0.7.1 0.66 12.77 13.43 NOTE
r-release-osx-x86_64-mavericks 0.7.1 OK
r-release-osx-x86_64-snowleopard 0.7.1 OK
r-release-windows-ix86+x86_64 0.7.1 4.00 20.00 24.00 OK
r-oldrel-windows-ix86+x86_64 0.7.1 2.00 22.00 24.00 OK

Check Details

Version: 0.7.1
Check: R code for possible problems
Result: NOTE
    Found the following assignments to the global environment:
    File IgorR/R/ReadIgorBinary.R :
     assign(WaveName, rval, envir = .GlobalEnv)
Flavors: r-devel-linux-x86_64-debian-clang, r-devel-linux-x86_64-debian-gcc, r-devel-linux-x86_64-fedora-clang, r-devel-osx-x86_64-clang, r-patched-linux-x86_64, r-release-linux-ix86, r-release-linux-x86_64