CRAN Package Check Results for Package IgorR

Last updated on 2017-06-28 20:48:34.

Flavor Version Tinstall Tcheck Ttotal Status Flags
r-devel-linux-x86_64-debian-clang 0.8.1 0.70 14.93 15.63 NOTE
r-devel-linux-x86_64-debian-gcc 0.8.1 0.72 15.39 16.10 NOTE
r-devel-linux-x86_64-fedora-clang 0.8.1 26.27 NOTE
r-devel-linux-x86_64-fedora-gcc 0.8.1 24.86 OK
r-devel-windows-ix86+x86_64 0.8.1 3.00 32.00 35.00 OK
r-patched-linux-x86_64 0.8.1 0.69 14.53 15.22 NOTE
r-patched-solaris-sparc 0.8.1 150.20 OK
r-patched-solaris-x86 0.8.1 37.00 OK
r-release-linux-x86_64 0.8.1 0.69 14.71 15.40 NOTE
r-release-windows-ix86+x86_64 0.8.1 4.00 39.00 43.00 OK
r-release-osx-x86_64 0.8.1 OK
r-oldrel-windows-ix86+x86_64 0.8.1 4.00 36.00 40.00 OK
r-oldrel-osx-x86_64 0.8.1 OK

Check Details

Version: 0.8.1
Check: R code for possible problems
Result: NOTE
    Found the following assignments to the global environment:
    File ‘IgorR/R/ReadIgorBinary.R’:
     assign(WaveName, rval, envir = .GlobalEnv)
Flavors: r-devel-linux-x86_64-debian-clang, r-devel-linux-x86_64-debian-gcc, r-devel-linux-x86_64-fedora-clang, r-patched-linux-x86_64, r-release-linux-x86_64