CRAN Package Check Results for Package IgorR

Last updated on 2017-05-24 07:49:48.

Flavor Version Tinstall Tcheck Ttotal Status Flags
r-devel-linux-x86_64-debian-clang 0.8.1 0.77 15.21 15.99 NOTE
r-devel-linux-x86_64-debian-gcc 0.8.1 0.72 14.63 15.35 NOTE
r-devel-linux-x86_64-fedora-clang 0.8.1 27.83 NOTE --no-stop-on-test-error
r-devel-linux-x86_64-fedora-gcc 0.8.1 24.88 OK --no-stop-on-test-error
r-devel-windows-ix86+x86_64 0.8.1 3.00 31.00 34.00 OK
r-patched-linux-x86_64 0.8.1 0.70 14.89 15.59 NOTE
r-patched-solaris-sparc 0.8.1 150.20 OK --no-stop-on-test-error
r-patched-solaris-x86 0.8.1 34.70 OK --no-stop-on-test-error
r-release-linux-x86_64 0.8.1 0.67 14.42 15.09 NOTE
r-release-windows-ix86+x86_64 0.8.1 3.00 33.00 36.00 OK
r-release-osx-x86_64 0.8.1 OK
r-oldrel-windows-ix86+x86_64 0.8.1 4.00 45.00 49.00 OK
r-oldrel-osx-x86_64 0.8.1 OK

Check Details

Version: 0.8.1
Check: R code for possible problems
Result: NOTE
    Found the following assignments to the global environment:
    File ‘IgorR/R/ReadIgorBinary.R’:
     assign(WaveName, rval, envir = .GlobalEnv)
Flavors: r-devel-linux-x86_64-debian-clang, r-devel-linux-x86_64-debian-gcc, r-patched-linux-x86_64, r-release-linux-x86_64

Version: 0.8.1
Flags: --no-stop-on-test-error
Check: R code for possible problems
Result: NOTE
    Found the following assignments to the global environment:
    File ‘IgorR/R/ReadIgorBinary.R’:
     assign(WaveName, rval, envir = .GlobalEnv)
Flavor: r-devel-linux-x86_64-fedora-clang