CRAN Package Check Results for Package IgorR

Last updated on 2014-11-26 05:47:48.

Flavor Version Tinstall Tcheck Ttotal Status Flags
r-devel-linux-x86_64-debian-clang 0.7.1 0.67 13.06 13.73 NOTE
r-devel-linux-x86_64-debian-gcc 0.7.1 0.74 13.01 13.75 NOTE
r-devel-linux-x86_64-fedora-clang 0.7.1 28.78 NOTE
r-devel-linux-x86_64-fedora-gcc 0.7.1 26.21 OK
r-devel-osx-x86_64-clang 0.7.1 29.33 NOTE
r-devel-windows-ix86+x86_64 0.7.1 3.00 21.00 24.00 OK
r-patched-linux-x86_64 0.7.1 0.78 12.85 13.64 NOTE
r-patched-solaris-sparc 0.7.1 166.30 OK
r-patched-solaris-x86 0.7.1 40.30 OK
r-release-linux-ix86 0.7.1 0.99 18.58 19.56 NOTE
r-release-linux-x86_64 0.7.1 0.69 13.03 13.72 NOTE
r-release-osx-x86_64-mavericks 0.7.1 OK
r-release-osx-x86_64-snowleopard 0.7.1 OK
r-release-windows-ix86+x86_64 0.7.1 3.00 21.00 24.00 OK
r-oldrel-windows-ix86+x86_64 0.7.1 3.00 23.00 26.00 OK

Check Details

Version: 0.7.1
Check: R code for possible problems
Result: NOTE
    Found the following assignments to the global environment:
    File ‘IgorR/R/ReadIgorBinary.R’:
     assign(WaveName, rval, envir = .GlobalEnv)
Flavors: r-devel-linux-x86_64-debian-clang, r-devel-linux-x86_64-debian-gcc, r-devel-linux-x86_64-fedora-clang, r-devel-osx-x86_64-clang, r-patched-linux-x86_64, r-release-linux-ix86, r-release-linux-x86_64