CRAN Package Check Results for Package IgorR

Last updated on 2014-12-19 17:50:24.

Flavor Version Tinstall Tcheck Ttotal Status Flags
r-devel-linux-x86_64-debian-clang 0.7.1 0.72 13.21 13.92 NOTE
r-devel-linux-x86_64-debian-gcc 0.7.1 0.66 12.68 13.33 NOTE
r-devel-linux-x86_64-fedora-clang 0.7.1 28.16 NOTE
r-devel-linux-x86_64-fedora-gcc 0.7.1 25.73 OK
r-devel-osx-x86_64-clang 0.7.1 28.48 NOTE
r-devel-windows-ix86+x86_64 0.7.1 3.00 22.00 25.00 OK
r-patched-linux-x86_64 0.7.1 0.68 13.33 14.01 NOTE
r-patched-solaris-sparc 0.7.1 166.30 OK
r-patched-solaris-x86 0.7.1 40.60 OK
r-release-linux-ix86 0.7.1 1.00 18.29 19.29 NOTE
r-release-linux-x86_64 0.7.1 0.73 13.58 14.31 NOTE
r-release-osx-x86_64-mavericks 0.7.1 OK
r-release-osx-x86_64-snowleopard 0.7.1 OK
r-release-windows-ix86+x86_64 0.7.1 3.00 25.00 28.00 OK
r-oldrel-windows-ix86+x86_64 0.7.1 3.00 25.00 28.00 OK

Check Details

Version: 0.7.1
Check: R code for possible problems
Result: NOTE
    Found the following assignments to the global environment:
    File ‘IgorR/R/ReadIgorBinary.R’:
     assign(WaveName, rval, envir = .GlobalEnv)
Flavors: r-devel-linux-x86_64-debian-clang, r-devel-linux-x86_64-debian-gcc, r-devel-linux-x86_64-fedora-clang, r-devel-osx-x86_64-clang, r-patched-linux-x86_64, r-release-linux-ix86, r-release-linux-x86_64