CRAN Package Check Results for Package IgorR

Last updated on 2014-08-29 05:47:21.

Flavor Version Tinstall Tcheck Ttotal Status Flags
r-devel-linux-x86_64-debian-clang 0.7.1 0.66 12.04 12.70 NOTE
r-devel-linux-x86_64-debian-gcc 0.7.1 0.61 12.29 12.90 NOTE
r-devel-linux-x86_64-fedora-clang 0.7.1 25.12 NOTE
r-devel-linux-x86_64-fedora-gcc 0.7.1 23.97 OK
r-devel-osx-x86_64-clang 0.7.1 26.33 NOTE
r-devel-windows-ix86+x86_64 0.7.1 3.00 20.00 23.00 OK
r-patched-linux-x86_64 0.7.1 0.64 12.47 13.11 NOTE
r-patched-solaris-sparc 0.7.1 188.30 OK
r-patched-solaris-x86 0.7.1 38.00 OK
r-release-linux-ix86 0.7.1 1.10 19.98 21.08 NOTE
r-release-linux-x86_64 0.7.1 0.67 12.46 13.13 NOTE
r-release-osx-x86_64-mavericks 0.7.1 OK
r-release-osx-x86_64-snowleopard 0.7.1 OK
r-release-windows-ix86+x86_64 0.7.1 4.00 20.00 24.00 OK
r-oldrel-windows-ix86+x86_64 0.7.1 2.00 22.00 24.00 OK

Check Details

Version: 0.7.1
Check: R code for possible problems
Result: NOTE
    Found the following assignments to the global environment:
    File ‘IgorR/R/ReadIgorBinary.R’:
     assign(WaveName, rval, envir = .GlobalEnv)
Flavors: r-devel-linux-x86_64-debian-clang, r-devel-linux-x86_64-debian-gcc, r-devel-linux-x86_64-fedora-clang, r-devel-osx-x86_64-clang, r-patched-linux-x86_64, r-release-linux-ix86, r-release-linux-x86_64