CRAN Package Check Results for Package IgorR

Last updated on 2017-03-29 23:53:10.

Flavor Version Tinstall Tcheck Ttotal Status Flags
r-devel-linux-x86_64-debian-clang 0.8 0.71 14.73 15.44 NOTE
r-devel-linux-x86_64-debian-gcc 0.8 0.72 14.10 14.82 NOTE
r-devel-linux-x86_64-fedora-clang 0.8 26.16 NOTE --no-stop-on-test-error
r-devel-linux-x86_64-fedora-gcc 0.8 25.32 NOTE --no-stop-on-test-error
r-devel-macos-x86_64-clang 0.8 22.70 NOTE --no-stop-on-test-error
r-devel-windows-ix86+x86_64 0.8 4.00 33.00 37.00 NOTE
r-patched-linux-x86_64 0.8 0.70 14.43 15.13 NOTE
r-patched-solaris-sparc 0.8 160.30 NOTE
r-patched-solaris-x86 0.8 36.20 NOTE
r-release-linux-x86_64 0.8 0.66 12.47 13.12 NOTE
r-release-osx-x86_64-mavericks 0.8 NOTE
r-release-windows-ix86+x86_64 0.8 7.00 28.00 35.00 NOTE
r-oldrel-windows-ix86+x86_64 0.8 8.00 34.00 42.00 OK

Check Details

Version: 0.8
Check: R code for possible problems
Result: NOTE
    UpdateSweepDataFrame: no visible global function definition for
     ‘read.csv’
    UpdateSweepDataFrame: no visible global function definition for
     ‘write.csv’
    WaveToTimeSeries: no visible global function definition for ‘ts’
    Undefined global functions or variables:
     read.csv ts write.csv
    Consider adding
     importFrom("stats", "ts")
     importFrom("utils", "read.csv", "write.csv")
    to your NAMESPACE file.
    
    Found the following assignments to the global environment:
    File ‘IgorR/R/ReadIgorBinary.R’:
     assign(WaveName, rval, envir = .GlobalEnv)
Flavors: r-devel-linux-x86_64-debian-clang, r-devel-linux-x86_64-debian-gcc, r-patched-linux-x86_64, r-release-linux-x86_64

Version: 0.8
Flags: --no-stop-on-test-error
Check: R code for possible problems
Result: NOTE
    UpdateSweepDataFrame: no visible global function definition for
     ‘read.csv’
    UpdateSweepDataFrame: no visible global function definition for
     ‘write.csv’
    WaveToTimeSeries: no visible global function definition for ‘ts’
    Undefined global functions or variables:
     read.csv ts write.csv
    Consider adding
     importFrom("stats", "ts")
     importFrom("utils", "read.csv", "write.csv")
    to your NAMESPACE file.
    
    Found the following assignments to the global environment:
    File ‘IgorR/R/ReadIgorBinary.R’:
     assign(WaveName, rval, envir = .GlobalEnv)
Flavors: r-devel-linux-x86_64-fedora-clang, r-devel-macos-x86_64-clang

Version: 0.8
Flags: --no-stop-on-test-error
Check: R code for possible problems
Result: NOTE
    UpdateSweepDataFrame: no visible global function definition for
     ‘read.csv’
    UpdateSweepDataFrame: no visible global function definition for
     ‘write.csv’
    WaveToTimeSeries: no visible global function definition for ‘ts’
    Undefined global functions or variables:
     read.csv ts write.csv
    Consider adding
     importFrom("stats", "ts")
     importFrom("utils", "read.csv", "write.csv")
    to your NAMESPACE file.
Flavor: r-devel-linux-x86_64-fedora-gcc

Version: 0.8
Check: R code for possible problems
Result: NOTE
    UpdateSweepDataFrame: no visible global function definition for
     'read.csv'
    UpdateSweepDataFrame: no visible global function definition for
     'write.csv'
    WaveToTimeSeries: no visible global function definition for 'ts'
    Undefined global functions or variables:
     read.csv ts write.csv
    Consider adding
     importFrom("stats", "ts")
     importFrom("utils", "read.csv", "write.csv")
    to your NAMESPACE file.
Flavors: r-devel-windows-ix86+x86_64, r-patched-solaris-sparc, r-patched-solaris-x86, r-release-osx-x86_64-mavericks, r-release-windows-ix86+x86_64