CRAN Package Check Results for Package IgorR

Last updated on 2019-05-25 22:51:06 CEST.

Flavor Version Tinstall Tcheck Ttotal Status Flags
r-devel-linux-x86_64-debian-clang 0.8.1 2.00 23.07 25.07 NOTE
r-devel-linux-x86_64-debian-gcc 0.8.1 1.70 19.04 20.74 NOTE
r-devel-linux-x86_64-fedora-clang 0.8.1 30.26 NOTE
r-devel-linux-x86_64-fedora-gcc 0.8.1 29.58 OK
r-devel-windows-ix86+x86_64 0.8.1 6.00 50.00 56.00 OK
r-patched-linux-x86_64 0.8.1 NOTE
r-patched-solaris-x86 0.8.1 48.80 OK
r-release-linux-x86_64 0.8.1 2.48 22.95 25.43 NOTE
r-release-windows-ix86+x86_64 0.8.1 9.00 50.00 59.00 OK
r-release-osx-x86_64 0.8.1 OK
r-oldrel-windows-ix86+x86_64 0.8.1 6.00 44.00 50.00 OK
r-oldrel-osx-x86_64 0.8.1 OK

Check Details

Version: 0.8.1
Check: R code for possible problems
Result: NOTE
    Found the following assignments to the global environment:
    File 'IgorR/R/ReadIgorBinary.R':
     assign(WaveName, rval, envir = .GlobalEnv)
Flavors: r-devel-linux-x86_64-debian-clang, r-devel-linux-x86_64-debian-gcc, r-devel-linux-x86_64-fedora-clang, r-patched-linux-x86_64, r-release-linux-x86_64