CRAN Package Check Results for Package IgorR

Last updated on 2015-07-04 03:48:13.

Flavor Version Tinstall Tcheck Ttotal Status Flags
r-devel-linux-x86_64-debian-clang 0.8 0.66 12.19 12.86 NOTE
r-devel-linux-x86_64-debian-gcc 0.8 0.62 11.28 11.90 NOTE
r-devel-linux-x86_64-fedora-clang 0.8 21.88 NOTE
r-devel-linux-x86_64-fedora-gcc 0.8 21.97 NOTE
r-devel-osx-x86_64-clang 0.8 24.18 NOTE
r-devel-windows-ix86+x86_64 0.8 4.00 21.00 25.00 NOTE
r-patched-linux-x86_64 0.8 0.60 11.82 12.42 NOTE
r-patched-solaris-sparc 0.8 162.70 OK
r-patched-solaris-x86 0.8 35.50 OK
r-release-linux-x86_64 0.8 0.62 11.70 12.33 NOTE
r-release-osx-x86_64-mavericks 0.8 OK
r-release-windows-ix86+x86_64 0.8 5.00 42.00 47.00 OK
r-oldrel-windows-ix86+x86_64 0.8 3.00 38.00 41.00 OK

Check Details

Version: 0.8
Check: R code for possible problems
Result: NOTE
    UpdateSweepDataFrame: no visible global function definition for
     ‘read.csv’
    UpdateSweepDataFrame: no visible global function definition for
     ‘write.csv’
    WaveToTimeSeries: no visible global function definition for ‘ts’
    Undefined global functions or variables:
     read.csv ts write.csv
    
    Found the following assignments to the global environment:
    File ‘IgorR/R/ReadIgorBinary.R’:
     assign(WaveName, rval, envir = .GlobalEnv)
Flavors: r-devel-linux-x86_64-debian-clang, r-devel-linux-x86_64-debian-gcc, r-devel-linux-x86_64-fedora-clang

Version: 0.8
Check: R code for possible problems
Result: NOTE
    UpdateSweepDataFrame: no visible global function definition for
     ‘read.csv’
    UpdateSweepDataFrame: no visible global function definition for
     ‘write.csv’
    WaveToTimeSeries: no visible global function definition for ‘ts’
    Undefined global functions or variables:
     read.csv ts write.csv
Flavors: r-devel-linux-x86_64-fedora-gcc, r-devel-windows-ix86+x86_64

Version: 0.8
Check: R code for possible problems
Result: NOTE
    Found the following assignments to the global environment:
    File ‘IgorR/R/ReadIgorBinary.R’:
     assign(WaveName, rval, envir = .GlobalEnv)
Flavors: r-devel-osx-x86_64-clang, r-patched-linux-x86_64, r-release-linux-x86_64