CRAN Package Check Results for Package IgorR

Last updated on 2018-02-17 19:46:28 CET.

Flavor Version Tinstall Tcheck Ttotal Status Flags
r-devel-linux-x86_64-debian-clang 0.8.1 1.67 21.82 23.49 NOTE
r-devel-linux-x86_64-debian-gcc 0.8.1 1.35 17.20 18.55 NOTE
r-devel-linux-x86_64-fedora-clang 0.8.1 28.03 NOTE
r-devel-linux-x86_64-fedora-gcc 0.8.1 26.45 OK
r-devel-windows-ix86+x86_64 0.8.1 3.00 32.00 35.00 OK
r-patched-linux-x86_64 0.8.1 0.84 22.45 23.29 NOTE
r-patched-solaris-x86 0.8.1 38.10 OK
r-release-linux-x86_64 0.8.1 0.78 22.37 23.15 NOTE
r-release-windows-ix86+x86_64 0.8.1 3.00 34.00 37.00 OK
r-release-osx-x86_64 0.8.1 OK
r-oldrel-windows-ix86+x86_64 0.8.1 3.00 40.00 43.00 OK
r-oldrel-osx-x86_64 0.8.1 OK

Check Details

Version: 0.8.1
Check: R code for possible problems
Result: NOTE
    Found the following assignments to the global environment:
    File ‘IgorR/R/ReadIgorBinary.R’:
     assign(WaveName, rval, envir = .GlobalEnv)
Flavors: r-devel-linux-x86_64-debian-clang, r-devel-linux-x86_64-debian-gcc, r-devel-linux-x86_64-fedora-clang, r-patched-linux-x86_64, r-release-linux-x86_64