CRAN Package Check Results for Package IgorR

Last updated on 2018-04-24 15:47:58 CEST.

Flavor Version Tinstall Tcheck Ttotal Status Flags
r-devel-linux-x86_64-debian-clang 0.8.1 1.49 22.29 23.78 NOTE
r-devel-linux-x86_64-debian-gcc 0.8.1 1.38 17.46 18.84 NOTE
r-devel-linux-x86_64-fedora-clang 0.8.1 28.23 NOTE
r-devel-linux-x86_64-fedora-gcc 0.8.1 26.32 OK
r-devel-windows-ix86+x86_64 0.8.1 5.00 36.00 41.00 OK
r-patched-linux-x86_64 0.8.1 1.14 21.28 22.42 NOTE
r-patched-solaris-x86 0.8.1 42.40 OK
r-release-linux-x86_64 0.8.1 1.49 21.30 22.79 NOTE
r-release-windows-ix86+x86_64 0.8.1 5.00 36.00 41.00 OK
r-release-osx-x86_64 0.8.1 OK
r-oldrel-windows-ix86+x86_64 0.8.1 5.00 38.00 43.00 OK
r-oldrel-osx-x86_64 0.8.1 OK

Check Details

Version: 0.8.1
Check: R code for possible problems
Result: NOTE
    Found the following assignments to the global environment:
    File ‘IgorR/R/ReadIgorBinary.R’:
     assign(WaveName, rval, envir = .GlobalEnv)
Flavors: r-devel-linux-x86_64-debian-clang, r-devel-linux-x86_64-debian-gcc, r-devel-linux-x86_64-fedora-clang, r-patched-linux-x86_64, r-release-linux-x86_64