CRAN Package Check Results for Package IgorR

Last updated on 2017-10-19 11:47:34.

Flavor Version Tinstall Tcheck Ttotal Status Flags
r-devel-linux-x86_64-debian-clang 0.8.1 0.65 14.72 15.37 NOTE
r-devel-linux-x86_64-debian-gcc 0.8.1 0.79 15.52 16.31 NOTE
r-devel-linux-x86_64-fedora-clang 0.8.1 27.49 NOTE
r-devel-linux-x86_64-fedora-gcc 0.8.1 27.12 OK
r-devel-windows-ix86+x86_64 0.8.1 2.00 41.00 43.00 OK
r-patched-linux-x86_64 0.8.1 0.70 15.17 15.87 NOTE
r-patched-solaris-x86 0.8.1 38.10 OK
r-release-linux-x86_64 0.8.1 0.68 15.23 15.91 NOTE
r-release-windows-ix86+x86_64 0.8.1 4.00 30.00 34.00 OK
r-release-osx-x86_64 0.8.1 OK
r-oldrel-windows-ix86+x86_64 0.8.1 3.00 37.00 40.00 OK
r-oldrel-osx-x86_64 0.8.1 OK

Check Details

Version: 0.8.1
Check: R code for possible problems
Result: NOTE
    Found the following assignments to the global environment:
    File ‘IgorR/R/ReadIgorBinary.R’:
     assign(WaveName, rval, envir = .GlobalEnv)
Flavors: r-devel-linux-x86_64-debian-clang, r-devel-linux-x86_64-debian-gcc, r-devel-linux-x86_64-fedora-clang, r-patched-linux-x86_64, r-release-linux-x86_64