CRAN Package Check Results for Package IgorR

Last updated on 2017-12-13 20:48:39 CET.

Flavor Version Tinstall Tcheck Ttotal Status Flags
r-devel-linux-x86_64-debian-clang 0.8.1 0.73 21.16 21.89 NOTE
r-devel-linux-x86_64-debian-gcc 0.8.1 0.66 19.27 19.93 NOTE
r-devel-linux-x86_64-fedora-clang 0.8.1 25.19 NOTE
r-devel-linux-x86_64-fedora-gcc 0.8.1 26.74 OK
r-devel-windows-ix86+x86_64 0.8.1 6.00 40.00 46.00 OK
r-patched-linux-x86_64 0.8.1 0.89 21.57 22.46 NOTE
r-patched-solaris-x86 0.8.1 37.50 OK
r-release-linux-x86_64 0.8.1 0.83 21.33 22.16 NOTE
r-release-windows-ix86+x86_64 0.8.1 2.00 44.00 46.00 OK
r-release-osx-x86_64 0.8.1 OK
r-oldrel-windows-ix86+x86_64 0.8.1 4.00 36.00 40.00 OK
r-oldrel-osx-x86_64 0.8.1 OK

Check Details

Version: 0.8.1
Check: R code for possible problems
Result: NOTE
    Found the following assignments to the global environment:
    File ‘IgorR/R/ReadIgorBinary.R’:
     assign(WaveName, rval, envir = .GlobalEnv)
Flavors: r-devel-linux-x86_64-debian-clang, r-devel-linux-x86_64-debian-gcc, r-devel-linux-x86_64-fedora-clang, r-patched-linux-x86_64, r-release-linux-x86_64