CRAN Package Check Results for Package IgorR

Last updated on 2015-04-27 21:46:34.

Flavor Version Tinstall Tcheck Ttotal Status Flags
r-devel-linux-x86_64-debian-clang 0.7.1 0.62 12.02 12.64 NOTE
r-devel-linux-x86_64-debian-gcc 0.7.1 0.62 12.36 12.98 NOTE
r-devel-linux-x86_64-fedora-clang 0.7.1 24.32 NOTE
r-devel-linux-x86_64-fedora-gcc 0.7.1 21.78 OK
r-devel-osx-x86_64-clang 0.7.1 26.96 NOTE
r-devel-windows-ix86+x86_64 0.7.1 3.00 22.00 25.00 OK
r-patched-linux-x86_64 0.7.1 0.75 11.76 12.50 NOTE
r-patched-solaris-sparc 0.7.1 132.60 OK
r-patched-solaris-x86 0.7.1 36.30 OK
r-release-linux-x86_64 0.7.1 0.62 11.86 12.48 NOTE
r-release-osx-x86_64-mavericks 0.7.1 OK
r-release-osx-x86_64-snowleopard 0.7.1 OK
r-release-windows-ix86+x86_64 0.7.1 4.00 26.00 30.00 OK
r-oldrel-windows-ix86+x86_64 0.7.1 3.00 20.00 23.00 OK

Check Details

Version: 0.7.1
Check: R code for possible problems
Result: NOTE
    Found the following assignments to the global environment:
    File ‘IgorR/R/ReadIgorBinary.R’:
     assign(WaveName, rval, envir = .GlobalEnv)
Flavors: r-devel-linux-x86_64-debian-clang, r-devel-linux-x86_64-debian-gcc, r-devel-linux-x86_64-fedora-clang, r-devel-osx-x86_64-clang, r-release-linux-x86_64