CRAN Package Check Results for Package IgorR

Last updated on 2015-02-01 11:47:14.

Flavor Version Tinstall Tcheck Ttotal Status Flags
r-devel-linux-x86_64-debian-clang 0.7.1 0.65 11.60 12.25 NOTE
r-devel-linux-x86_64-debian-gcc 0.7.1 0.64 11.48 12.12 NOTE
r-devel-linux-x86_64-fedora-clang 0.7.1 27.29 NOTE
r-devel-linux-x86_64-fedora-gcc 0.7.1 23.11 OK
r-devel-osx-x86_64-clang 0.7.1 31.86 NOTE
r-devel-windows-ix86+x86_64 0.7.1 5.00 20.00 25.00 OK
r-patched-linux-x86_64 0.7.1 0.68 13.21 13.89 NOTE
r-patched-solaris-sparc 0.7.1 176.10 OK
r-patched-solaris-x86 0.7.1 40.40 OK
r-release-linux-ix86 0.7.1 1.02 19.40 20.42 NOTE
r-release-linux-x86_64 0.7.1 0.69 12.78 13.47 NOTE
r-release-osx-x86_64-mavericks 0.7.1 OK
r-release-osx-x86_64-snowleopard 0.7.1 OK
r-release-windows-ix86+x86_64 0.7.1 3.00 25.00 28.00 OK
r-oldrel-windows-ix86+x86_64 0.7.1 3.00 26.00 29.00 OK

Check Details

Version: 0.7.1
Check: R code for possible problems
Result: NOTE
    Found the following assignments to the global environment:
    File ‘IgorR/R/ReadIgorBinary.R’:
     assign(WaveName, rval, envir = .GlobalEnv)
Flavors: r-devel-linux-x86_64-debian-clang, r-devel-linux-x86_64-debian-gcc, r-devel-linux-x86_64-fedora-clang, r-devel-osx-x86_64-clang, r-patched-linux-x86_64, r-release-linux-ix86, r-release-linux-x86_64