CRAN Package Check Results for Package IgorR

Last updated on 2016-07-26 03:49:07.

Flavor Version Tinstall Tcheck Ttotal Status Flags
r-devel-linux-x86_64-debian-clang 0.8 0.90 13.51 14.41 NOTE
r-devel-linux-x86_64-debian-gcc 0.8 0.76 13.28 14.03 NOTE
r-devel-linux-x86_64-fedora-clang 0.8 21.98 NOTE
r-devel-linux-x86_64-fedora-gcc 0.8 19.28 NOTE
r-devel-osx-x86_64-clang 0.8 19.24 NOTE
r-devel-windows-ix86+x86_64 0.8 5.00 41.00 46.00 NOTE
r-patched-linux-x86_64 0.8 0.84 13.51 14.35 NOTE
r-patched-solaris-sparc 0.8 141.20 NOTE
r-patched-solaris-x86 0.8 34.30 NOTE
r-release-linux-x86_64 0.8 0.93 13.01 13.94 NOTE
r-release-osx-x86_64-mavericks 0.8 NOTE
r-release-windows-ix86+x86_64 0.8 5.00 41.00 46.00 NOTE
r-oldrel-windows-ix86+x86_64 0.8 4.00 35.00 39.00 OK

Check Details

Version: 0.8
Check: R code for possible problems
Result: NOTE
    UpdateSweepDataFrame: no visible global function definition for
     ‘read.csv’
    UpdateSweepDataFrame: no visible global function definition for
     ‘write.csv’
    WaveToTimeSeries: no visible global function definition for ‘ts’
    Undefined global functions or variables:
     read.csv ts write.csv
    Consider adding
     importFrom("stats", "ts")
     importFrom("utils", "read.csv", "write.csv")
    to your NAMESPACE file.
    
    Found the following assignments to the global environment:
    File ‘IgorR/R/ReadIgorBinary.R’:
     assign(WaveName, rval, envir = .GlobalEnv)
Flavors: r-devel-linux-x86_64-debian-clang, r-devel-linux-x86_64-debian-gcc, r-devel-linux-x86_64-fedora-clang, r-devel-osx-x86_64-clang, r-patched-linux-x86_64, r-release-linux-x86_64

Version: 0.8
Check: R code for possible problems
Result: NOTE
    UpdateSweepDataFrame: no visible global function definition for
     ‘read.csv’
    UpdateSweepDataFrame: no visible global function definition for
     ‘write.csv’
    WaveToTimeSeries: no visible global function definition for ‘ts’
    Undefined global functions or variables:
     read.csv ts write.csv
    Consider adding
     importFrom("stats", "ts")
     importFrom("utils", "read.csv", "write.csv")
    to your NAMESPACE file.
Flavors: r-devel-linux-x86_64-fedora-gcc, r-devel-windows-ix86+x86_64, r-patched-solaris-sparc, r-patched-solaris-x86, r-release-osx-x86_64-mavericks, r-release-windows-ix86+x86_64