CRAN Package Check Results for Package IgorR

Last updated on 2014-09-02 08:47:17.

Flavor Version Tinstall Tcheck Ttotal Status Flags
r-devel-linux-x86_64-debian-clang 0.7.1 0.62 12.20 12.81 NOTE
r-devel-linux-x86_64-debian-gcc 0.7.1 0.64 11.64 12.28 NOTE
r-devel-linux-x86_64-fedora-clang 0.7.1 25.12 NOTE
r-devel-linux-x86_64-fedora-gcc 0.7.1 24.33 OK
r-devel-osx-x86_64-clang 0.7.1 26.23 NOTE
r-devel-windows-ix86+x86_64 0.7.1 3.00 19.00 22.00 OK
r-patched-linux-x86_64 0.7.1 0.84 12.18 13.02 NOTE
r-patched-solaris-sparc 0.7.1 188.30 OK
r-patched-solaris-x86 0.7.1 37.60 OK
r-release-linux-ix86 0.7.1 1.08 20.10 21.18 NOTE
r-release-linux-x86_64 0.7.1 0.85 12.74 13.59 NOTE
r-release-osx-x86_64-mavericks 0.7.1 OK
r-release-osx-x86_64-snowleopard 0.7.1 OK
r-release-windows-ix86+x86_64 0.7.1 4.00 20.00 24.00 OK
r-oldrel-windows-ix86+x86_64 0.7.1 2.00 22.00 24.00 OK

Check Details

Version: 0.7.1
Check: R code for possible problems
Result: NOTE
    Found the following assignments to the global environment:
    File ‘IgorR/R/ReadIgorBinary.R’:
     assign(WaveName, rval, envir = .GlobalEnv)
Flavors: r-devel-linux-x86_64-debian-clang, r-devel-linux-x86_64-debian-gcc, r-devel-linux-x86_64-fedora-clang, r-devel-osx-x86_64-clang, r-patched-linux-x86_64, r-release-linux-ix86, r-release-linux-x86_64