CRAN Package Check Results for Package IgorR

Last updated on 2014-04-20 21:46:49.

Flavor Version Tinstall Tcheck Ttotal Status Flags
r-devel-linux-x86_64-debian-clang 0.7.1 0.73 13.36 14.09 NOTE
r-devel-linux-x86_64-debian-gcc 0.7.1 0.68 12.98 13.66 NOTE
r-devel-linux-x86_64-fedora-clang 0.7.1 26.27 NOTE
r-devel-linux-x86_64-fedora-gcc 0.7.1 25.04 OK
r-devel-macosx-x86_64-clang 0.7.1 27.78 NOTE
r-devel-macosx-x86_64-gcc 0.7.1 OK
r-devel-windows-ix86+x86_64 0.7.1 3.00 21.00 24.00 OK
r-patched-linux-x86_64 0.7.1 0.67 12.99 13.66 NOTE
r-patched-solaris-sparc 0.7.1 149.10 OK
r-patched-solaris-x86 0.7.1 37.70 OK
r-release-linux-ix86 NOTE
r-release-linux-x86_64 0.7.1 0.68 12.63 13.31 NOTE
r-release-macosx-x86_64 0.7.1 OK
r-release-windows-ix86+x86_64 0.7.1 6.00 27.00 33.00 OK
r-oldrel-windows-ix86+x86_64 0.7.1 2.00 22.00 24.00 OK

Check Details

Version: 0.7.1
Check: R code for possible problems
Result: NOTE
    Found the following assignments to the global environment:
    File ‘IgorR/R/ReadIgorBinary.R’:
     assign(WaveName, rval, envir = .GlobalEnv)
Flavors: r-devel-linux-x86_64-debian-clang, r-devel-linux-x86_64-debian-gcc, r-devel-linux-x86_64-fedora-clang, r-devel-macosx-x86_64-clang, r-patched-linux-x86_64, r-release-linux-ix86, r-release-linux-x86_64