CRAN Package Check Results for Package IgorR

Last updated on 2015-08-04 11:49:08.

Flavor Version Tinstall Tcheck Ttotal Status Flags
r-devel-linux-x86_64-debian-clang 0.8 0.65 11.36 12.02 NOTE
r-devel-linux-x86_64-debian-gcc 0.8 0.79 10.99 11.78 NOTE
r-devel-linux-x86_64-fedora-clang 0.8 23.16 NOTE
r-devel-linux-x86_64-fedora-gcc 0.8 20.66 NOTE
r-devel-osx-x86_64-clang 0.8 21.77 NOTE
r-devel-windows-ix86+x86_64 0.8 5.00 21.00 26.00 NOTE
r-patched-linux-x86_64 0.8 0.73 11.08 11.81 NOTE
r-patched-solaris-sparc 0.8 144.00 OK
r-patched-solaris-x86 0.8 35.70 OK
r-release-linux-x86_64 0.8 0.62 11.65 12.27 NOTE
r-release-osx-x86_64-mavericks 0.8 OK
r-release-windows-ix86+x86_64 0.8 5.00 39.00 44.00 OK
r-oldrel-windows-ix86+x86_64 0.8 5.00 36.00 41.00 OK

Check Details

Version: 0.8
Check: R code for possible problems
Result: NOTE
    UpdateSweepDataFrame: no visible global function definition for
     ‘read.csv’
    UpdateSweepDataFrame: no visible global function definition for
     ‘write.csv’
    WaveToTimeSeries: no visible global function definition for ‘ts’
    Undefined global functions or variables:
     read.csv ts write.csv
    Consider adding
     importFrom("stats", "ts")
     importFrom("utils", "read.csv", "write.csv")
    to your NAMESPACE.
    
    Found the following assignments to the global environment:
    File ‘IgorR/R/ReadIgorBinary.R’:
     assign(WaveName, rval, envir = .GlobalEnv)
Flavors: r-devel-linux-x86_64-debian-clang, r-devel-linux-x86_64-debian-gcc, r-devel-linux-x86_64-fedora-clang

Version: 0.8
Check: R code for possible problems
Result: NOTE
    UpdateSweepDataFrame: no visible global function definition for
     ‘read.csv’
    UpdateSweepDataFrame: no visible global function definition for
     ‘write.csv’
    WaveToTimeSeries: no visible global function definition for ‘ts’
    Undefined global functions or variables:
     read.csv ts write.csv
    Consider adding
     importFrom("stats", "ts")
     importFrom("utils", "read.csv", "write.csv")
    to your NAMESPACE.
Flavors: r-devel-linux-x86_64-fedora-gcc, r-devel-windows-ix86+x86_64

Version: 0.8
Check: R code for possible problems
Result: NOTE
    Found the following assignments to the global environment:
    File ‘IgorR/R/ReadIgorBinary.R’:
     assign(WaveName, rval, envir = .GlobalEnv)
Flavors: r-devel-osx-x86_64-clang, r-patched-linux-x86_64, r-release-linux-x86_64