CRAN Package Check Results for Package IgorR

Last updated on 2016-09-30 04:49:04.

Flavor Version Tinstall Tcheck Ttotal Status Flags
r-devel-linux-x86_64-debian-clang 0.8 0.72 11.93 12.65 NOTE
r-devel-linux-x86_64-debian-gcc 0.8 0.71 12.89 13.60 NOTE
r-devel-linux-x86_64-fedora-clang 0.8 27.53 NOTE
r-devel-linux-x86_64-fedora-gcc 0.8 20.73 NOTE
r-devel-macos-x86_64-clang 0.8 19.07 NOTE
r-devel-windows-ix86+x86_64 0.8 4.00 36.00 40.00 NOTE
r-patched-linux-x86_64 0.8 0.76 11.83 12.59 NOTE
r-patched-solaris-sparc 0.8 141.20 NOTE
r-patched-solaris-x86 0.8 33.80 NOTE
r-release-linux-x86_64 0.8 0.64 12.00 12.65 NOTE
r-release-osx-x86_64-mavericks 0.8 NOTE
r-release-windows-ix86+x86_64 0.8 3.00 41.00 44.00 NOTE
r-oldrel-windows-ix86+x86_64 0.8 6.00 35.00 41.00 OK

Check Details

Version: 0.8
Check: R code for possible problems
Result: NOTE
    UpdateSweepDataFrame: no visible global function definition for
     ‘read.csv’
    UpdateSweepDataFrame: no visible global function definition for
     ‘write.csv’
    WaveToTimeSeries: no visible global function definition for ‘ts’
    Undefined global functions or variables:
     read.csv ts write.csv
    Consider adding
     importFrom("stats", "ts")
     importFrom("utils", "read.csv", "write.csv")
    to your NAMESPACE file.
    
    Found the following assignments to the global environment:
    File ‘IgorR/R/ReadIgorBinary.R’:
     assign(WaveName, rval, envir = .GlobalEnv)
Flavors: r-devel-linux-x86_64-debian-clang, r-devel-linux-x86_64-debian-gcc, r-devel-linux-x86_64-fedora-clang, r-devel-macos-x86_64-clang, r-patched-linux-x86_64, r-release-linux-x86_64

Version: 0.8
Check: R code for possible problems
Result: NOTE
    UpdateSweepDataFrame: no visible global function definition for
     ‘read.csv’
    UpdateSweepDataFrame: no visible global function definition for
     ‘write.csv’
    WaveToTimeSeries: no visible global function definition for ‘ts’
    Undefined global functions or variables:
     read.csv ts write.csv
    Consider adding
     importFrom("stats", "ts")
     importFrom("utils", "read.csv", "write.csv")
    to your NAMESPACE file.
Flavors: r-devel-linux-x86_64-fedora-gcc, r-devel-windows-ix86+x86_64, r-patched-solaris-sparc, r-patched-solaris-x86, r-release-osx-x86_64-mavericks, r-release-windows-ix86+x86_64