CRAN Package Check Results for Package ImaginR

Last updated on 2018-10-17 00:50:15 CEST.

Flavor Version Tinstall Tcheck Ttotal Status Flags
r-devel-linux-x86_64-debian-clang 0.1.7 1.91 31.97 33.88 OK
r-devel-linux-x86_64-debian-gcc 0.1.7 1.76 26.40 28.16 OK
r-devel-linux-x86_64-fedora-clang 0.1.7 39.70 NOTE
r-devel-linux-x86_64-fedora-gcc 0.1.7 39.98 NOTE
r-devel-windows-ix86+x86_64 0.1.7 7.00 69.00 76.00 OK
r-patched-linux-x86_64 0.1.7 1.83 28.57 30.40 OK
r-patched-solaris-x86 0.1.7 65.30 NOTE
r-release-linux-x86_64 0.1.7 2.05 28.81 30.86 OK
r-release-windows-ix86+x86_64 0.1.7 10.00 66.00 76.00 OK
r-release-osx-x86_64 0.1.7 NOTE
r-oldrel-windows-ix86+x86_64 0.1.7 7.00 45.00 52.00 OK
r-oldrel-osx-x86_64 0.1.7 NOTE

Check Details

Version: 0.1.7
Check: dependencies in R code
Result: NOTE
    Namespace in Imports field not imported from: ‘jpeg’
     All declared Imports should be used.
Flavors: r-devel-linux-x86_64-fedora-clang, r-devel-linux-x86_64-fedora-gcc, r-patched-solaris-x86, r-release-osx-x86_64, r-oldrel-osx-x86_64