CRAN Package Check Results for Package ImaginR

Last updated on 2018-07-19 01:49:41 CEST.

Flavor Version Tinstall Tcheck Ttotal Status Flags
r-devel-linux-x86_64-debian-clang 0.1.7 2.04 28.00 30.04 OK
r-devel-linux-x86_64-debian-gcc 0.1.7 1.64 24.72 26.36 OK
r-devel-linux-x86_64-fedora-clang 0.1.7 38.65 NOTE
r-devel-linux-x86_64-fedora-gcc 0.1.7 38.22 NOTE
r-devel-windows-ix86+x86_64 0.1.7 7.00 47.00 54.00 OK
r-patched-linux-x86_64 0.1.7 2.03 29.17 31.20 OK
r-patched-solaris-x86 0.1.7 66.50 NOTE
r-release-linux-x86_64 0.1.7 1.41 28.95 30.36 OK
r-release-windows-ix86+x86_64 0.1.7 6.00 89.00 95.00 OK
r-release-osx-x86_64 0.1.7 NOTE
r-oldrel-windows-ix86+x86_64 0.1.7 6.00 45.00 51.00 OK
r-oldrel-osx-x86_64 0.1.7 NOTE

Check Details

Version: 0.1.7
Check: dependencies in R code
Result: NOTE
    Namespace in Imports field not imported from: ‘jpeg’
     All declared Imports should be used.
Flavors: r-devel-linux-x86_64-fedora-clang, r-devel-linux-x86_64-fedora-gcc, r-patched-solaris-x86, r-release-osx-x86_64, r-oldrel-osx-x86_64