CRAN Package Check Results for Package ImaginR

Last updated on 2018-04-25 17:49:03 CEST.

Flavor Version Tinstall Tcheck Ttotal Status Flags
r-devel-linux-x86_64-debian-clang 0.1.7 1.55 28.28 29.83 OK
r-devel-linux-x86_64-debian-gcc 0.1.7 1.37 21.85 23.22 OK
r-devel-linux-x86_64-fedora-clang 0.1.7 35.05 NOTE
r-devel-linux-x86_64-fedora-gcc 0.1.7 33.72 NOTE
r-devel-windows-ix86+x86_64 0.1.7 6.00 47.00 53.00 OK
r-patched-linux-x86_64 0.1.7 1.75 27.41 29.16 OK
r-patched-solaris-x86 0.1.7 60.00 NOTE
r-release-linux-x86_64 0.1.7 1.77 27.31 29.08 OK
r-release-windows-ix86+x86_64 0.1.7 6.00 47.00 53.00 OK
r-release-osx-x86_64 0.1.7 NOTE
r-oldrel-windows-ix86+x86_64 0.1.7 4.00 47.00 51.00 OK
r-oldrel-osx-x86_64 0.1.7 NOTE

Check Details

Version: 0.1.7
Check: dependencies in R code
Result: NOTE
    Namespace in Imports field not imported from: ‘jpeg’
     All declared Imports should be used.
Flavors: r-devel-linux-x86_64-fedora-clang, r-devel-linux-x86_64-fedora-gcc, r-patched-solaris-x86, r-release-osx-x86_64, r-oldrel-osx-x86_64