CRAN Package Check Results for Package ImaginR

Last updated on 2018-01-22 10:47:33 CET.

Flavor Version Tinstall Tcheck Ttotal Status Flags
r-devel-linux-x86_64-debian-clang 0.1.7 1.39 24.28 25.67 OK
r-devel-linux-x86_64-debian-gcc 0.1.7 1.05 21.66 22.71 OK
r-devel-linux-x86_64-fedora-clang 0.1.7 34.96 NOTE
r-devel-linux-x86_64-fedora-gcc 0.1.7 33.97 NOTE
r-devel-windows-ix86+x86_64 0.1.7 4.00 44.00 48.00 OK
r-patched-linux-x86_64 0.1.7 1.51 27.22 28.73 OK
r-patched-solaris-x86 0.1.7 58.60 NOTE
r-release-linux-x86_64 0.1.7 1.12 27.12 28.24 OK
r-release-windows-ix86+x86_64 0.1.7 7.00 42.00 49.00 OK
r-release-osx-x86_64 0.1.7 NOTE
r-oldrel-windows-ix86+x86_64 0.1.7 4.00 40.00 44.00 OK
r-oldrel-osx-x86_64 0.1.7 NOTE

Check Details

Version: 0.1.7
Check: dependencies in R code
Result: NOTE
    Namespace in Imports field not imported from: ‘jpeg’
     All declared Imports should be used.
Flavors: r-devel-linux-x86_64-fedora-clang, r-devel-linux-x86_64-fedora-gcc, r-patched-solaris-x86, r-release-osx-x86_64, r-oldrel-osx-x86_64