CRAN Package Check Results for Package IndependenceTests

Last updated on 2015-03-28 00:54:19.

Flavor Version Tinstall Tcheck Ttotal Status Flags
r-devel-linux-x86_64-debian-clang 0.2 1.25 11.57 12.82 NOTE
r-devel-linux-x86_64-debian-gcc 0.2 1.22 10.72 11.94 NOTE
r-devel-linux-x86_64-fedora-clang 0.2 14.08 NOTE
r-devel-linux-x86_64-fedora-gcc 0.2 12.26 NOTE
r-devel-osx-x86_64-clang 0.2 22.09 NOTE
r-prerel-windows-ix86+x86_64 0.2 9.00 30.00 39.00 NOTE
r-prerel-linux-x86_64 0.2 1.22 10.27 11.48 NOTE
r-prerel-solaris-sparc 0.2 128.40 NOTE
r-prerel-solaris-x86 0.2 29.40 NOTE
r-release-linux-x86_64 0.2 1.31 11.58 12.88 NOTE
r-release-osx-x86_64-mavericks 0.2 NOTE
r-release-osx-x86_64-snowleopard 0.2 NOTE
r-release-windows-ix86+x86_64 0.2 11.00 31.00 42.00 NOTE
r-oldrel-windows-ix86+x86_64 0.2 8.00 50.00 58.00 NOTE

Check Details

Version: 0.2
Check: package dependencies
Result: NOTE
    Package suggested but not available for checking: ‘rsprng’
Flavors: r-devel-linux-x86_64-debian-clang, r-devel-linux-x86_64-fedora-clang, r-devel-linux-x86_64-fedora-gcc, r-devel-osx-x86_64-clang, r-prerel-solaris-sparc, r-prerel-solaris-x86, r-release-osx-x86_64-snowleopard

Version: 0.2
Check: DESCRIPTION meta-information
Result: NOTE
    Malformed Title field: should not end in a period.
Flavors: r-devel-linux-x86_64-debian-clang, r-devel-linux-x86_64-debian-gcc, r-devel-linux-x86_64-fedora-clang, r-devel-linux-x86_64-fedora-gcc, r-devel-osx-x86_64-clang, r-prerel-windows-ix86+x86_64, r-prerel-linux-x86_64, r-prerel-solaris-sparc, r-prerel-solaris-x86

Version: 0.2
Check: dependencies in R code
Result: NOTE
    'library' or 'require' call to ‘xtable’ which was already attached by Depends.
     Please remove these calls from your code.
    'library' or 'require' calls in package code:
     ‘Rmpi’ ‘rsprng’ ‘snow’
     Please use :: or requireNamespace() instead.
     See section 'Suggested packages' in the 'Writing R Extensions' manual.
Flavors: r-devel-linux-x86_64-debian-clang, r-devel-linux-x86_64-debian-gcc, r-devel-linux-x86_64-fedora-clang, r-devel-linux-x86_64-fedora-gcc, r-devel-osx-x86_64-clang, r-prerel-windows-ix86+x86_64, r-prerel-linux-x86_64, r-prerel-solaris-sparc, r-prerel-solaris-x86, r-release-linux-x86_64, r-release-windows-ix86+x86_64

Version: 0.2
Check: R code for possible problems
Result: NOTE
    dependogram: no visible global function definition for ‘makeCluster’
    dependogram: no visible global function definition for
     ‘clusterSetupSPRNG’
    dependogram: no visible global function definition for ‘clusterCall’
    dependogram: no visible global function definition for ‘stopCluster’
Flavors: r-devel-linux-x86_64-debian-clang, r-devel-linux-x86_64-debian-gcc, r-devel-linux-x86_64-fedora-clang, r-devel-linux-x86_64-fedora-gcc, r-devel-osx-x86_64-clang, r-prerel-windows-ix86+x86_64, r-prerel-linux-x86_64, r-prerel-solaris-sparc, r-prerel-solaris-x86, r-release-linux-x86_64, r-release-osx-x86_64-mavericks, r-release-windows-ix86+x86_64

Version: 0.2
Check: package dependencies
Result: NOTE
    Packages suggested but not available for checking: ‘rsprng’ ‘Rmpi’
Flavor: r-release-osx-x86_64-mavericks

Version: 0.2
Check: dependencies in R code
Result: NOTE
    'library' or 'require' call to ‘xtable’ which was already attached by Depends.
     Please remove these calls from your code.
    See the information on DESCRIPTION files in the chapter ‘Creating R
    packages’ of the ‘Writing R Extensions’ manual.
Flavors: r-release-osx-x86_64-mavericks, r-release-osx-x86_64-snowleopard, r-oldrel-windows-ix86+x86_64