CRAN Package Check Results for Package IndependenceTests

Last updated on 2016-07-28 00:47:58.

Flavor Version Tinstall Tcheck Ttotal Status Flags
r-devel-linux-x86_64-debian-clang 0.2 1.84 12.65 14.50 NOTE
r-devel-linux-x86_64-debian-gcc 0.2 2.01 12.62 14.63 NOTE
r-devel-linux-x86_64-fedora-clang 0.2 21.47 NOTE
r-devel-linux-x86_64-fedora-gcc 0.2 18.58 NOTE
r-devel-osx-x86_64-clang 0.2 18.91 NOTE
r-devel-windows-ix86+x86_64 0.2 13.00 49.00 62.00 NOTE
r-patched-linux-x86_64 0.2 1.58 12.01 13.59 NOTE
r-patched-solaris-sparc 0.2 132.20 NOTE
r-patched-solaris-x86 0.2 33.10 NOTE
r-release-linux-x86_64 0.2 1.58 12.11 13.69 NOTE
r-release-osx-x86_64-mavericks 0.2 NOTE
r-release-windows-ix86+x86_64 0.2 12.00 48.00 60.00 NOTE
r-oldrel-windows-ix86+x86_64 0.2 12.00 52.00 64.00 NOTE

Check Details

Version: 0.2
Check: package dependencies
Result: NOTE
    Package suggested but not available for checking: ‘rsprng’
Flavors: r-devel-linux-x86_64-debian-clang, r-devel-linux-x86_64-debian-gcc, r-devel-linux-x86_64-fedora-clang, r-devel-linux-x86_64-fedora-gcc, r-devel-osx-x86_64-clang, r-patched-linux-x86_64, r-patched-solaris-sparc, r-patched-solaris-x86, r-release-linux-x86_64

Version: 0.2
Check: DESCRIPTION meta-information
Result: NOTE
    Malformed Title field: should not end in a period.
Flavors: r-devel-linux-x86_64-debian-clang, r-devel-linux-x86_64-debian-gcc, r-devel-linux-x86_64-fedora-clang, r-devel-linux-x86_64-fedora-gcc, r-devel-osx-x86_64-clang, r-devel-windows-ix86+x86_64, r-patched-linux-x86_64, r-patched-solaris-sparc, r-patched-solaris-x86, r-release-linux-x86_64, r-release-osx-x86_64-mavericks, r-release-windows-ix86+x86_64, r-oldrel-windows-ix86+x86_64

Version: 0.2
Check: dependencies in R code
Result: NOTE
    'library' or 'require' call to ‘xtable’ which was already attached by Depends.
     Please remove these calls from your code.
    'library' or 'require' calls in package code:
     ‘Rmpi’ ‘rsprng’ ‘snow’
     Please use :: or requireNamespace() instead.
     See section 'Suggested packages' in the 'Writing R Extensions' manual.
Flavors: r-devel-linux-x86_64-debian-clang, r-devel-linux-x86_64-debian-gcc, r-devel-linux-x86_64-fedora-clang, r-devel-linux-x86_64-fedora-gcc, r-devel-osx-x86_64-clang, r-devel-windows-ix86+x86_64, r-patched-linux-x86_64, r-patched-solaris-sparc, r-patched-solaris-x86, r-release-linux-x86_64, r-release-osx-x86_64-mavericks, r-release-windows-ix86+x86_64, r-oldrel-windows-ix86+x86_64

Version: 0.2
Check: R code for possible problems
Result: NOTE
    A.dep.tests: no visible global function definition for ‘combn’
    A.dep.tests: no visible global function definition for ‘pchisq’
    dependogram: no visible global function definition for ‘makeCluster’
    dependogram: no visible global function definition for
     ‘clusterSetupSPRNG’
    dependogram: no visible global function definition for ‘clusterCall’
    dependogram: no visible global function definition for ‘stopCluster’
    dependogram: no visible global function definition for ‘combn’
    dependogram: no visible global function definition for ‘plot’
    dependogram: no visible global function definition for ‘points’
    dependogram: no visible global function definition for ‘segments’
    Undefined global functions or variables:
     clusterCall clusterSetupSPRNG combn makeCluster pchisq plot points
     segments stopCluster
    Consider adding
     importFrom("graphics", "plot", "points", "segments")
     importFrom("stats", "pchisq")
     importFrom("utils", "combn")
    to your NAMESPACE file.
Flavors: r-devel-linux-x86_64-debian-clang, r-devel-linux-x86_64-debian-gcc, r-devel-linux-x86_64-fedora-clang, r-devel-linux-x86_64-fedora-gcc, r-devel-osx-x86_64-clang, r-devel-windows-ix86+x86_64, r-patched-linux-x86_64, r-patched-solaris-sparc, r-patched-solaris-x86, r-release-linux-x86_64, r-release-osx-x86_64-mavericks, r-release-windows-ix86+x86_64

Version: 0.2
Check: package dependencies
Result: NOTE
    Packages suggested but not available for checking: ‘rsprng’ ‘Rmpi’
Flavor: r-release-osx-x86_64-mavericks

Version: 0.2
Check: R code for possible problems
Result: NOTE
    dependogram: no visible global function definition for 'makeCluster'
    dependogram: no visible global function definition for
     'clusterSetupSPRNG'
    dependogram: no visible global function definition for 'clusterCall'
    dependogram: no visible global function definition for 'stopCluster'
Flavor: r-oldrel-windows-ix86+x86_64