CRAN Package Check Results for Package InferenceSMR

Last updated on 2019-03-23 23:53:47 CET.

Flavor Version Tinstall Tcheck Ttotal Status Flags
r-devel-linux-x86_64-debian-clang 1.0 7.24 49.28 56.52 NOTE
r-devel-linux-x86_64-debian-gcc 1.0 5.40 39.22 44.62 NOTE
r-devel-linux-x86_64-fedora-clang 1.0 67.58 NOTE
r-devel-linux-x86_64-fedora-gcc 1.0 64.44 NOTE
r-devel-windows-ix86+x86_64 1.0 18.00 60.00 78.00 NOTE
r-patched-linux-x86_64 1.0 4.43 46.03 50.46 NOTE
r-patched-solaris-x86 1.0 96.80 NOTE
r-release-linux-x86_64 1.0 0.30 2.00 2.30 ERROR
r-release-windows-ix86+x86_64 1.0 8.00 63.00 71.00 NOTE
r-release-osx-x86_64 1.0 NOTE
r-oldrel-windows-ix86+x86_64 1.0 8.00 74.00 82.00 NOTE
r-oldrel-osx-x86_64 1.0 NOTE

Check Details

Version: 1.0
Check: DESCRIPTION meta-information
Result: NOTE
    Malformed Title field: should not end in a period.
Flavors: r-devel-linux-x86_64-debian-clang, r-devel-linux-x86_64-debian-gcc, r-devel-linux-x86_64-fedora-clang, r-devel-linux-x86_64-fedora-gcc, r-devel-windows-ix86+x86_64, r-patched-linux-x86_64, r-patched-solaris-x86, r-release-windows-ix86+x86_64, r-release-osx-x86_64, r-oldrel-windows-ix86+x86_64, r-oldrel-osx-x86_64

Version: 1.0
Check: dependencies in R code
Result: NOTE
    Package in Depends field not imported from: 'survival'
     These packages need to be imported from (in the NAMESPACE file)
     for when this namespace is loaded but not attached.
Flavors: r-devel-linux-x86_64-debian-clang, r-devel-linux-x86_64-debian-gcc, r-devel-linux-x86_64-fedora-clang, r-devel-linux-x86_64-fedora-gcc, r-devel-windows-ix86+x86_64, r-patched-linux-x86_64, r-patched-solaris-x86, r-release-windows-ix86+x86_64, r-release-osx-x86_64, r-oldrel-windows-ix86+x86_64, r-oldrel-osx-x86_64

Version: 1.0
Check: R code for possible problems
Result: NOTE
    contrib: no visible global function definition for 'aggregate'
    est.expDeath : surv_p: no visible global function definition for
     'survfit'
    est.expDeath : surv_p: no visible global function definition for
     'approx'
    function1: no visible global function definition for 'coxph.detail'
    inference.SMR: no visible global function definition for 'qnorm'
    var.expDeath : surv_p: no visible global function definition for
     'survfit'
    var.expDeath : surv_p: no visible global function definition for
     'approx'
    Undefined global functions or variables:
     aggregate approx coxph.detail qnorm survfit
    Consider adding
     importFrom("stats", "aggregate", "approx", "qnorm")
    to your NAMESPACE file.
Flavors: r-devel-linux-x86_64-debian-clang, r-devel-linux-x86_64-debian-gcc, r-devel-linux-x86_64-fedora-clang, r-devel-linux-x86_64-fedora-gcc, r-devel-windows-ix86+x86_64, r-patched-linux-x86_64, r-patched-solaris-x86, r-release-windows-ix86+x86_64, r-release-osx-x86_64, r-oldrel-windows-ix86+x86_64, r-oldrel-osx-x86_64

Version: 1.0
Check: whether package can be installed
Result: ERROR
    Installation failed.
Flavor: r-release-linux-x86_64