CRAN Package Check Results for Package InferenceSMR

Last updated on 2015-04-27 21:46:35.

Flavor Version Tinstall Tcheck Ttotal Status Flags
r-devel-linux-x86_64-debian-clang 1.0 0.78 12.54 13.32 NOTE
r-devel-linux-x86_64-debian-gcc 1.0 0.64 12.53 13.18 NOTE
r-devel-linux-x86_64-fedora-clang 1.0 24.91 NOTE
r-devel-linux-x86_64-fedora-gcc 1.0 23.71 NOTE
r-devel-osx-x86_64-clang 1.0 28.00 NOTE
r-devel-windows-ix86+x86_64 1.0 3.00 22.00 25.00 NOTE
r-patched-linux-x86_64 1.0 0.72 12.27 12.99 NOTE
r-patched-solaris-sparc 1.0 151.80 NOTE
r-patched-solaris-x86 1.0 37.20 NOTE
r-release-linux-x86_64 1.0 0.65 12.40 13.05 NOTE
r-release-osx-x86_64-mavericks 1.0 NOTE
r-release-osx-x86_64-snowleopard 1.0 NOTE
r-release-windows-ix86+x86_64 1.0 2.00 24.00 26.00 NOTE
r-oldrel-windows-ix86+x86_64 1.0 4.00 26.00 30.00 NOTE

Check Details

Version: 1.0
Check: DESCRIPTION meta-information
Result: NOTE
    Malformed Title field: should not end in a period.
Flavors: r-devel-linux-x86_64-debian-clang, r-devel-linux-x86_64-debian-gcc, r-devel-linux-x86_64-fedora-clang, r-devel-linux-x86_64-fedora-gcc, r-devel-osx-x86_64-clang, r-devel-windows-ix86+x86_64, r-patched-solaris-sparc, r-patched-solaris-x86, r-release-linux-x86_64, r-release-osx-x86_64-mavericks, r-release-osx-x86_64-snowleopard, r-release-windows-ix86+x86_64

Version: 1.0
Check: dependencies in R code
Result: NOTE
    Package in Depends field not imported from: ‘survival’
     These packages need to be imported from (in the NAMESPACE file)
     for when this namespace is loaded but not attached.
Flavors: r-devel-linux-x86_64-debian-clang, r-devel-linux-x86_64-debian-gcc, r-devel-linux-x86_64-fedora-clang, r-devel-linux-x86_64-fedora-gcc, r-devel-osx-x86_64-clang, r-devel-windows-ix86+x86_64, r-patched-solaris-sparc, r-patched-solaris-x86, r-release-linux-x86_64, r-release-osx-x86_64-mavericks, r-release-osx-x86_64-snowleopard, r-release-windows-ix86+x86_64, r-oldrel-windows-ix86+x86_64

Version: 1.0
Check: R code for possible problems
Result: NOTE
    est.expDeath : surv_p: no visible global function definition for
     ‘survfit’
    function1: no visible global function definition for ‘coxph.detail’
    var.expDeath : surv_p: no visible global function definition for
     ‘survfit’
Flavors: r-devel-linux-x86_64-debian-clang, r-devel-linux-x86_64-debian-gcc, r-devel-linux-x86_64-fedora-clang, r-devel-linux-x86_64-fedora-gcc, r-devel-osx-x86_64-clang, r-devel-windows-ix86+x86_64, r-patched-solaris-sparc, r-patched-solaris-x86, r-release-linux-x86_64, r-release-osx-x86_64-mavericks, r-release-osx-x86_64-snowleopard, r-release-windows-ix86+x86_64, r-oldrel-windows-ix86+x86_64