CRAN Package Check Results for Package InferenceSMR

Last updated on 2014-11-23 19:47:47.

Flavor Version Tinstall Tcheck Ttotal Status Flags
r-devel-linux-x86_64-debian-clang 1.0 0.73 13.48 14.21 NOTE
r-devel-linux-x86_64-debian-gcc 1.0 0.71 13.12 13.83 NOTE
r-devel-linux-x86_64-fedora-clang 1.0 30.89 NOTE
r-devel-linux-x86_64-fedora-gcc 1.0 27.19 NOTE
r-devel-osx-x86_64-clang 1.0 30.28 NOTE
r-devel-windows-ix86+x86_64 1.0 3.00 22.00 25.00 NOTE
r-patched-linux-x86_64 1.0 0.74 13.84 14.58 NOTE
r-patched-solaris-sparc 1.0 182.00 NOTE
r-patched-solaris-x86 1.0 41.00 NOTE
r-release-linux-ix86 1.0 1.09 19.60 20.69 NOTE
r-release-linux-x86_64 1.0 0.74 13.46 14.20 NOTE
r-release-osx-x86_64-mavericks 1.0 NOTE
r-release-osx-x86_64-snowleopard 1.0 OK
r-release-windows-ix86+x86_64 1.0 3.00 24.00 27.00 NOTE
r-oldrel-windows-ix86+x86_64 1.0 3.00 24.00 27.00 NOTE

Check Details

Version: 1.0
Check: dependencies in R code
Result: NOTE
    Package in Depends field not imported from: ‘survival’
     These packages need to be imported from (in the NAMESPACE file)
     for when this namespace is loaded but not attached.
    See the information on DESCRIPTION files in the chapter ‘Creating R
    packages’ of the ‘Writing R Extensions’ manual.
Flavors: r-devel-linux-x86_64-debian-clang, r-devel-linux-x86_64-debian-gcc, r-devel-linux-x86_64-fedora-clang, r-devel-linux-x86_64-fedora-gcc, r-devel-osx-x86_64-clang, r-devel-windows-ix86+x86_64, r-patched-linux-x86_64, r-patched-solaris-sparc, r-patched-solaris-x86, r-release-linux-ix86, r-release-linux-x86_64, r-release-osx-x86_64-mavericks, r-release-windows-ix86+x86_64, r-oldrel-windows-ix86+x86_64

Version: 1.0
Check: R code for possible problems
Result: NOTE
    est.expDeath : surv_p: no visible global function definition for
     ‘survfit’
    function1: no visible global function definition for ‘coxph.detail’
    var.expDeath : surv_p: no visible global function definition for
     ‘survfit’
Flavors: r-devel-linux-x86_64-debian-clang, r-devel-linux-x86_64-debian-gcc, r-devel-linux-x86_64-fedora-clang, r-devel-linux-x86_64-fedora-gcc, r-devel-osx-x86_64-clang, r-devel-windows-ix86+x86_64, r-patched-linux-x86_64, r-patched-solaris-sparc, r-patched-solaris-x86, r-release-linux-ix86, r-release-linux-x86_64, r-release-windows-ix86+x86_64