CRAN Package Check Results for Package InferenceSMR

Last updated on 2014-07-25 12:47:33.

Flavor Version Tinstall Tcheck Ttotal Status Flags
r-devel-linux-x86_64-debian-clang 1.0 0.71 12.70 13.41 NOTE
r-devel-linux-x86_64-debian-gcc 1.0 0.70 12.33 13.03 NOTE
r-devel-linux-x86_64-fedora-clang 1.0 28.04 NOTE
r-devel-linux-x86_64-fedora-gcc 1.0 25.75 NOTE
r-devel-osx-x86_64-clang 1.0 28.14 NOTE
r-devel-windows-ix86+x86_64 1.0 3.00 25.00 28.00 NOTE
r-patched-linux-x86_64 1.0 0.71 12.72 13.43 NOTE
r-patched-solaris-sparc 1.0 165.30 NOTE
r-patched-solaris-x86 1.0 40.40 NOTE
r-release-linux-ix86 1.0 1.08 19.89 20.97 NOTE
r-release-linux-x86_64 1.0 0.74 12.98 13.72 NOTE
r-release-osx-x86_64-mavericks 1.0 NOTE
r-release-osx-x86_64-snowleopard 1.0 OK
r-release-windows-ix86+x86_64 1.0 4.00 24.00 28.00 NOTE
r-oldrel-windows-ix86+x86_64 1.0 3.00 24.00 27.00 NOTE

Check Details

Version: 1.0
Check: dependencies in R code
Result: NOTE
    Package in Depends field not imported from: ‘survival’
     These packages need to be imported from (in the NAMESPACE file)
     for when this namespace is loaded but not attached.
    See the information on DESCRIPTION files in the chapter ‘Creating R
    packages’ of the ‘Writing R Extensions’ manual.
Flavors: r-devel-linux-x86_64-debian-clang, r-devel-linux-x86_64-debian-gcc, r-devel-linux-x86_64-fedora-clang, r-devel-linux-x86_64-fedora-gcc, r-devel-osx-x86_64-clang, r-devel-windows-ix86+x86_64, r-patched-linux-x86_64, r-patched-solaris-sparc, r-patched-solaris-x86, r-release-linux-ix86, r-release-linux-x86_64, r-release-osx-x86_64-mavericks, r-release-windows-ix86+x86_64, r-oldrel-windows-ix86+x86_64