CRAN Package Check Results for Package InferenceSMR

Last updated on 2014-04-16 06:47:55.

Flavor Version Tinstall Tcheck Ttotal Status Flags
r-devel-linux-x86_64-debian-clang 1.0 0.76 13.62 14.38 NOTE
r-devel-linux-x86_64-debian-gcc 1.0 0.76 13.32 14.08 NOTE
r-devel-linux-x86_64-fedora-clang 1.0 27.39 NOTE
r-devel-linux-x86_64-fedora-gcc 1.0 26.43 NOTE
r-devel-macosx-x86_64-clang 1.0 29.30 NOTE
r-devel-macosx-x86_64-gcc 1.0 NOTE
r-devel-windows-ix86+x86_64 1.0 3.00 30.00 33.00 NOTE
r-patched-linux-x86_64 1.0 0.76 13.24 14.00 NOTE
r-patched-solaris-sparc 1.0 165.30 NOTE
r-patched-solaris-x86 1.0 39.40 NOTE
r-release-linux-ix86 1.0 2.00 28.00 30.00 NOTE
r-release-linux-x86_64 1.0 0.82 13.35 14.17 NOTE
r-release-macosx-x86_64 1.0 OK
r-release-windows-ix86+x86_64 1.0 5.00 30.00 35.00 NOTE
r-oldrel-windows-ix86+x86_64 1.0 3.00 24.00 27.00 NOTE

Check Details

Version: 1.0
Check: dependencies in R code
Result: NOTE
    Package in Depends field not imported from: ‘survival’
     These packages need to be imported from (in the NAMESPACE file)
     for when this namespace is loaded but not attached.
    See the information on DESCRIPTION files in the chapter ‘Creating R
    packages’ of the ‘Writing R Extensions’ manual.
Flavors: r-devel-linux-x86_64-debian-clang, r-devel-linux-x86_64-debian-gcc, r-devel-linux-x86_64-fedora-clang, r-devel-linux-x86_64-fedora-gcc, r-devel-macosx-x86_64-clang, r-devel-macosx-x86_64-gcc, r-devel-windows-ix86+x86_64, r-patched-linux-x86_64, r-patched-solaris-sparc, r-patched-solaris-x86, r-release-linux-ix86, r-release-linux-x86_64, r-release-windows-ix86+x86_64, r-oldrel-windows-ix86+x86_64