CRAN Package Check Results for Package InferenceSMR

Last updated on 2016-09-26 03:55:00.

Flavor Version Tinstall Tcheck Ttotal Status Flags
r-devel-linux-x86_64-debian-clang 1.0 2.18 24.82 26.99 NOTE
r-devel-linux-x86_64-debian-gcc 1.0 2.27 24.70 26.97 NOTE
r-devel-linux-x86_64-fedora-clang 1.0 59.17 NOTE
r-devel-linux-x86_64-fedora-gcc 1.0 56.04 NOTE
r-devel-macos-x86_64-clang 1.0 45.50 NOTE
r-devel-windows-ix86+x86_64 1.0 8.00 64.00 72.00 NOTE
r-patched-linux-x86_64 1.0 2.44 24.97 27.42 NOTE
r-patched-solaris-sparc 1.0 364.50 NOTE
r-patched-solaris-x86 1.0 79.70 NOTE
r-release-linux-x86_64 1.0 2.34 24.87 27.20 NOTE
r-release-osx-x86_64-mavericks 1.0 NOTE
r-release-windows-ix86+x86_64 1.0 10.00 67.00 77.00 NOTE
r-oldrel-windows-ix86+x86_64 1.0 9.00 67.00 76.00 NOTE

Check Details

Version: 1.0
Check: DESCRIPTION meta-information
Result: NOTE
    Malformed Title field: should not end in a period.
Flavors: r-devel-linux-x86_64-debian-clang, r-devel-linux-x86_64-debian-gcc, r-devel-linux-x86_64-fedora-clang, r-devel-linux-x86_64-fedora-gcc, r-devel-macos-x86_64-clang, r-devel-windows-ix86+x86_64, r-patched-linux-x86_64, r-patched-solaris-sparc, r-patched-solaris-x86, r-release-linux-x86_64, r-release-osx-x86_64-mavericks, r-release-windows-ix86+x86_64, r-oldrel-windows-ix86+x86_64

Version: 1.0
Check: dependencies in R code
Result: NOTE
    Package in Depends field not imported from: ‘survival’
     These packages need to be imported from (in the NAMESPACE file)
     for when this namespace is loaded but not attached.
Flavors: r-devel-linux-x86_64-debian-clang, r-devel-linux-x86_64-debian-gcc, r-devel-linux-x86_64-fedora-clang, r-devel-linux-x86_64-fedora-gcc, r-devel-macos-x86_64-clang, r-devel-windows-ix86+x86_64, r-patched-linux-x86_64, r-patched-solaris-sparc, r-patched-solaris-x86, r-release-linux-x86_64, r-release-osx-x86_64-mavericks, r-release-windows-ix86+x86_64, r-oldrel-windows-ix86+x86_64

Version: 1.0
Check: R code for possible problems
Result: NOTE
    contrib: no visible global function definition for ‘aggregate’
    est.expDeath : surv_p: no visible global function definition for
     ‘survfit’
    est.expDeath : surv_p: no visible global function definition for
     ‘approx’
    function1: no visible global function definition for ‘coxph.detail’
    inference.SMR: no visible global function definition for ‘qnorm’
    var.expDeath : surv_p: no visible global function definition for
     ‘survfit’
    var.expDeath : surv_p: no visible global function definition for
     ‘approx’
    Undefined global functions or variables:
     aggregate approx coxph.detail qnorm survfit
    Consider adding
     importFrom("stats", "aggregate", "approx", "qnorm")
    to your NAMESPACE file.
Flavors: r-devel-linux-x86_64-debian-clang, r-devel-linux-x86_64-debian-gcc, r-devel-linux-x86_64-fedora-clang, r-devel-linux-x86_64-fedora-gcc, r-devel-macos-x86_64-clang, r-devel-windows-ix86+x86_64, r-patched-linux-x86_64, r-patched-solaris-sparc, r-patched-solaris-x86, r-release-linux-x86_64, r-release-osx-x86_64-mavericks, r-release-windows-ix86+x86_64

Version: 1.0
Check: R code for possible problems
Result: NOTE
    est.expDeath : surv_p: no visible global function definition for
     'survfit'
    function1: no visible global function definition for 'coxph.detail'
    var.expDeath : surv_p: no visible global function definition for
     'survfit'
Flavor: r-oldrel-windows-ix86+x86_64