CRAN Package Check Results for Package InferenceSMR

Last updated on 2014-12-20 19:48:23.

Flavor Version Tinstall Tcheck Ttotal Status Flags
r-devel-linux-x86_64-debian-clang 1.0 0.81 13.30 14.11 NOTE
r-devel-linux-x86_64-debian-gcc 1.0 0.70 13.35 14.05 NOTE
r-devel-linux-x86_64-fedora-clang 1.0 30.28 NOTE
r-devel-linux-x86_64-fedora-gcc 1.0 26.31 NOTE
r-devel-osx-x86_64-clang 1.0 29.51 NOTE
r-devel-windows-ix86+x86_64 1.0 5.00 30.00 35.00 NOTE
r-patched-linux-x86_64 1.0 0.97 13.58 14.56 NOTE
r-patched-solaris-sparc 1.0 182.00 NOTE
r-patched-solaris-x86 1.0 41.40 NOTE
r-release-linux-ix86 1.0 1.06 19.53 20.59 NOTE
r-release-linux-x86_64 1.0 0.74 13.69 14.43 NOTE
r-release-osx-x86_64-mavericks 1.0 NOTE
r-release-osx-x86_64-snowleopard 1.0 OK
r-release-windows-ix86+x86_64 1.0 3.00 24.00 27.00 NOTE
r-oldrel-windows-ix86+x86_64 1.0 3.00 24.00 27.00 NOTE

Check Details

Version: 1.0
Check: dependencies in R code
Result: NOTE
    Package in Depends field not imported from: ‘survival’
     These packages need to be imported from (in the NAMESPACE file)
     for when this namespace is loaded but not attached.
    See the information on DESCRIPTION files in the chapter ‘Creating R
    packages’ of the ‘Writing R Extensions’ manual.
Flavors: r-devel-linux-x86_64-debian-clang, r-devel-linux-x86_64-debian-gcc, r-devel-linux-x86_64-fedora-clang, r-devel-linux-x86_64-fedora-gcc, r-devel-osx-x86_64-clang, r-devel-windows-ix86+x86_64, r-patched-linux-x86_64, r-patched-solaris-sparc, r-patched-solaris-x86, r-release-linux-ix86, r-release-linux-x86_64, r-release-osx-x86_64-mavericks, r-release-windows-ix86+x86_64, r-oldrel-windows-ix86+x86_64

Version: 1.0
Check: R code for possible problems
Result: NOTE
    est.expDeath : surv_p: no visible global function definition for
     ‘survfit’
    function1: no visible global function definition for ‘coxph.detail’
    var.expDeath : surv_p: no visible global function definition for
     ‘survfit’
Flavors: r-devel-linux-x86_64-debian-clang, r-devel-linux-x86_64-debian-gcc, r-devel-linux-x86_64-fedora-clang, r-devel-linux-x86_64-fedora-gcc, r-devel-osx-x86_64-clang, r-devel-windows-ix86+x86_64, r-patched-linux-x86_64, r-patched-solaris-sparc, r-patched-solaris-x86, r-release-linux-ix86, r-release-linux-x86_64, r-release-windows-ix86+x86_64