CRAN Package Check Results for Package IntClust

Last updated on 2019-02-23 08:53:18 CET.

Flavor Version Tinstall Tcheck Ttotal Status Flags
r-devel-linux-x86_64-debian-clang 0.1.0 19.42 183.62 203.04 OK
r-devel-linux-x86_64-debian-gcc 0.1.0 15.67 137.39 153.06 OK
r-devel-linux-x86_64-fedora-clang 0.1.0 246.92 OK
r-devel-linux-x86_64-fedora-gcc 0.1.0 230.66 OK
r-devel-windows-ix86+x86_64 0.1.0 46.00 231.00 277.00 OK
r-patched-linux-x86_64 0.1.0 18.29 163.31 181.60 OK
r-patched-solaris-x86 0.1.0 324.40 OK
r-release-linux-x86_64 0.1.0 OK
r-release-windows-ix86+x86_64 0.1.0 46.00 181.00 227.00 OK
r-release-osx-x86_64 0.1.0 NOTE
r-oldrel-windows-ix86+x86_64 0.1.0 18.00 197.00 215.00 OK
r-oldrel-osx-x86_64 0.1.0 NOTE

Check Details

Version: 0.1.0
Check: package dependencies
Result: NOTE
    Packages suggested but not available for checking: ‘MLP’ ‘a4Base’
Flavor: r-release-osx-x86_64

Version: 0.1.0
Check: package dependencies
Result: NOTE
    Packages suggested but not available for checking:
     ‘MLP’ ‘org.Hs.eg.db’ ‘a4Base’
Flavor: r-oldrel-osx-x86_64