CRAN Package Check Results for Package IntClust

Last updated on 2019-08-21 02:49:08 CEST.

Flavor Version Tinstall Tcheck Ttotal Status Flags
r-devel-linux-x86_64-debian-clang 0.1.0 23.53 180.91 204.44 OK
r-devel-linux-x86_64-debian-gcc 0.1.0 20.12 137.64 157.76 OK
r-devel-linux-x86_64-fedora-clang 0.1.0 253.19 OK
r-devel-linux-x86_64-fedora-gcc 0.1.0 250.93 OK
r-devel-windows-ix86+x86_64 0.1.0 63.00 272.00 335.00 OK
r-patched-linux-x86_64 0.1.0 23.06 175.35 198.41 OK
r-patched-solaris-x86 0.1.0 347.30 OK
r-release-linux-x86_64 0.1.0 25.27 176.20 201.47 OK
r-release-windows-ix86+x86_64 0.1.0 45.00 197.00 242.00 OK
r-release-osx-x86_64 0.1.0 ERROR
r-oldrel-windows-ix86+x86_64 0.1.0 44.00 247.00 291.00 OK
r-oldrel-osx-x86_64 0.1.0 NOTE

Check Details

Version: 0.1.0
Check: package dependencies
Result: ERROR
    Packages required but not available: 'a4Core', 'Biobase', 'limma'
    
    Packages suggested but not available for checking:
     'MLP', 'biomaRt', 'org.Hs.eg.db', 'a4Base'
    
    See section ‘The DESCRIPTION file’ in the ‘Writing R Extensions’
    manual.
Flavor: r-release-osx-x86_64

Version: 0.1.0
Check: package dependencies
Result: NOTE
    Packages suggested but not available for checking: ‘MLP’ ‘a4Base’
Flavor: r-oldrel-osx-x86_64