CRAN Package Check Results for Package IntClust

Last updated on 2019-04-19 12:47:39 CEST.

Flavor Version Tinstall Tcheck Ttotal Status Flags
r-devel-linux-x86_64-debian-clang 0.1.0 22.07 181.09 203.16 OK
r-devel-linux-x86_64-debian-gcc 0.1.0 19.31 137.10 156.41 OK
r-devel-linux-x86_64-fedora-clang 0.1.0 249.35 OK
r-devel-linux-x86_64-fedora-gcc 0.1.0 241.45 OK
r-devel-windows-ix86+x86_64 0.1.0 66.00 299.00 365.00 OK
r-patched-linux-x86_64 0.1.0 23.94 177.05 200.99 OK
r-patched-solaris-x86 0.1.0 358.40 OK
r-release-linux-x86_64 0.1.0 20.52 164.58 185.10 OK
r-release-windows-ix86+x86_64 0.1.0 33.00 181.00 214.00 OK
r-release-osx-x86_64 0.1.0 NOTE
r-oldrel-windows-ix86+x86_64 0.1.0 35.00 244.00 279.00 OK
r-oldrel-osx-x86_64 0.1.0 NOTE

Check Details

Version: 0.1.0
Check: package dependencies
Result: NOTE
    Packages suggested but not available for checking: ‘MLP’ ‘a4Base’
Flavor: r-release-osx-x86_64

Version: 0.1.0
Check: package dependencies
Result: NOTE
    Packages suggested but not available for checking:
     ‘MLP’ ‘org.Hs.eg.db’ ‘a4Base’
Flavor: r-oldrel-osx-x86_64