CRAN Package Check Results for Package IntNMF

Last updated on 2019-04-19 12:47:40 CEST.

Flavor Version Tinstall Tcheck Ttotal Status Flags
r-devel-linux-x86_64-debian-clang 1.2.0 6.35 102.48 108.83 OK
r-devel-linux-x86_64-debian-gcc 1.2.0 5.48 79.39 84.87 OK
r-devel-linux-x86_64-fedora-clang 1.2.0 126.07 OK
r-devel-linux-x86_64-fedora-gcc 1.2.0 121.90 OK
r-devel-windows-ix86+x86_64 1.2.0 22.00 114.00 136.00 OK
r-patched-linux-x86_64 1.2.0 6.62 100.14 106.76 OK
r-patched-solaris-x86 1.2.0 200.90 OK
r-release-linux-x86_64 1.2.0 3.47 99.20 102.67 OK
r-release-windows-ix86+x86_64 1.2.0 10.00 168.00 178.00 OK
r-release-osx-x86_64 1.2.0 OK
r-oldrel-osx-x86_64 1.2.0 ERROR

Check Details

Version: 1.2.0
Check: whether package can be installed
Result: ERROR
    Installation failed.
Flavor: r-oldrel-osx-x86_64