CRAN Package Check Results for Package IntNMF

Last updated on 2019-08-21 02:49:08 CEST.

Flavor Version Tinstall Tcheck Ttotal Status Flags
r-devel-linux-x86_64-debian-clang 1.2.0 7.30 106.98 114.28 OK
r-devel-linux-x86_64-debian-gcc 1.2.0 5.83 79.39 85.22 OK
r-devel-linux-x86_64-fedora-clang 1.2.0 128.92 OK
r-devel-linux-x86_64-fedora-gcc 1.2.0 128.67 OK
r-devel-windows-ix86+x86_64 1.2.0 30.00 153.00 183.00 OK
r-patched-linux-x86_64 1.2.0 6.49 101.71 108.20 OK
r-patched-solaris-x86 1.2.0 211.30 OK
r-release-linux-x86_64 1.2.0 6.14 100.55 106.69 OK
r-release-windows-ix86+x86_64 1.2.0 17.00 112.00 129.00 OK
r-release-osx-x86_64 1.2.0 NOTE
r-oldrel-windows-ix86+x86_64 1.2.0 15.00 147.00 162.00 OK
r-oldrel-osx-x86_64 1.2.0 OK

Check Details

Version: 1.2.0
Check: R code for possible problems
Result: NOTE
    .nndsvd.internal: no visible global function definition for ‘runif’
    nmf.mnnals: no visible global function definition for ‘runif’
    nmf.opt.k: no visible global function definition for ‘flush.console’
    nmf.opt.k: no visible global function definition for ‘points’
    nmf.opt.k: no visible global function definition for ‘lines’
    nmf.opt.k: no visible global function definition for ‘mtext’
    Undefined global functions or variables:
     flush.console lines mtext points runif
    Consider adding
     importFrom("graphics", "lines", "mtext", "points")
     importFrom("stats", "runif")
     importFrom("utils", "flush.console")
    to your NAMESPACE file.
Flavor: r-release-osx-x86_64