CRAN Package Check Results for Package IntNMF

Last updated on 2019-02-23 03:57:16 CET.

Flavor Version Tinstall Tcheck Ttotal Status Flags
r-devel-linux-x86_64-debian-clang 1.2.0 4.77 102.63 107.40 OK
r-devel-linux-x86_64-debian-gcc 1.2.0 4.05 77.34 81.39 OK
r-devel-linux-x86_64-fedora-clang 1.2.0 130.31 OK
r-devel-linux-x86_64-fedora-gcc 1.2.0 119.73 OK
r-devel-windows-ix86+x86_64 1.2.0 17.00 140.00 157.00 OK
r-patched-linux-x86_64 1.2.0 4.74 95.83 100.57 OK
r-patched-solaris-x86 1.2.0 198.00 OK
r-release-linux-x86_64 1.2.0 OK
r-release-windows-ix86+x86_64 1.2.0 18.00 111.00 129.00 OK
r-release-osx-x86_64 1.2.0 OK
r-oldrel-osx-x86_64 1.2.0 ERROR

Check Details

Version: 1.2.0
Check: whether package can be installed
Result: ERROR
    Installation failed.
Flavor: r-oldrel-osx-x86_64