CRAN Package Check Results for Package IntegratedMRF

Last updated on 2024-02-21 19:53:17 CET.

Flavor Version Tinstall Tcheck Ttotal Status Flags
r-devel-linux-x86_64-debian-clang 1.1.9 NOTE
r-devel-linux-x86_64-debian-gcc 1.1.9 19.51 40.56 60.07 NOTE
r-devel-linux-x86_64-fedora-clang 1.1.9 104.24 NOTE
r-devel-linux-x86_64-fedora-gcc 1.1.9 103.02 NOTE
r-devel-windows-x86_64 1.1.9 22.00 87.00 109.00 OK
r-patched-linux-x86_64 1.1.9 24.50 53.10 77.60 NOTE
r-release-linux-x86_64 1.1.9 24.12 51.91 76.03 NOTE
r-release-macos-arm64 1.1.9 38.00 OK
r-release-macos-x86_64 1.1.9 46.00 OK
r-release-windows-x86_64 1.1.9 27.00 100.00 127.00 OK
r-oldrel-macos-arm64 1.1.9 38.00 OK
r-oldrel-windows-x86_64 1.1.9 25.00 92.00 117.00 OK

Check Details

Version: 1.1.9
Check: for non-standard things in the check directory
Result: NOTE Found the following files/directories: ‘Error_Estimation_Response_1.tiff’ ‘Error_Estimation_Response_2.tiff’ ‘Error_Estimation_Response_3.tiff’ Flavors: r-devel-linux-x86_64-debian-clang, r-devel-linux-x86_64-debian-gcc, r-devel-linux-x86_64-fedora-clang, r-devel-linux-x86_64-fedora-gcc, r-patched-linux-x86_64, r-release-linux-x86_64