CRAN Package Check Results for Package InteractiveIGraph

Last updated on 2014-12-20 03:49:33.

Flavor Version Tinstall Tcheck Ttotal Status Flags
r-devel-linux-x86_64-debian-clang 1.0.6.1 0.81 17.22 18.03 NOTE
r-devel-linux-x86_64-debian-gcc 1.0.6.1 0.80 16.73 17.53 NOTE
r-devel-linux-x86_64-fedora-clang 1.0.6.1 36.99 NOTE
r-devel-linux-x86_64-fedora-gcc 1.0.6.1 34.14 NOTE
r-devel-osx-x86_64-clang 1.0.6.1 34.80 OK
r-devel-windows-ix86+x86_64 1.0.6.1 3.00 25.00 28.00 OK
r-patched-linux-x86_64 1.0.6.1 0.78 17.66 18.44 NOTE
r-patched-solaris-sparc 1.0.6.1 198.10 OK
r-patched-solaris-x86 1.0.6.1 49.50 OK
r-release-linux-ix86 1.0.6.1 1.08 22.78 23.85 OK
r-release-linux-x86_64 1.0.6.1 0.78 17.89 18.67 NOTE
r-release-osx-x86_64-mavericks 1.0.6.1 OK
r-release-osx-x86_64-snowleopard 1.0.6.1 OK
r-release-windows-ix86+x86_64 1.0.6.1 3.00 28.00 31.00 OK
r-oldrel-windows-ix86+x86_64 1.0.6.1 3.00 25.00 28.00 OK

Check Details

Version: 1.0.6.1
Check: Rd line widths
Result: NOTE
    Rd file 'InteractiveIGraph.Rd':
     \examples lines wider than 100 characters:
     # this is an 'InteractiveIGraph' object, up till now there is not much difference. Just some extra attributes.
    
    Rd file 'MenuAddItems.Rd':
     \examples lines wider than 100 characters:
     Item = list(list(label=msg, RegionParams=list(XBufCof = 0, YBufCof=0.2), RecParams=list(lwd = NA, border=NA), TextParams=list(cex=0.8 ... [TRUNCATED]
    
    These lines will be truncated in the PDF manual.
Flavors: r-devel-linux-x86_64-debian-clang, r-devel-linux-x86_64-debian-gcc, r-devel-linux-x86_64-fedora-clang, r-devel-linux-x86_64-fedora-gcc, r-patched-linux-x86_64, r-release-linux-x86_64