CRAN Package Check Results for Package InteractiveIGraph

Last updated on 2014-07-29 20:49:06.

Flavor Version Tinstall Tcheck Ttotal Status Flags
r-devel-linux-x86_64-debian-clang 1.0.6.1 0.82 16.50 17.32 OK
r-devel-linux-x86_64-debian-gcc 1.0.6.1 0.75 16.40 17.15 OK
r-devel-linux-x86_64-fedora-clang 1.0.6.1 36.88 NOTE
r-devel-linux-x86_64-fedora-gcc 1.0.6.1 33.90 NOTE
r-devel-osx-x86_64-clang 1.0.6.1 32.83 OK
r-devel-windows-ix86+x86_64 1.0.6.1 3.00 24.00 27.00 OK
r-patched-linux-x86_64 1.0.6.1 0.94 16.24 17.18 OK
r-patched-solaris-sparc 1.0.6.1 197.10 OK
r-patched-solaris-x86 1.0.6.1 51.40 OK
r-release-linux-ix86 1.0.6.1 1.29 23.33 24.62 OK
r-release-linux-x86_64 1.0.6.1 0.80 17.01 17.81 OK
r-release-osx-x86_64-mavericks 1.0.6.1 OK
r-release-osx-x86_64-snowleopard 1.0.6.1 OK
r-release-windows-ix86+x86_64 1.0.6.1 3.00 26.00 29.00 OK
r-oldrel-windows-ix86+x86_64 1.0.6.1 3.00 27.00 30.00 OK

Check Details

Version: 1.0.6.1
Check: Rd line widths
Result: NOTE
    Rd file 'InteractiveIGraph.Rd':
     \examples lines wider than 100 characters:
     # this is an 'InteractiveIGraph' object, up till now there is not much difference. Just some extra attributes.
    
    Rd file 'MenuAddItems.Rd':
     \examples lines wider than 100 characters:
     Item = list(list(label=msg, RegionParams=list(XBufCof = 0, YBufCof=0.2), RecParams=list(lwd = NA, border=NA), TextParams=list(cex=0.8 ... [TRUNCATED]
    
    These lines will be truncated in the PDF manual.
Flavors: r-devel-linux-x86_64-fedora-clang, r-devel-linux-x86_64-fedora-gcc