CRAN Package Check Results for Package InteractiveIGraph

Last updated on 2015-05-29 21:46:41.

Flavor Version Tinstall Tcheck Ttotal Status Flags
r-devel-linux-x86_64-debian-clang 1.0.6.1 0.65 16.14 16.79 NOTE
r-devel-linux-x86_64-debian-gcc 1.0.6.1 0.67 15.97 16.64 NOTE
r-devel-linux-x86_64-fedora-clang 1.0.6.1 35.13 NOTE
r-devel-linux-x86_64-fedora-gcc 1.0.6.1 29.31 NOTE
r-devel-osx-x86_64-clang 1.0.6.1 34.41 NOTE
r-devel-windows-ix86+x86_64 1.0.6.1 2.00 24.00 26.00 NOTE
r-patched-linux-x86_64 1.0.6.1 0.67 15.66 16.33 NOTE
r-patched-solaris-sparc 1.0.6.1 207.80 NOTE
r-patched-solaris-x86 1.0.6.1 48.60 NOTE
r-release-linux-x86_64 1.0.6.1 0.64 16.01 16.65 NOTE
r-release-osx-x86_64-mavericks 1.0.6.1 NOTE
r-release-osx-x86_64-snowleopard 1.0.6.1 ERROR
r-release-windows-ix86+x86_64 1.0.6.1 3.00 25.00 28.00 NOTE
r-oldrel-windows-ix86+x86_64 1.0.6.1 3.00 27.00 30.00 OK

Check Details

Version: 1.0.6.1
Check: DESCRIPTION meta-information
Result: NOTE
    Malformed Title field: should not end in a period.
Flavors: r-devel-linux-x86_64-debian-clang, r-devel-linux-x86_64-debian-gcc, r-devel-linux-x86_64-fedora-clang, r-devel-linux-x86_64-fedora-gcc, r-devel-osx-x86_64-clang, r-devel-windows-ix86+x86_64, r-patched-linux-x86_64, r-patched-solaris-sparc, r-patched-solaris-x86, r-release-linux-x86_64, r-release-osx-x86_64-mavericks, r-release-windows-ix86+x86_64

Version: 1.0.6.1
Check: Rd line widths
Result: NOTE
    Rd file 'InteractiveIGraph.Rd':
     \examples lines wider than 100 characters:
     # this is an 'InteractiveIGraph' object, up till now there is not much difference. Just some extra attributes.
    
    Rd file 'MenuAddItems.Rd':
     \examples lines wider than 100 characters:
     Item = list(list(label=msg, RegionParams=list(XBufCof = 0, YBufCof=0.2), RecParams=list(lwd = NA, border=NA), TextParams=list(cex=0.8 ... [TRUNCATED]
    
    These lines will be truncated in the PDF manual.
Flavors: r-devel-linux-x86_64-debian-clang, r-devel-linux-x86_64-debian-gcc, r-devel-linux-x86_64-fedora-clang, r-devel-linux-x86_64-fedora-gcc, r-patched-linux-x86_64, r-release-linux-x86_64

Version: 1.0.6.1
Check: package dependencies
Result: ERROR
    Package required but not available: ‘igraph’
    
    See section ‘The DESCRIPTION file’ in the ‘Writing R Extensions’
    manual.
Flavor: r-release-osx-x86_64-snowleopard