CRAN Package Check Results for Package InteractiveIGraph

Last updated on 2015-03-05 12:48:02.

Flavor Version Tinstall Tcheck Ttotal Status Flags
r-devel-linux-x86_64-debian-clang 1.0.6.1 0.78 16.56 17.34 NOTE
r-devel-linux-x86_64-debian-gcc 1.0.6.1 0.65 15.99 16.64 NOTE
r-devel-linux-x86_64-fedora-clang 1.0.6.1 32.17 NOTE
r-devel-linux-x86_64-fedora-gcc 1.0.6.1 29.73 NOTE
r-devel-osx-x86_64-clang 1.0.6.1 32.64 NOTE
r-devel-windows-ix86+x86_64 1.0.6.1 3.00 23.00 26.00 NOTE
r-patched-linux-x86_64 1.0.6.1 0.77 17.85 18.62 NOTE
r-patched-solaris-sparc 1.0.6.1 220.60 OK
r-patched-solaris-x86 1.0.6.1 53.80 OK
r-release-linux-ix86 1.0.6.1 1.49 25.30 26.79 NOTE
r-release-linux-x86_64 1.0.6.1 0.76 17.27 18.04 NOTE
r-release-osx-x86_64-mavericks 1.0.6.1 OK
r-release-osx-x86_64-snowleopard 1.0.6.1 OK
r-release-windows-ix86+x86_64 1.0.6.1 3.00 27.00 30.00 OK
r-oldrel-windows-ix86+x86_64 1.0.6.1 3.00 30.00 33.00 OK

Check Details

Version: 1.0.6.1
Check: DESCRIPTION meta-information
Result: NOTE
    Malformed Title field: should not end in a period.
Flavors: r-devel-linux-x86_64-debian-clang, r-devel-linux-x86_64-debian-gcc, r-devel-linux-x86_64-fedora-clang, r-devel-linux-x86_64-fedora-gcc, r-devel-osx-x86_64-clang, r-devel-windows-ix86+x86_64

Version: 1.0.6.1
Check: Rd line widths
Result: NOTE
    Rd file 'InteractiveIGraph.Rd':
     \examples lines wider than 100 characters:
     # this is an 'InteractiveIGraph' object, up till now there is not much difference. Just some extra attributes.
    
    Rd file 'MenuAddItems.Rd':
     \examples lines wider than 100 characters:
     Item = list(list(label=msg, RegionParams=list(XBufCof = 0, YBufCof=0.2), RecParams=list(lwd = NA, border=NA), TextParams=list(cex=0.8 ... [TRUNCATED]
    
    These lines will be truncated in the PDF manual.
Flavors: r-devel-linux-x86_64-debian-clang, r-devel-linux-x86_64-debian-gcc, r-devel-linux-x86_64-fedora-clang, r-devel-linux-x86_64-fedora-gcc, r-patched-linux-x86_64, r-release-linux-ix86, r-release-linux-x86_64