CRAN Package Check Results for Package InteractiveIGraph

Last updated on 2014-11-23 17:49:29.

Flavor Version Tinstall Tcheck Ttotal Status Flags
r-devel-linux-x86_64-debian-clang 1.0.6.1 0.75 17.50 18.26 NOTE
r-devel-linux-x86_64-debian-gcc 1.0.6.1 0.75 16.98 17.73 NOTE
r-devel-linux-x86_64-fedora-clang 1.0.6.1 37.65 NOTE
r-devel-linux-x86_64-fedora-gcc 1.0.6.1 33.72 NOTE
r-devel-osx-x86_64-clang 1.0.6.1 35.42 OK
r-devel-windows-ix86+x86_64 1.0.6.1 3.00 25.00 28.00 OK
r-patched-linux-x86_64 1.0.6.1 0.78 17.44 18.23 NOTE
r-patched-solaris-sparc 1.0.6.1 198.10 OK
r-patched-solaris-x86 1.0.6.1 54.60 OK
r-release-linux-ix86 1.0.6.1 1.14 22.95 24.10 OK
r-release-linux-x86_64 1.0.6.1 0.77 17.60 18.37 NOTE
r-release-osx-x86_64-mavericks 1.0.6.1 OK
r-release-osx-x86_64-snowleopard 1.0.6.1 OK
r-release-windows-ix86+x86_64 1.0.6.1 3.00 28.00 31.00 OK
r-oldrel-windows-ix86+x86_64 1.0.6.1 3.00 28.00 31.00 OK

Check Details

Version: 1.0.6.1
Check: Rd line widths
Result: NOTE
    Rd file 'InteractiveIGraph.Rd':
     \examples lines wider than 100 characters:
     # this is an 'InteractiveIGraph' object, up till now there is not much difference. Just some extra attributes.
    
    Rd file 'MenuAddItems.Rd':
     \examples lines wider than 100 characters:
     Item = list(list(label=msg, RegionParams=list(XBufCof = 0, YBufCof=0.2), RecParams=list(lwd = NA, border=NA), TextParams=list(cex=0.8 ... [TRUNCATED]
    
    These lines will be truncated in the PDF manual.
Flavors: r-devel-linux-x86_64-debian-clang, r-devel-linux-x86_64-debian-gcc, r-devel-linux-x86_64-fedora-clang, r-devel-linux-x86_64-fedora-gcc, r-patched-linux-x86_64, r-release-linux-x86_64