CRAN Package Check Results for Package InteractiveIGraph

Last updated on 2015-01-29 07:48:48.

Flavor Version Tinstall Tcheck Ttotal Status Flags
r-devel-linux-x86_64-debian-clang 1.0.6.1 0.73 16.11 16.84 NOTE
r-devel-linux-x86_64-debian-gcc 1.0.6.1 0.68 16.11 16.78 NOTE
r-devel-linux-x86_64-fedora-clang 1.0.6.1 37.28 NOTE
r-devel-linux-x86_64-fedora-gcc 1.0.6.1 33.39 NOTE
r-devel-osx-x86_64-clang 1.0.6.1 35.28 OK
r-devel-windows-ix86+x86_64 1.0.6.1 4.00 26.00 30.00 OK
r-patched-linux-x86_64 1.0.6.1 0.82 17.26 18.08 NOTE
r-patched-solaris-sparc 1.0.6.1 236.30 OK
r-patched-solaris-x86 1.0.6.1 50.60 OK
r-release-linux-ix86 1.0.6.1 1.07 23.05 24.12 OK
r-release-linux-x86_64 1.0.6.1 0.78 17.30 18.08 NOTE
r-release-osx-x86_64-mavericks 1.0.6.1 OK
r-release-osx-x86_64-snowleopard 1.0.6.1 OK
r-release-windows-ix86+x86_64 1.0.6.1 3.00 28.00 31.00 OK
r-oldrel-windows-ix86+x86_64 1.0.6.1 3.00 29.00 32.00 OK

Check Details

Version: 1.0.6.1
Check: Rd line widths
Result: NOTE
    Rd file 'InteractiveIGraph.Rd':
     \examples lines wider than 100 characters:
     # this is an 'InteractiveIGraph' object, up till now there is not much difference. Just some extra attributes.
    
    Rd file 'MenuAddItems.Rd':
     \examples lines wider than 100 characters:
     Item = list(list(label=msg, RegionParams=list(XBufCof = 0, YBufCof=0.2), RecParams=list(lwd = NA, border=NA), TextParams=list(cex=0.8 ... [TRUNCATED]
    
    These lines will be truncated in the PDF manual.
Flavors: r-devel-linux-x86_64-debian-clang, r-devel-linux-x86_64-debian-gcc, r-devel-linux-x86_64-fedora-clang, r-devel-linux-x86_64-fedora-gcc, r-patched-linux-x86_64, r-release-linux-x86_64