CRAN Package Check Results for Package InteractiveIGraph

Last updated on 2015-08-04 23:48:15.

Flavor Version Tinstall Tcheck Ttotal Status Flags
r-devel-linux-x86_64-debian-clang 1.0.6.1 0.70 16.26 16.96 NOTE
r-devel-linux-x86_64-debian-gcc 1.0.6.1 0.71 16.40 17.11 NOTE
r-devel-linux-x86_64-fedora-clang 1.0.6.1 32.86 NOTE
r-devel-linux-x86_64-fedora-gcc 1.0.6.1 29.41 NOTE
r-devel-osx-x86_64-clang 1.0.6.1 28.60 NOTE
r-devel-windows-ix86+x86_64 1.0.6.1 5.00 27.00 32.00 NOTE
r-patched-linux-x86_64 1.0.6.1 0.72 15.97 16.69 NOTE
r-patched-solaris-sparc 1.0.6.1 207.20 NOTE
r-patched-solaris-x86 1.0.6.1 45.60 NOTE
r-release-linux-x86_64 1.0.6.1 0.77 16.24 17.01 NOTE
r-release-osx-x86_64-mavericks 1.0.6.1 NOTE
r-release-windows-ix86+x86_64 1.0.6.1 5.00 29.00 34.00 NOTE
r-oldrel-windows-ix86+x86_64 1.0.6.1 5.00 34.00 39.00 OK

Check Details

Version: 1.0.6.1
Check: DESCRIPTION meta-information
Result: NOTE
    Malformed Title field: should not end in a period.
Flavors: r-devel-linux-x86_64-debian-clang, r-devel-linux-x86_64-debian-gcc, r-devel-linux-x86_64-fedora-clang, r-devel-linux-x86_64-fedora-gcc, r-devel-osx-x86_64-clang, r-devel-windows-ix86+x86_64, r-patched-linux-x86_64, r-patched-solaris-sparc, r-patched-solaris-x86, r-release-linux-x86_64, r-release-osx-x86_64-mavericks, r-release-windows-ix86+x86_64

Version: 1.0.6.1
Check: R code for possible problems
Result: NOTE
    ClearBottomMenuPlot: no visible global function definition for ‘rect’
    InteractiveIGraph : mousedown: no visible global function definition
     for ‘grconvertX’
    InteractiveIGraph : mousedown: no visible global function definition
     for ‘grconvertY’
    InteractiveIGraph : dragmousemove: no visible global function
     definition for ‘grconvertX’
    InteractiveIGraph : dragmousemove: no visible global function
     definition for ‘grconvertY’
    InteractiveIGraph : dragmousemove: no visible global function
     definition for ‘polygon’
    InteractiveIGraph : mouseup: no visible global function definition for
     ‘grconvertX’
    InteractiveIGraph : mouseup: no visible global function definition for
     ‘grconvertY’
    InteractiveIGraph : keybd: no visible global function definition for
     ‘par’
    PlotRegionGeneral: no visible global function definition for ‘polygon’
    plot.InteractiveIGraph: no visible global function definition for
     ‘plot’
    plot.InteractiveIGraph: no visible global function definition for ‘par’
    plot.Menu: no visible global function definition for ‘par’
    plot.Menu: no visible binding for global variable ‘rect’
    plot.MenuItem: no visible binding for global variable ‘strwidth’
    plot.MenuItem: no visible binding for global variable ‘strheight’
    plot.MenuItem: no visible binding for global variable ‘rect’
    plot.MenuItem: no visible binding for global variable ‘text’
    plot.MenuLine: no visible binding for global variable ‘rect’
    Undefined global functions or variables:
     grconvertX grconvertY par plot polygon rect strheight strwidth text
    Consider adding
     importFrom("graphics", "grconvertX", "grconvertY", "par", "plot",
     "polygon", "rect", "strheight", "strwidth", "text")
    to your NAMESPACE.
Flavors: r-devel-linux-x86_64-debian-clang, r-devel-linux-x86_64-debian-gcc, r-devel-linux-x86_64-fedora-clang, r-devel-linux-x86_64-fedora-gcc

Version: 1.0.6.1
Check: Rd line widths
Result: NOTE
    Rd file 'InteractiveIGraph.Rd':
     \examples lines wider than 100 characters:
     # this is an 'InteractiveIGraph' object, up till now there is not much difference. Just some extra attributes.
    
    Rd file 'MenuAddItems.Rd':
     \examples lines wider than 100 characters:
     Item = list(list(label=msg, RegionParams=list(XBufCof = 0, YBufCof=0.2), RecParams=list(lwd = NA, border=NA), TextParams=list(cex=0.8 ... [TRUNCATED]
    
    These lines will be truncated in the PDF manual.
Flavors: r-devel-linux-x86_64-debian-clang, r-devel-linux-x86_64-debian-gcc, r-devel-linux-x86_64-fedora-clang, r-devel-linux-x86_64-fedora-gcc, r-patched-linux-x86_64, r-release-linux-x86_64

Version: 1.0.6.1
Check: R code for possible problems
Result: NOTE
    ClearBottomMenuPlot: no visible global function definition for 'rect'
    InteractiveIGraph : mousedown: no visible global function definition
     for 'grconvertX'
    InteractiveIGraph : mousedown: no visible global function definition
     for 'grconvertY'
    InteractiveIGraph : dragmousemove: no visible global function
     definition for 'grconvertX'
    InteractiveIGraph : dragmousemove: no visible global function
     definition for 'grconvertY'
    InteractiveIGraph : dragmousemove: no visible global function
     definition for 'polygon'
    InteractiveIGraph : mouseup: no visible global function definition for
     'grconvertX'
    InteractiveIGraph : mouseup: no visible global function definition for
     'grconvertY'
    InteractiveIGraph : keybd: no visible global function definition for
     'readClipboard'
    InteractiveIGraph : keybd: no visible global function definition for
     'par'
    PlotRegionGeneral: no visible global function definition for 'polygon'
    plot.InteractiveIGraph: no visible global function definition for
     'plot'
    plot.InteractiveIGraph: no visible global function definition for 'par'
    plot.Menu: no visible global function definition for 'par'
    plot.Menu: no visible binding for global variable 'rect'
    plot.MenuItem: no visible binding for global variable 'strwidth'
    plot.MenuItem: no visible binding for global variable 'strheight'
    plot.MenuItem: no visible binding for global variable 'rect'
    plot.MenuItem: no visible binding for global variable 'text'
    plot.MenuLine: no visible binding for global variable 'rect'
    Undefined global functions or variables:
     grconvertX grconvertY par plot polygon readClipboard rect strheight
     strwidth text
    Consider adding
     importFrom("graphics", "grconvertX", "grconvertY", "par", "plot",
     "polygon", "rect", "strheight", "strwidth", "text")
     importFrom("utils", "readClipboard")
    to your NAMESPACE.
Flavor: r-devel-windows-ix86+x86_64