CRAN Package Check Results for Package InteractiveIGraph

Last updated on 2014-04-17 20:47:36.

Flavor Version Tinstall Tcheck Ttotal Status Flags
r-devel-linux-x86_64-debian-clang 1.0.6.1 0.82 16.89 17.71 OK
r-devel-linux-x86_64-debian-gcc 1.0.6.1 0.82 16.97 17.79 OK
r-devel-linux-x86_64-fedora-clang 1.0.6.1 36.56 NOTE
r-devel-linux-x86_64-fedora-gcc 1.0.6.1 34.40 NOTE
r-devel-macosx-x86_64-clang 1.0.6.1 34.43 OK
r-devel-macosx-x86_64-gcc 1.0.6.1 ERROR
r-devel-windows-ix86+x86_64 1.0.6.1 2.00 25.00 27.00 OK
r-patched-linux-x86_64 1.0.6.1 0.82 16.84 17.66 OK
r-patched-solaris-sparc 1.0.6.1 197.10 OK
r-patched-solaris-x86 1.0.6.1 48.40 OK
r-release-linux-ix86 1.0.6.1 3.00 33.00 36.00 OK
r-release-linux-x86_64 1.0.6.1 0.81 17.17 17.98 OK
r-release-macosx-x86_64 1.0.6.1 OK
r-release-windows-ix86+x86_64 1.0.6.1 2.00 26.00 28.00 OK
r-oldrel-windows-ix86+x86_64 1.0.6.1 2.00 26.00 28.00 OK

Check Details

Version: 1.0.6.1
Check: Rd line widths
Result: NOTE
    Rd file 'InteractiveIGraph.Rd':
     \examples lines wider than 100 characters:
     # this is an 'InteractiveIGraph' object, up till now there is not much difference. Just some extra attributes.
    
    Rd file 'MenuAddItems.Rd':
     \examples lines wider than 100 characters:
     Item = list(list(label=msg, RegionParams=list(XBufCof = 0, YBufCof=0.2), RecParams=list(lwd = NA, border=NA), TextParams=list(cex=0.8 ... [TRUNCATED]
    
    These lines will be truncated in the PDF manual.
Flavors: r-devel-linux-x86_64-fedora-clang, r-devel-linux-x86_64-fedora-gcc

Version: 1.0.6.1
Check: package dependencies
Result: ERROR
    Package required but not available: ‘igraph’
    
    See the information on DESCRIPTION files in the chapter ‘Creating R
    packages’ of the ‘Writing R Extensions’ manual.
Flavor: r-devel-macosx-x86_64-gcc