CRAN Package Check Results for Package Interpol.T

Last updated on 2016-09-25 18:48:04.

Flavor Version Tinstall Tcheck Ttotal Status Flags
r-devel-linux-x86_64-debian-clang 2.1.1 1.13 34.31 35.44 NOTE
r-devel-linux-x86_64-debian-gcc 2.1.1 1.21 32.78 33.99 NOTE
r-devel-linux-x86_64-fedora-clang 2.1.1 59.63 NOTE
r-devel-linux-x86_64-fedora-gcc 2.1.1 55.66 NOTE
r-devel-macos-x86_64-clang 2.1.1 48.84 NOTE
r-devel-windows-ix86+x86_64 2.1.1 7.00 62.00 69.00 NOTE
r-patched-linux-x86_64 2.1.1 1.38 32.94 34.32 NOTE
r-patched-solaris-sparc 2.1.1 380.20 NOTE
r-patched-solaris-x86 2.1.1 83.30 NOTE
r-release-linux-x86_64 2.1.1 1.19 33.07 34.26 NOTE
r-release-osx-x86_64-mavericks 2.1.1 NOTE
r-release-windows-ix86+x86_64 2.1.1 3.00 63.00 66.00 NOTE
r-oldrel-windows-ix86+x86_64 2.1.1 6.00 76.00 82.00 NOTE

Check Details

Version: 2.1.1
Check: dependencies in R code
Result: NOTE
    Packages in Depends field not imported from:
     ‘chron’ ‘date’
     These packages need to be imported from (in the NAMESPACE file)
     for when this namespace is loaded but not attached.
Flavors: r-devel-linux-x86_64-debian-clang, r-devel-linux-x86_64-debian-gcc, r-devel-linux-x86_64-fedora-clang, r-devel-linux-x86_64-fedora-gcc, r-devel-macos-x86_64-clang, r-devel-windows-ix86+x86_64, r-patched-linux-x86_64, r-patched-solaris-sparc, r-patched-solaris-x86, r-release-linux-x86_64, r-release-osx-x86_64-mavericks, r-release-windows-ix86+x86_64, r-oldrel-windows-ix86+x86_64

Version: 2.1.1
Check: R code for possible problems
Result: NOTE
    Mo.Th.Ra.: no visible global function definition for ‘aggregate’
    daily_mean: no visible global function definition for ‘aggregate’
    date.time: no visible global function definition for ‘chron’
    date.time: no visible global function definition for ‘years’
    date.time: no visible global function definition for ‘days’
    date.time: no visible global function definition for ‘hours’
    par_calibration: no visible global function definition for ‘date.mdy’
    par_calibration: no visible global function definition for ‘as.date’
    par_calibration: no visible global function definition for ‘aggregate’
    plot_meas_sim: no visible global function definition for ‘as.date’
    plot_meas_sim: no visible global function definition for ‘date.mdy’
    plot_meas_sim: no visible global function definition for ‘plot’
    plot_meas_sim: no visible global function definition for ‘par’
    plot_meas_sim: no visible global function definition for ‘legend’
    shape_calibration: no visible global function definition for ‘date.mdy’
    shape_calibration: no visible global function definition for ‘as.date’
    shape_calibration: no visible global function definition for
     ‘aggregate’
    Undefined global functions or variables:
     aggregate as.date chron date.mdy days hours legend par plot years
    Consider adding
     importFrom("graphics", "legend", "par", "plot")
     importFrom("stats", "aggregate")
    to your NAMESPACE file.
Flavors: r-devel-linux-x86_64-debian-clang, r-devel-linux-x86_64-debian-gcc, r-devel-linux-x86_64-fedora-clang, r-devel-linux-x86_64-fedora-gcc, r-devel-macos-x86_64-clang, r-devel-windows-ix86+x86_64, r-patched-linux-x86_64, r-patched-solaris-sparc, r-patched-solaris-x86, r-release-linux-x86_64, r-release-osx-x86_64-mavericks, r-release-windows-ix86+x86_64

Version: 2.1.1
Check: R code for possible problems
Result: NOTE
    date.time: no visible global function definition for 'chron'
    date.time: no visible global function definition for 'years'
    date.time: no visible global function definition for 'days'
    date.time: no visible global function definition for 'hours'
    par_calibration: no visible global function definition for 'date.mdy'
    par_calibration: no visible global function definition for 'as.date'
    plot_meas_sim: no visible global function definition for 'as.date'
    plot_meas_sim: no visible global function definition for 'date.mdy'
    shape_calibration: no visible global function definition for 'date.mdy'
    shape_calibration: no visible global function definition for 'as.date'
Flavor: r-oldrel-windows-ix86+x86_64