CRAN Package Check Results for Package Interpol.T

Last updated on 2015-02-27 11:48:45.

Flavor Version Tinstall Tcheck Ttotal Status Flags
r-devel-linux-x86_64-debian-clang 2.1.1 1.17 34.76 35.93 NOTE
r-devel-linux-x86_64-debian-gcc 2.1.1 1.16 32.28 33.44 NOTE
r-devel-linux-x86_64-fedora-clang 2.1.1 63.12 NOTE
r-devel-linux-x86_64-fedora-gcc 2.1.1 56.92 NOTE
r-devel-osx-x86_64-clang 2.1.1 67.17 NOTE
r-devel-windows-ix86+x86_64 2.1.1 5.00 50.00 55.00 NOTE
r-patched-linux-x86_64 2.1.1 1.26 36.68 37.93 NOTE
r-patched-solaris-sparc 2.1.1 440.80 NOTE
r-patched-solaris-x86 2.1.1 96.70 NOTE
r-release-linux-ix86 2.1.1 1.92 45.09 47.02 NOTE
r-release-linux-x86_64 2.1.1 1.33 36.56 37.90 NOTE
r-release-osx-x86_64-mavericks 2.1.1 NOTE
r-release-osx-x86_64-snowleopard 2.1.1 OK
r-release-windows-ix86+x86_64 2.1.1 5.00 54.00 59.00 NOTE
r-oldrel-windows-ix86+x86_64 2.1.1 5.00 52.00 57.00 NOTE

Check Details

Version: 2.1.1
Check: dependencies in R code
Result: NOTE
    Packages in Depends field not imported from:
     ‘chron’ ‘date’
     These packages need to be imported from (in the NAMESPACE file)
     for when this namespace is loaded but not attached.
Flavors: r-devel-linux-x86_64-debian-clang, r-devel-linux-x86_64-debian-gcc, r-devel-linux-x86_64-fedora-clang, r-devel-linux-x86_64-fedora-gcc, r-devel-osx-x86_64-clang, r-devel-windows-ix86+x86_64, r-patched-linux-x86_64, r-patched-solaris-x86

Version: 2.1.1
Check: R code for possible problems
Result: NOTE
    date.time: no visible global function definition for ‘chron’
    date.time: no visible global function definition for ‘years’
    date.time: no visible global function definition for ‘days’
    date.time: no visible global function definition for ‘hours’
    par_calibration: no visible global function definition for ‘date.mdy’
    par_calibration: no visible global function definition for ‘as.date’
    plot_meas_sim: no visible global function definition for ‘as.date’
    plot_meas_sim: no visible global function definition for ‘date.mdy’
    shape_calibration: no visible global function definition for ‘date.mdy’
    shape_calibration: no visible global function definition for ‘as.date’
Flavors: r-devel-linux-x86_64-debian-clang, r-devel-linux-x86_64-debian-gcc, r-devel-linux-x86_64-fedora-clang, r-devel-linux-x86_64-fedora-gcc, r-devel-osx-x86_64-clang, r-devel-windows-ix86+x86_64, r-patched-linux-x86_64, r-patched-solaris-sparc, r-patched-solaris-x86, r-release-linux-ix86, r-release-linux-x86_64, r-release-osx-x86_64-mavericks, r-release-windows-ix86+x86_64

Version: 2.1.1
Check: dependencies in R code
Result: NOTE
    Packages in Depends field not imported from:
     ‘chron’ ‘date’
     These packages need to be imported from (in the NAMESPACE file)
     for when this namespace is loaded but not attached.
    See the information on DESCRIPTION files in the chapter ‘Creating R
    packages’ of the ‘Writing R Extensions’ manual.
Flavors: r-patched-solaris-sparc, r-release-linux-ix86, r-release-linux-x86_64, r-release-osx-x86_64-mavericks, r-release-windows-ix86+x86_64, r-oldrel-windows-ix86+x86_64