CRAN Package Check Results for Package Interpol.T

Last updated on 2014-04-24 11:48:48.

Flavor Version Tinstall Tcheck Ttotal Status Flags
r-devel-linux-x86_64-debian-clang 2.1.1 1.37 36.86 38.22 NOTE
r-devel-linux-x86_64-debian-gcc 2.1.1 1.26 36.76 38.02 NOTE
r-devel-linux-x86_64-fedora-clang 2.1.1 70.94 NOTE
r-devel-linux-x86_64-fedora-gcc 2.1.1 69.04 NOTE
r-devel-osx-x86_64-clang 2.1.1 69.87 NOTE
r-devel-osx-x86_64-gcc 2.1.1 NOTE
r-devel-windows-ix86+x86_64 2.1.1 3.00 53.00 56.00 NOTE
r-patched-linux-x86_64 2.1.1 1.38 37.14 38.52 NOTE
r-patched-solaris-sparc 2.1.1 412.60 NOTE
r-patched-solaris-x86 2.1.1 91.80 NOTE
r-release-linux-ix86 2.1.1 2.00 60.00 62.00 NOTE
r-release-linux-x86_64 2.1.1 1.27 36.16 37.42 NOTE
r-release-osx-x86_64-mavericks 2.1.1 WARN
r-release-osx-x86_64-snowleopard 2.1.1 OK
r-release-windows-ix86+x86_64 2.1.1 4.00 52.00 56.00 NOTE
r-oldrel-windows-ix86+x86_64 2.1.1 4.00 51.00 55.00 NOTE

Check Details

Version: 2.1.1
Check: dependencies in R code
Result: NOTE
    Packages in Depends field not imported from:
     ‘chron’ ‘date’
     These packages need to be imported from (in the NAMESPACE file)
     for when this namespace is loaded but not attached.
    See the information on DESCRIPTION files in the chapter ‘Creating R
    packages’ of the ‘Writing R Extensions’ manual.
Flavors: r-devel-linux-x86_64-debian-clang, r-devel-linux-x86_64-debian-gcc, r-devel-linux-x86_64-fedora-clang, r-devel-linux-x86_64-fedora-gcc, r-devel-osx-x86_64-clang, r-devel-osx-x86_64-gcc, r-devel-windows-ix86+x86_64, r-patched-linux-x86_64, r-patched-solaris-sparc, r-patched-solaris-x86, r-release-linux-ix86, r-release-linux-x86_64, r-release-osx-x86_64-mavericks, r-release-windows-ix86+x86_64, r-oldrel-windows-ix86+x86_64

Version: 2.1.1
Check: PDF version of manual
Result: WARNING
    LaTeX errors when creating PDF version.
    This typically indicates Rd problems.
    LaTeX errors found:
    ! LaTeX Error: File `upquote.sty' not found.
    
    Type X to quit or <RETURN> to proceed,
    or enter new name. (Default extension: sty)
    
    5473327/Rd2.tex:8: ==> Fatal error occurred, no output PDF file produced!
Flavor: r-release-osx-x86_64-mavericks