CRAN Package Check Results for Package Interpol.T

Last updated on 2014-10-22 21:47:26.

Flavor Version Tinstall Tcheck Ttotal Status Flags
r-devel-linux-x86_64-debian-clang 2.1.1 1.32 36.39 37.70 NOTE
r-devel-linux-x86_64-debian-gcc 2.1.1 1.27 34.51 35.78 NOTE
r-devel-linux-x86_64-fedora-clang 2.1.1 72.05 NOTE
r-devel-linux-x86_64-fedora-gcc 2.1.1 67.47 NOTE
r-devel-osx-x86_64-clang 2.1.1 68.95 NOTE
r-devel-windows-ix86+x86_64 2.1.1 4.00 47.00 51.00 NOTE
r-patched-linux-x86_64 2.1.1 1.42 36.77 38.19 NOTE
r-patched-solaris-sparc 2.1.1 416.10 NOTE
r-patched-solaris-x86 2.1.1 97.70 NOTE
r-release-linux-ix86 2.1.1 1.96 46.08 48.04 NOTE
r-release-linux-x86_64 2.1.1 1.33 35.95 37.28 NOTE
r-release-osx-x86_64-mavericks 2.1.1 NOTE
r-release-osx-x86_64-snowleopard 2.1.1 OK
r-release-windows-ix86+x86_64 2.1.1 4.00 54.00 58.00 NOTE
r-oldrel-windows-ix86+x86_64 2.1.1 5.00 51.00 56.00 NOTE

Check Details

Version: 2.1.1
Check: dependencies in R code
Result: NOTE
    Packages in Depends field not imported from:
     ‘chron’ ‘date’
     These packages need to be imported from (in the NAMESPACE file)
     for when this namespace is loaded but not attached.
    See the information on DESCRIPTION files in the chapter ‘Creating R
    packages’ of the ‘Writing R Extensions’ manual.
Flavors: r-devel-linux-x86_64-debian-clang, r-devel-linux-x86_64-debian-gcc, r-devel-linux-x86_64-fedora-clang, r-devel-linux-x86_64-fedora-gcc, r-devel-osx-x86_64-clang, r-devel-windows-ix86+x86_64, r-patched-linux-x86_64, r-patched-solaris-sparc, r-patched-solaris-x86, r-release-linux-ix86, r-release-linux-x86_64, r-release-osx-x86_64-mavericks, r-release-windows-ix86+x86_64, r-oldrel-windows-ix86+x86_64

Version: 2.1.1
Check: R code for possible problems
Result: NOTE
    date.time: no visible global function definition for ‘chron’
    date.time: no visible global function definition for ‘years’
    date.time: no visible global function definition for ‘days’
    date.time: no visible global function definition for ‘hours’
    par_calibration: no visible global function definition for ‘date.mdy’
    par_calibration: no visible global function definition for ‘as.date’
    plot_meas_sim: no visible global function definition for ‘as.date’
    plot_meas_sim: no visible global function definition for ‘date.mdy’
    shape_calibration: no visible global function definition for ‘date.mdy’
    shape_calibration: no visible global function definition for ‘as.date’
Flavors: r-devel-linux-x86_64-debian-clang, r-devel-linux-x86_64-debian-gcc, r-devel-linux-x86_64-fedora-clang, r-devel-linux-x86_64-fedora-gcc, r-devel-osx-x86_64-clang, r-devel-windows-ix86+x86_64, r-patched-linux-x86_64, r-patched-solaris-x86