CRAN Package Check Results for Package Interpol.T

Last updated on 2014-07-26 16:48:38.

Flavor Version Tinstall Tcheck Ttotal Status Flags
r-devel-linux-x86_64-debian-clang 2.1.1 1.28 36.92 38.20 NOTE
r-devel-linux-x86_64-debian-gcc 2.1.1 1.31 35.38 36.68 NOTE
r-devel-linux-x86_64-fedora-clang 2.1.1 73.56 NOTE
r-devel-linux-x86_64-fedora-gcc 2.1.1 67.15 NOTE
r-devel-osx-x86_64-clang 2.1.1 65.79 NOTE
r-devel-windows-ix86+x86_64 2.1.1 4.00 52.00 56.00 NOTE
r-patched-linux-x86_64 2.1.1 1.24 35.08 36.33 NOTE
r-patched-solaris-sparc 2.1.1 412.60 NOTE
r-patched-solaris-x86 2.1.1 98.60 NOTE
r-release-linux-ix86 2.1.1 1.72 45.33 47.04 NOTE
r-release-linux-x86_64 2.1.1 1.24 35.51 36.75 NOTE
r-release-osx-x86_64-mavericks 2.1.1 NOTE
r-release-osx-x86_64-snowleopard 2.1.1 OK
r-release-windows-ix86+x86_64 2.1.1 4.00 53.00 57.00 NOTE
r-oldrel-windows-ix86+x86_64 2.1.1 4.00 48.00 52.00 NOTE

Check Details

Version: 2.1.1
Check: dependencies in R code
Result: NOTE
    Packages in Depends field not imported from:
     ‘chron’ ‘date’
     These packages need to be imported from (in the NAMESPACE file)
     for when this namespace is loaded but not attached.
    See the information on DESCRIPTION files in the chapter ‘Creating R
    packages’ of the ‘Writing R Extensions’ manual.
Flavors: r-devel-linux-x86_64-debian-clang, r-devel-linux-x86_64-debian-gcc, r-devel-linux-x86_64-fedora-clang, r-devel-linux-x86_64-fedora-gcc, r-devel-osx-x86_64-clang, r-devel-windows-ix86+x86_64, r-patched-linux-x86_64, r-patched-solaris-sparc, r-patched-solaris-x86, r-release-linux-ix86, r-release-linux-x86_64, r-release-osx-x86_64-mavericks, r-release-windows-ix86+x86_64, r-oldrel-windows-ix86+x86_64