CRAN Package Check Results for Package Interpol.T

Last updated on 2015-05-27 09:47:54.

Flavor Version Tinstall Tcheck Ttotal Status Flags
r-devel-linux-x86_64-debian-clang 2.1.1 1.17 34.52 35.69 NOTE
r-devel-linux-x86_64-debian-gcc 2.1.1 1.18 32.76 33.94 NOTE
r-devel-linux-x86_64-fedora-clang 2.1.1 56.01 NOTE
r-devel-linux-x86_64-fedora-gcc 2.1.1 57.84 NOTE
r-devel-osx-x86_64-clang 2.1.1 66.37 NOTE
r-devel-windows-ix86+x86_64 2.1.1 4.00 53.00 57.00 NOTE
r-patched-linux-x86_64 2.1.1 1.20 32.60 33.81 NOTE
r-patched-solaris-sparc 2.1.1 390.00 NOTE
r-patched-solaris-x86 2.1.1 90.30 NOTE
r-release-linux-x86_64 2.1.1 1.16 32.79 33.95 NOTE
r-release-osx-x86_64-mavericks 2.1.1 NOTE
r-release-osx-x86_64-snowleopard 2.1.1 NOTE
r-release-windows-ix86+x86_64 2.1.1 4.00 53.00 57.00 NOTE
r-oldrel-windows-ix86+x86_64 2.1.1 6.00 51.00 57.00 NOTE

Check Details

Version: 2.1.1
Check: dependencies in R code
Result: NOTE
    Packages in Depends field not imported from:
     ‘chron’ ‘date’
     These packages need to be imported from (in the NAMESPACE file)
     for when this namespace is loaded but not attached.
Flavors: r-devel-linux-x86_64-debian-clang, r-devel-linux-x86_64-debian-gcc, r-devel-linux-x86_64-fedora-clang, r-devel-linux-x86_64-fedora-gcc, r-devel-osx-x86_64-clang, r-devel-windows-ix86+x86_64, r-patched-linux-x86_64, r-patched-solaris-sparc, r-patched-solaris-x86, r-release-linux-x86_64, r-release-osx-x86_64-mavericks, r-release-osx-x86_64-snowleopard, r-release-windows-ix86+x86_64, r-oldrel-windows-ix86+x86_64

Version: 2.1.1
Check: R code for possible problems
Result: NOTE
    date.time: no visible global function definition for ‘chron’
    date.time: no visible global function definition for ‘years’
    date.time: no visible global function definition for ‘days’
    date.time: no visible global function definition for ‘hours’
    par_calibration: no visible global function definition for ‘date.mdy’
    par_calibration: no visible global function definition for ‘as.date’
    plot_meas_sim: no visible global function definition for ‘as.date’
    plot_meas_sim: no visible global function definition for ‘date.mdy’
    shape_calibration: no visible global function definition for ‘date.mdy’
    shape_calibration: no visible global function definition for ‘as.date’
Flavors: r-devel-linux-x86_64-debian-clang, r-devel-linux-x86_64-debian-gcc, r-devel-linux-x86_64-fedora-clang, r-devel-linux-x86_64-fedora-gcc, r-devel-osx-x86_64-clang, r-devel-windows-ix86+x86_64, r-patched-linux-x86_64, r-patched-solaris-sparc, r-patched-solaris-x86, r-release-linux-x86_64, r-release-osx-x86_64-mavericks, r-release-osx-x86_64-snowleopard, r-release-windows-ix86+x86_64, r-oldrel-windows-ix86+x86_64