CRAN Package Check Results for Package Irescale

Last updated on 2024-02-28 15:49:25 CET.

Flavor Version Tinstall Tcheck Ttotal Status Flags
r-devel-linux-x86_64-debian-clang 2.3.0 9.39 151.21 160.60 NOTE
r-devel-linux-x86_64-debian-gcc 2.3.0 9.59 113.25 122.84 NOTE
r-devel-linux-x86_64-fedora-clang 2.3.0 195.30 NOTE
r-devel-linux-x86_64-fedora-gcc 2.3.0 215.43 NOTE
r-devel-windows-x86_64 2.3.0 11.00 153.00 164.00 NOTE
r-patched-linux-x86_64 2.3.0 13.43 144.31 157.74 NOTE
r-release-linux-x86_64 2.3.0 11.29 143.37 154.66 NOTE
r-release-macos-arm64 2.3.0 69.00 NOTE
r-release-macos-x86_64 2.3.0 123.00 NOTE
r-release-windows-x86_64 2.3.0 15.00 160.00 175.00 NOTE
r-oldrel-macos-arm64 2.3.0 57.00 NOTE
r-oldrel-windows-x86_64 2.3.0 15.00 164.00 179.00 NOTE

Check Details

Version: 2.3.0
Check: Rd files
Result: NOTE checkRd: (-1) saveFile.Rd:15: Lost braces; missing escapes or markup? 15 | \code{saveFile} Saves a csv report with the following columns: Convex Hull Area, Convex Hull Centroid X, Convex Hull Centroid Y, Sample Size, Ichen, Iscaled, pvalue , Mean, MeanScaled, STD DEV, SDScaled, Q_{1\%}, Q_{1\%Scaled}, $Q_{99\%}, Q_{99\%Scaled}, Max, Max_{Scaled}, Min, Min_{Scaled}, Skew,Skew_Scaled, Kutorsis,Kutorsis_Scaled. | ^ checkRd: (-1) saveFile.Rd:15: Lost braces; missing escapes or markup? 15 | \code{saveFile} Saves a csv report with the following columns: Convex Hull Area, Convex Hull Centroid X, Convex Hull Centroid Y, Sample Size, Ichen, Iscaled, pvalue , Mean, MeanScaled, STD DEV, SDScaled, Q_{1\%}, Q_{1\%Scaled}, $Q_{99\%}, Q_{99\%Scaled}, Max, Max_{Scaled}, Min, Min_{Scaled}, Skew,Skew_Scaled, Kutorsis,Kutorsis_Scaled. | ^ checkRd: (-1) saveFile.Rd:15: Lost braces; missing escapes or markup? 15 | \code{saveFile} Saves a csv report with the following columns: Convex Hull Area, Convex Hull Centroid X, Convex Hull Centroid Y, Sample Size, Ichen, Iscaled, pvalue , Mean, MeanScaled, STD DEV, SDScaled, Q_{1\%}, Q_{1\%Scaled}, $Q_{99\%}, Q_{99\%Scaled}, Max, Max_{Scaled}, Min, Min_{Scaled}, Skew,Skew_Scaled, Kutorsis,Kutorsis_Scaled. | ^ checkRd: (-1) saveFile.Rd:15: Lost braces; missing escapes or markup? 15 | \code{saveFile} Saves a csv report with the following columns: Convex Hull Area, Convex Hull Centroid X, Convex Hull Centroid Y, Sample Size, Ichen, Iscaled, pvalue , Mean, MeanScaled, STD DEV, SDScaled, Q_{1\%}, Q_{1\%Scaled}, $Q_{99\%}, Q_{99\%Scaled}, Max, Max_{Scaled}, Min, Min_{Scaled}, Skew,Skew_Scaled, Kutorsis,Kutorsis_Scaled. | ^ checkRd: (-1) saveFile.Rd:15: Lost braces; missing escapes or markup? 15 | \code{saveFile} Saves a csv report with the following columns: Convex Hull Area, Convex Hull Centroid X, Convex Hull Centroid Y, Sample Size, Ichen, Iscaled, pvalue , Mean, MeanScaled, STD DEV, SDScaled, Q_{1\%}, Q_{1\%Scaled}, $Q_{99\%}, Q_{99\%Scaled}, Max, Max_{Scaled}, Min, Min_{Scaled}, Skew,Skew_Scaled, Kutorsis,Kutorsis_Scaled. | ^ checkRd: (-1) saveFile.Rd:15: Lost braces; missing escapes or markup? 15 | \code{saveFile} Saves a csv report with the following columns: Convex Hull Area, Convex Hull Centroid X, Convex Hull Centroid Y, Sample Size, Ichen, Iscaled, pvalue , Mean, MeanScaled, STD DEV, SDScaled, Q_{1\%}, Q_{1\%Scaled}, $Q_{99\%}, Q_{99\%Scaled}, Max, Max_{Scaled}, Min, Min_{Scaled}, Skew,Skew_Scaled, Kutorsis,Kutorsis_Scaled. | ^ Flavors: r-devel-linux-x86_64-debian-clang, r-devel-linux-x86_64-debian-gcc, r-devel-linux-x86_64-fedora-clang, r-devel-linux-x86_64-fedora-gcc

Version: 2.3.0
Check: LazyData
Result: NOTE 'LazyData' is specified without a 'data' directory Flavors: r-devel-linux-x86_64-debian-clang, r-devel-linux-x86_64-debian-gcc, r-devel-linux-x86_64-fedora-clang, r-devel-linux-x86_64-fedora-gcc, r-devel-windows-x86_64, r-patched-linux-x86_64, r-release-linux-x86_64, r-release-macos-arm64, r-release-macos-x86_64, r-release-windows-x86_64, r-oldrel-macos-arm64, r-oldrel-windows-x86_64