CRAN Package Check Results for Package Iso

Last updated on 2017-06-22 13:46:49.

Flavor Version Tinstall Tcheck Ttotal Status Flags
r-devel-linux-x86_64-debian-clang 0.0-17 1.52 11.52 13.03 NOTE
r-devel-linux-x86_64-debian-gcc 0.0-17 1.53 12.11 13.64 NOTE
r-devel-linux-x86_64-fedora-clang 0.0-17 21.51 NOTE
r-devel-linux-x86_64-fedora-gcc 0.0-17 20.07 NOTE
r-devel-windows-ix86+x86_64 0.0-17 10.00 33.00 43.00 NOTE
r-patched-linux-x86_64 0.0-17 1.44 11.71 13.15 NOTE
r-patched-solaris-sparc 0.0-17 120.40 NOTE
r-patched-solaris-x86 0.0-17 28.60 NOTE
r-release-linux-x86_64 0.0-17 1.37 11.33 12.70 NOTE
r-release-windows-ix86+x86_64 0.0-17 10.00 29.00 39.00 NOTE
r-release-osx-x86_64 0.0-17 NOTE
r-oldrel-windows-ix86+x86_64 0.0-17 6.00 26.00 32.00 NOTE
r-oldrel-osx-x86_64 0.0-17 NOTE

Check Details

Version: 0.0-17
Check: R code for possible problems
Result: NOTE
    ufit: no visible global function definition for ‘stepfun’
    Undefined global functions or variables:
     stepfun
    Consider adding
     importFrom("stats", "stepfun")
    to your NAMESPACE file.
Flavors: r-devel-linux-x86_64-debian-clang, r-devel-linux-x86_64-debian-gcc, r-devel-linux-x86_64-fedora-clang, r-devel-linux-x86_64-fedora-gcc, r-devel-windows-ix86+x86_64, r-patched-linux-x86_64, r-patched-solaris-sparc, r-patched-solaris-x86, r-release-linux-x86_64, r-release-windows-ix86+x86_64, r-release-osx-x86_64, r-oldrel-windows-ix86+x86_64, r-oldrel-osx-x86_64

Version: 0.0-17
Check: compiled code
Result: NOTE
    File ‘Iso/libs/Iso.so’:
     Found no calls to: ‘R_registerRoutines’, ‘R_useDynamicSymbols’
    
    It is good practice to register native routines and to disable symbol
    search.
    
    See ‘Writing portable packages’ in the ‘Writing R Extensions’ manual.
Flavors: r-devel-linux-x86_64-debian-clang, r-devel-linux-x86_64-debian-gcc, r-devel-linux-x86_64-fedora-clang, r-devel-linux-x86_64-fedora-gcc, r-patched-linux-x86_64, r-release-linux-x86_64