CRAN Package Check Results for Package Iso

Last updated on 2016-07-30 04:49:06.

Flavor Version Tinstall Tcheck Ttotal Status Flags
r-devel-linux-x86_64-debian-clang 0.0-17 1.27 9.15 10.43 NOTE
r-devel-linux-x86_64-debian-gcc 0.0-17 1.35 8.87 10.22 NOTE
r-devel-linux-x86_64-fedora-clang 0.0-17 16.36 NOTE
r-devel-linux-x86_64-fedora-gcc 0.0-17 15.17 NOTE
r-devel-osx-x86_64-clang 0.0-17 15.73 NOTE
r-devel-windows-ix86+x86_64 0.0-17 37.00 28.00 65.00 NOTE
r-patched-linux-x86_64 0.0-17 1.63 11.36 12.99 NOTE
r-patched-solaris-sparc 0.0-17 100.30 NOTE
r-patched-solaris-x86 0.0-17 23.50 NOTE
r-release-linux-x86_64 0.0-17 1.36 11.43 12.80 NOTE
r-release-osx-x86_64-mavericks 0.0-17 NOTE
r-release-windows-ix86+x86_64 0.0-17 12.00 43.00 55.00 NOTE
r-oldrel-windows-ix86+x86_64 0.0-17 9.00 20.00 29.00 OK

Check Details

Version: 0.0-17
Check: R code for possible problems
Result: NOTE
    ufit: no visible global function definition for ‘stepfun’
    Undefined global functions or variables:
     stepfun
    Consider adding
     importFrom("stats", "stepfun")
    to your NAMESPACE file.
Flavors: r-devel-linux-x86_64-debian-clang, r-devel-linux-x86_64-debian-gcc, r-devel-linux-x86_64-fedora-clang, r-devel-linux-x86_64-fedora-gcc, r-devel-osx-x86_64-clang, r-devel-windows-ix86+x86_64, r-patched-linux-x86_64, r-patched-solaris-sparc, r-patched-solaris-x86, r-release-linux-x86_64, r-release-osx-x86_64-mavericks, r-release-windows-ix86+x86_64