CRAN Package Check Results for Package Iso

Last updated on 2015-05-28 03:47:28.

Flavor Version Tinstall Tcheck Ttotal Status Flags
r-devel-linux-x86_64-debian-clang 0.0-15 1.23 9.26 10.49 NOTE
r-devel-linux-x86_64-debian-gcc 0.0-15 1.31 8.71 10.02 NOTE
r-devel-linux-x86_64-fedora-clang 0.0-15 18.66 NOTE
r-devel-linux-x86_64-fedora-gcc 0.0-15 16.98 NOTE
r-devel-osx-x86_64-clang 0.0-15 23.05 NOTE
r-devel-windows-ix86+x86_64 0.0-15 10.00 20.00 30.00 NOTE
r-patched-linux-x86_64 0.0-15 1.23 8.67 9.90 NOTE
r-patched-solaris-sparc 0.0-15 120.70 NOTE
r-patched-solaris-x86 0.0-15 28.60 NOTE
r-release-linux-x86_64 0.0-15 1.19 8.91 10.10 NOTE
r-release-osx-x86_64-mavericks 0.0-15 NOTE
r-release-osx-x86_64-snowleopard 0.0-15 NOTE
r-release-windows-ix86+x86_64 0.0-15 5.00 20.00 25.00 NOTE
r-oldrel-windows-ix86+x86_64 0.0-15 11.00 28.00 39.00 OK

Check Details

Version: 0.0-15
Check: DESCRIPTION meta-information
Result: NOTE
    Malformed Title field: should not end in a period.
Flavors: r-devel-linux-x86_64-debian-clang, r-devel-linux-x86_64-debian-gcc, r-devel-linux-x86_64-fedora-clang, r-devel-linux-x86_64-fedora-gcc, r-devel-osx-x86_64-clang, r-devel-windows-ix86+x86_64, r-patched-linux-x86_64, r-patched-solaris-sparc, r-patched-solaris-x86, r-release-linux-x86_64, r-release-osx-x86_64-mavericks, r-release-osx-x86_64-snowleopard, r-release-windows-ix86+x86_64