CRAN Package Check Results for Package Iso

Last updated on 2016-09-24 23:48:11.

Flavor Version Tinstall Tcheck Ttotal Status Flags
r-devel-linux-x86_64-debian-clang 0.0-17 1.51 9.12 10.63 NOTE
r-devel-linux-x86_64-debian-gcc 0.0-17 1.22 8.76 9.99 NOTE
r-devel-linux-x86_64-fedora-clang 0.0-17 17.40 NOTE
r-devel-linux-x86_64-fedora-gcc 0.0-17 15.87 NOTE
r-devel-macos-x86_64-clang 0.0-17 15.93 NOTE
r-devel-windows-ix86+x86_64 0.0-17 14.00 27.00 41.00 NOTE
r-patched-linux-x86_64 0.0-17 1.60 8.98 10.57 NOTE
r-patched-solaris-sparc 0.0-17 100.30 NOTE
r-patched-solaris-x86 0.0-17 23.50 NOTE
r-release-linux-x86_64 0.0-17 1.23 9.19 10.42 NOTE
r-release-osx-x86_64-mavericks 0.0-17 NOTE
r-release-windows-ix86+x86_64 0.0-17 8.00 25.00 33.00 NOTE
r-oldrel-windows-ix86+x86_64 0.0-17 9.00 20.00 29.00 OK

Check Details

Version: 0.0-17
Check: R code for possible problems
Result: NOTE
    ufit: no visible global function definition for ‘stepfun’
    Undefined global functions or variables:
     stepfun
    Consider adding
     importFrom("stats", "stepfun")
    to your NAMESPACE file.
Flavors: r-devel-linux-x86_64-debian-clang, r-devel-linux-x86_64-debian-gcc, r-devel-linux-x86_64-fedora-clang, r-devel-linux-x86_64-fedora-gcc, r-devel-macos-x86_64-clang, r-devel-windows-ix86+x86_64, r-patched-linux-x86_64, r-patched-solaris-sparc, r-patched-solaris-x86, r-release-linux-x86_64, r-release-osx-x86_64-mavericks, r-release-windows-ix86+x86_64