CRAN Package Check Results for Package Iso

Last updated on 2016-05-31 11:50:22.

Flavor Version Tinstall Tcheck Ttotal Status Flags
r-devel-linux-x86_64-debian-gcc 0.0-17 1.62 9.10 10.72 NOTE
r-devel-linux-x86_64-fedora-clang 0.0-17 16.25 NOTE
r-devel-linux-x86_64-fedora-gcc 0.0-17 15.83 NOTE
r-devel-osx-x86_64-clang 0.0-17 20.19 NOTE
r-devel-windows-ix86+x86_64 0.0-17 8.00 27.00 35.00 NOTE
r-patched-linux-x86_64 0.0-17 1.33 9.50 10.83 NOTE
r-patched-solaris-sparc 0.0-17 99.80 NOTE
r-patched-solaris-x86 0.0-17 24.20 NOTE
r-release-linux-x86_64 0.0-17 1.36 68.37 69.73 NOTE
r-release-osx-x86_64-mavericks 0.0-17 NOTE
r-release-windows-ix86+x86_64 0.0-17 12.00 43.00 55.00 NOTE
r-oldrel-windows-ix86+x86_64 0.0-17 9.00 20.00 29.00 OK

Check Details

Version: 0.0-17
Check: R code for possible problems
Result: NOTE
    ufit: no visible global function definition for ‘stepfun’
    Undefined global functions or variables:
     stepfun
    Consider adding
     importFrom("stats", "stepfun")
    to your NAMESPACE file.
Flavors: r-devel-linux-x86_64-debian-gcc, r-devel-linux-x86_64-fedora-clang, r-devel-linux-x86_64-fedora-gcc, r-devel-osx-x86_64-clang, r-devel-windows-ix86+x86_64, r-patched-linux-x86_64, r-patched-solaris-sparc, r-patched-solaris-x86, r-release-linux-x86_64, r-release-osx-x86_64-mavericks, r-release-windows-ix86+x86_64