CRAN Package Check Results for Package Iso

Last updated on 2015-06-30 19:47:50.

Flavor Version Tinstall Tcheck Ttotal Status Flags
r-devel-linux-x86_64-debian-clang 0.0-17 1.28 8.99 10.27 NOTE
r-devel-linux-x86_64-debian-gcc 0.0-17 1.18 8.37 9.54 NOTE
r-devel-linux-x86_64-fedora-clang 0.0-17 17.41 NOTE
r-devel-linux-x86_64-fedora-gcc 0.0-17 16.41 OK
r-devel-osx-x86_64-clang 0.0-17 19.98 OK
r-devel-windows-ix86+x86_64 0.0-17 14.00 20.00 34.00 OK
r-patched-linux-x86_64 0.0-17 1.18 8.73 9.91 OK
r-patched-solaris-sparc 0.0-17 102.90 OK
r-patched-solaris-x86 0.0-17 30.50 OK
r-release-linux-x86_64 0.0-17 1.26 8.89 10.15 OK
r-release-osx-x86_64-mavericks 0.0-17 OK
r-release-windows-ix86+x86_64 0.0-17 8.00 22.00 30.00 OK
r-oldrel-windows-ix86+x86_64 0.0-17 11.00 22.00 33.00 OK

Check Details

Version: 0.0-17
Check: R code for possible problems
Result: NOTE
    ufit: no visible global function definition for ‘stepfun’
Flavors: r-devel-linux-x86_64-debian-clang, r-devel-linux-x86_64-debian-gcc, r-devel-linux-x86_64-fedora-clang