CRAN Package Check Results for Package Iso

Last updated on 2016-12-07 22:49:59.

Flavor Version Tinstall Tcheck Ttotal Status Flags
r-devel-linux-x86_64-debian-clang 0.0-17 1.34 10.92 12.27 NOTE
r-devel-linux-x86_64-debian-gcc 0.0-17 1.56 10.41 11.96 NOTE
r-devel-linux-x86_64-fedora-clang 0.0-17 21.15 NOTE --no-stop-on-test-error
r-devel-linux-x86_64-fedora-gcc 0.0-17 19.45 NOTE --no-stop-on-test-error
r-devel-macos-x86_64-clang 0.0-17 18.48 NOTE
r-devel-windows-ix86+x86_64 0.0-17 17.00 40.00 57.00 NOTE
r-patched-linux-x86_64 0.0-17 1.23 9.77 11.00 NOTE
r-patched-solaris-sparc 0.0-17 100.30 NOTE
r-patched-solaris-x86 0.0-17 23.30 NOTE
r-release-linux-x86_64 0.0-17 1.45 9.36 10.81 NOTE
r-release-osx-x86_64-mavericks 0.0-17 NOTE
r-release-windows-ix86+x86_64 0.0-17 6.00 26.00 32.00 NOTE
r-oldrel-windows-ix86+x86_64 0.0-17 6.00 25.00 31.00 OK

Check Details

Version: 0.0-17
Check: R code for possible problems
Result: NOTE
    ufit: no visible global function definition for ‘stepfun’
    Undefined global functions or variables:
     stepfun
    Consider adding
     importFrom("stats", "stepfun")
    to your NAMESPACE file.
Flavors: r-devel-linux-x86_64-debian-clang, r-devel-linux-x86_64-debian-gcc, r-devel-macos-x86_64-clang, r-devel-windows-ix86+x86_64, r-patched-linux-x86_64, r-patched-solaris-sparc, r-patched-solaris-x86, r-release-linux-x86_64, r-release-osx-x86_64-mavericks, r-release-windows-ix86+x86_64

Version: 0.0-17
Flags: --no-stop-on-test-error
Check: R code for possible problems
Result: NOTE
    ufit: no visible global function definition for ‘stepfun’
    Undefined global functions or variables:
     stepfun
    Consider adding
     importFrom("stats", "stepfun")
    to your NAMESPACE file.
Flavors: r-devel-linux-x86_64-fedora-clang, r-devel-linux-x86_64-fedora-gcc