CRAN Package Check Results for Package Iso

Last updated on 2015-03-27 19:48:27.

Flavor Version Tinstall Tcheck Ttotal Status Flags
r-devel-linux-x86_64-debian-clang 0.0-15 1.29 8.77 10.06 NOTE
r-devel-linux-x86_64-debian-gcc 0.0-15 1.19 8.68 9.87 NOTE
r-devel-linux-x86_64-fedora-clang 0.0-15 18.28 NOTE
r-devel-linux-x86_64-fedora-gcc 0.0-15 17.42 NOTE
r-devel-osx-x86_64-clang 0.0-15 25.79 NOTE
r-prerel-windows-ix86+x86_64 0.0-15 9.00 19.00 28.00 NOTE
r-prerel-linux-x86_64 0.0-15 1.21 8.57 9.78 NOTE
r-prerel-solaris-sparc 0.0-15 125.30 NOTE
r-prerel-solaris-x86 0.0-15 28.30 NOTE
r-release-linux-x86_64 0.0-15 1.28 9.28 10.56 OK
r-release-osx-x86_64-mavericks 0.0-15 OK
r-release-windows-ix86+x86_64 0.0-15 11.00 28.00 39.00 OK
r-oldrel-windows-ix86+x86_64 0.0-15 8.00 20.00 28.00 OK

Check Details

Version: 0.0-15
Check: DESCRIPTION meta-information
Result: NOTE
    Malformed Title field: should not end in a period.
Flavors: r-devel-linux-x86_64-debian-clang, r-devel-linux-x86_64-debian-gcc, r-devel-linux-x86_64-fedora-clang, r-devel-linux-x86_64-fedora-gcc, r-devel-osx-x86_64-clang, r-prerel-windows-ix86+x86_64, r-prerel-linux-x86_64, r-prerel-solaris-sparc, r-prerel-solaris-x86