CRAN Package Check Results for Package Iso

Last updated on 2015-08-03 19:49:11.

Flavor Version Tinstall Tcheck Ttotal Status Flags
r-devel-linux-x86_64-debian-clang 0.0-17 1.20 8.37 9.57 NOTE
r-devel-linux-x86_64-debian-gcc 0.0-17 1.19 8.28 9.46 NOTE
r-devel-linux-x86_64-fedora-clang 0.0-17 17.61 NOTE
r-devel-linux-x86_64-fedora-gcc 0.0-17 16.29 NOTE
r-devel-osx-x86_64-clang 0.0-17 18.93 OK
r-devel-windows-ix86+x86_64 0.0-17 9.00 18.00 27.00 NOTE
r-patched-linux-x86_64 0.0-17 1.21 8.78 9.99 OK
r-patched-solaris-sparc 0.0-17 121.50 OK
r-patched-solaris-x86 0.0-17 29.30 OK
r-release-linux-x86_64 0.0-17 1.26 8.62 9.88 OK
r-release-osx-x86_64-mavericks 0.0-17 OK
r-release-windows-ix86+x86_64 0.0-17 7.00 19.00 26.00 OK
r-oldrel-windows-ix86+x86_64 0.0-17 11.00 22.00 33.00 OK

Check Details

Version: 0.0-17
Check: R code for possible problems
Result: NOTE
    ufit: no visible global function definition for ‘stepfun’
    Undefined global functions or variables:
     stepfun
    Consider adding
     importFrom("stats", "stepfun")
    to your NAMESPACE.
Flavors: r-devel-linux-x86_64-debian-clang, r-devel-linux-x86_64-debian-gcc, r-devel-linux-x86_64-fedora-clang, r-devel-linux-x86_64-fedora-gcc, r-devel-windows-ix86+x86_64