CRAN Package Check Results for Package Iso

Last updated on 2015-04-28 03:47:22.

Flavor Version Tinstall Tcheck Ttotal Status Flags
r-devel-linux-x86_64-debian-clang 0.0-15 1.26 8.79 10.05 NOTE
r-devel-linux-x86_64-debian-gcc 0.0-15 1.18 8.86 10.04 NOTE
r-devel-linux-x86_64-fedora-clang 0.0-15 18.16 NOTE
r-devel-linux-x86_64-fedora-gcc 0.0-15 16.94 NOTE
r-devel-osx-x86_64-clang 0.0-15 22.98 NOTE
r-devel-windows-ix86+x86_64 0.0-15 11.00 20.00 31.00 NOTE
r-patched-linux-x86_64 0.0-15 1.19 8.92 10.12 NOTE
r-patched-solaris-sparc 0.0-15 125.30 NOTE
r-patched-solaris-x86 0.0-15 28.40 NOTE
r-release-linux-x86_64 0.0-15 1.20 8.85 10.05 NOTE
r-release-osx-x86_64-mavericks 0.0-15 NOTE
r-release-osx-x86_64-snowleopard 0.0-15 NOTE
r-release-windows-ix86+x86_64 0.0-15 5.00 20.00 25.00 NOTE
r-oldrel-windows-ix86+x86_64 0.0-15 11.00 28.00 39.00 OK

Check Details

Version: 0.0-15
Check: DESCRIPTION meta-information
Result: NOTE
    Malformed Title field: should not end in a period.
Flavors: r-devel-linux-x86_64-debian-clang, r-devel-linux-x86_64-debian-gcc, r-devel-linux-x86_64-fedora-clang, r-devel-linux-x86_64-fedora-gcc, r-devel-osx-x86_64-clang, r-devel-windows-ix86+x86_64, r-patched-solaris-sparc, r-patched-solaris-x86, r-release-linux-x86_64, r-release-osx-x86_64-mavericks, r-release-osx-x86_64-snowleopard, r-release-windows-ix86+x86_64