CRAN Package Check Results for Package Iso

Last updated on 2015-09-03 23:47:35.

Flavor Version Tinstall Tcheck Ttotal Status Flags
r-devel-linux-x86_64-debian-clang 0.0-17 1.15 8.55 9.70 NOTE
r-devel-linux-x86_64-debian-gcc 0.0-17 1.18 8.16 9.34 NOTE
r-devel-linux-x86_64-fedora-clang 0.0-17 16.99 NOTE
r-devel-linux-x86_64-fedora-gcc 0.0-17 16.14 NOTE
r-devel-osx-x86_64-clang 0.0-17 18.49 OK
r-devel-windows-ix86+x86_64 0.0-17 8.00 20.00 28.00 NOTE
r-patched-linux-x86_64 0.0-17 1.18 8.98 10.15 OK
r-patched-solaris-sparc 0.0-17 121.50 OK
r-patched-solaris-x86 0.0-17 28.90 OK
r-release-linux-x86_64 0.0-17 1.21 8.85 10.06 OK
r-release-osx-x86_64-mavericks 0.0-17 OK
r-release-windows-ix86+x86_64 0.0-17 8.00 27.00 35.00 OK
r-oldrel-windows-ix86+x86_64 0.0-17 11.00 22.00 33.00 OK

Check Details

Version: 0.0-17
Check: R code for possible problems
Result: NOTE
    ufit: no visible global function definition for ‘stepfun’
    Undefined global functions or variables:
     stepfun
    Consider adding
     importFrom("stats", "stepfun")
    to your NAMESPACE.
Flavors: r-devel-linux-x86_64-debian-clang, r-devel-linux-x86_64-debian-gcc, r-devel-linux-x86_64-fedora-clang, r-devel-linux-x86_64-fedora-gcc, r-devel-windows-ix86+x86_64