CRAN Package Check Results for Package IsoGene

Last updated on 2014-08-27 11:50:53.

Flavor Version Tinstall Tcheck Ttotal Status Flags
r-devel-linux-x86_64-debian-clang 1.0-22 2.80 51.11 53.91 NOTE
r-devel-linux-x86_64-debian-gcc 1.0-22 2.69 50.18 52.86 NOTE
r-devel-linux-x86_64-fedora-clang 1.0-22 113.53 NOTE
r-devel-linux-x86_64-fedora-gcc 1.0-22 105.38 NOTE
r-devel-osx-x86_64-clang 1.0-22 96.99 NOTE
r-devel-windows-ix86+x86_64 1.0-22 9.00 82.00 91.00 NOTE
r-patched-linux-x86_64 1.0-22 2.72 53.18 55.90 OK
r-patched-solaris-sparc 1.0-22 631.70 OK
r-patched-solaris-x86 1.0-22 152.00 OK
r-release-linux-ix86 1.0-22 3.20 68.82 72.02 OK
r-release-linux-x86_64 1.0-22 2.56 53.93 56.49 OK
r-release-windows-ix86+x86_64 1.0-22 12.00 86.00 98.00 OK
r-oldrel-windows-ix86+x86_64 1.0-22 8.00 84.00 92.00 OK

Check Details

Version: 1.0-22
Check: R code for possible problems
Result: NOTE
    IsoRawp: no visible global function definition for ‘tkProgressBar’
    IsoRawp: no visible global function definition for ‘setTkProgressBar’
    IsomaxT: no visible global function definition for ‘tkProgressBar’
    IsomaxT: no visible global function definition for ‘setTkProgressBar’
    Isoqqstat: no visible global function definition for ‘tkProgressBar’
    Isoqqstat: no visible global function definition for ‘setTkProgressBar’
Flavors: r-devel-linux-x86_64-debian-clang, r-devel-linux-x86_64-debian-gcc, r-devel-linux-x86_64-fedora-clang, r-devel-linux-x86_64-fedora-gcc, r-devel-osx-x86_64-clang, r-devel-windows-ix86+x86_64