CRAN Package Check Results for Package IsoGene

Last updated on 2014-04-17 05:47:11.

Flavor Version Tinstall Tcheck Ttotal Status Flags
r-devel-linux-x86_64-debian-clang 1.0-22 2.61 55.84 58.45 OK
r-devel-linux-x86_64-debian-gcc 1.0-22 2.66 55.44 58.10 OK
r-devel-linux-x86_64-fedora-clang 1.0-22 118.02 OK
r-devel-linux-x86_64-fedora-gcc 1.0-22 113.49 OK
r-devel-macosx-x86_64-clang 1.0-22 108.05 OK
r-devel-windows-ix86+x86_64 1.0-22 9.00 112.00 121.00 OK
r-patched-linux-x86_64 1.0-22 2.57 55.87 58.44 OK
r-patched-solaris-sparc 1.0-22 624.60 OK
r-patched-solaris-x86 1.0-22 146.20 OK
r-release-linux-ix86 1.0-22 1.00 2.00 3.00 ERROR
r-release-linux-x86_64 1.0-22 2.58 55.13 57.71 OK
r-release-windows-ix86+x86_64 1.0-22 14.00 112.00 126.00 OK
r-oldrel-windows-ix86+x86_64 1.0-22 8.00 84.00 92.00 OK

Check Details

Version: 1.0-22
Check: package dependencies
Result: ERROR
    Package required but not available: ‘affy’
    
    See the information on DESCRIPTION files in the chapter ‘Creating R
    packages’ of the ‘Writing R Extensions’ manual.
Flavor: r-release-linux-ix86