CRAN Package Check Results for Package IsoGene

Last updated on 2014-10-25 17:46:45.

Flavor Version Tinstall Tcheck Ttotal Status Flags
r-devel-linux-x86_64-debian-clang 1.0-22 2.51 52.77 55.28 NOTE
r-devel-linux-x86_64-debian-gcc 1.0-22 2.51 52.22 54.72 NOTE
r-devel-linux-x86_64-fedora-clang 1.0-22 112.75 NOTE
r-devel-linux-x86_64-fedora-gcc 1.0-22 104.53 NOTE
r-devel-osx-x86_64-clang 1.0-22 101.92 NOTE
r-devel-windows-ix86+x86_64 1.0-22 7.00 76.00 83.00 NOTE
r-patched-linux-x86_64 1.0-22 2.60 56.64 59.24 NOTE
r-patched-solaris-sparc 1.0-22 630.00 NOTE
r-patched-solaris-x86 1.0-22 144.80 NOTE
r-release-linux-ix86 1.0-22 3.26 71.08 74.34 OK
r-release-linux-x86_64 1.0-22 2.57 59.53 62.10 OK
r-release-windows-ix86+x86_64 1.0-22 9.00 86.00 95.00 OK
r-oldrel-windows-ix86+x86_64 1.0-22 11.00 79.00 90.00 OK

Check Details

Version: 1.0-22
Check: R code for possible problems
Result: NOTE
    IsoRawp: no visible global function definition for ‘tkProgressBar’
    IsoRawp: no visible global function definition for ‘setTkProgressBar’
    IsomaxT: no visible global function definition for ‘tkProgressBar’
    IsomaxT: no visible global function definition for ‘setTkProgressBar’
    Isoqqstat: no visible global function definition for ‘tkProgressBar’
    Isoqqstat: no visible global function definition for ‘setTkProgressBar’
Flavors: r-devel-linux-x86_64-debian-clang, r-devel-linux-x86_64-debian-gcc, r-devel-linux-x86_64-fedora-clang, r-devel-linux-x86_64-fedora-gcc, r-devel-osx-x86_64-clang, r-devel-windows-ix86+x86_64, r-patched-linux-x86_64, r-patched-solaris-sparc, r-patched-solaris-x86