CRAN Package Check Results for Package IsoGene

Last updated on 2022-06-29 12:54:31 CEST.

Flavor Version Tinstall Tcheck Ttotal Status Flags
r-devel-linux-x86_64-debian-clang 1.0-24 8.28 86.44 94.72 OK
r-devel-linux-x86_64-debian-gcc 1.0-24 5.96 65.11 71.07 OK
r-devel-linux-x86_64-fedora-clang 1.0-24 127.23 NOTE
r-devel-linux-x86_64-fedora-gcc 1.0-24 122.21 OK
r-devel-windows-x86_64 1.0-24 28.00 129.00 157.00 OK
r-patched-linux-x86_64 1.0-24 9.04 85.94 94.98 OK
r-release-linux-x86_64 1.0-24 8.85 87.24 96.09 OK
r-release-windows-x86_64 1.0-24 27.00 129.00 156.00 OK
r-oldrel-windows-ix86+x86_64 1.0-24 16.00 108.00 124.00 OK

Check Details

Version: 1.0-24
Check: Rd cross-references
Result: NOTE
    Undeclared package ‘multtest’ in Rd xrefs
Flavor: r-devel-linux-x86_64-fedora-clang