CRAN Package Check Results for Package IsoGene

Last updated on 2014-12-18 08:49:22.

Flavor Version Tinstall Tcheck Ttotal Status Flags
r-devel-linux-x86_64-debian-clang 1.0-22 2.66 53.16 55.83 NOTE
r-devel-linux-x86_64-debian-gcc 1.0-22 2.45 51.60 54.05 NOTE
r-devel-linux-x86_64-fedora-clang 1.0-22 109.99 NOTE
r-devel-linux-x86_64-fedora-gcc 1.0-22 99.34 NOTE
r-devel-osx-x86_64-clang 1.0-22 104.58 NOTE
r-devel-windows-ix86+x86_64 1.0-22 10.00 84.00 94.00 NOTE
r-patched-linux-x86_64 1.0-22 2.59 55.40 57.99 NOTE
r-patched-solaris-sparc 1.0-22 630.00 NOTE
r-patched-solaris-x86 1.0-22 142.10 NOTE
r-release-linux-ix86 1.0-22 3.02 66.02 69.04 NOTE
r-release-linux-x86_64 1.0-22 2.63 55.32 57.94 NOTE
r-release-windows-ix86+x86_64 1.0-22 9.00 92.00 101.00 NOTE
r-oldrel-windows-ix86+x86_64 1.0-22 8.00 84.00 92.00 OK

Check Details

Version: 1.0-22
Check: R code for possible problems
Result: NOTE
    IsoRawp: no visible global function definition for ‘tkProgressBar’
    IsoRawp: no visible global function definition for ‘setTkProgressBar’
    IsomaxT: no visible global function definition for ‘tkProgressBar’
    IsomaxT: no visible global function definition for ‘setTkProgressBar’
    Isoqqstat: no visible global function definition for ‘tkProgressBar’
    Isoqqstat: no visible global function definition for ‘setTkProgressBar’
Flavors: r-devel-linux-x86_64-debian-clang, r-devel-linux-x86_64-debian-gcc, r-devel-linux-x86_64-fedora-clang, r-devel-linux-x86_64-fedora-gcc, r-devel-osx-x86_64-clang, r-devel-windows-ix86+x86_64, r-patched-linux-x86_64, r-patched-solaris-sparc, r-patched-solaris-x86, r-release-linux-ix86, r-release-linux-x86_64, r-release-windows-ix86+x86_64