CRAN Package Check Results for Package IsoGene

Last updated on 2014-11-24 00:47:45.

Flavor Version Tinstall Tcheck Ttotal Status Flags
r-devel-linux-x86_64-debian-clang 1.0-22 2.52 53.67 56.19 NOTE
r-devel-linux-x86_64-debian-gcc 1.0-22 2.44 51.71 54.15 NOTE
r-devel-linux-x86_64-fedora-clang 1.0-22 112.19 NOTE
r-devel-linux-x86_64-fedora-gcc 1.0-22 102.37 NOTE
r-devel-osx-x86_64-clang 1.0-22 105.71 NOTE
r-devel-windows-ix86+x86_64 1.0-22 9.00 79.00 88.00 NOTE
r-patched-linux-x86_64 1.0-22 2.59 57.23 59.82 NOTE
r-patched-solaris-sparc 1.0-22 630.00 NOTE
r-patched-solaris-x86 1.0-22 145.70 NOTE
r-release-linux-ix86 1.0-22 3.22 65.98 69.20 NOTE
r-release-linux-x86_64 1.0-22 2.65 56.34 58.99 NOTE
r-release-windows-ix86+x86_64 1.0-22 10.00 78.00 88.00 NOTE
r-oldrel-windows-ix86+x86_64 1.0-22 8.00 86.00 94.00 OK

Check Details

Version: 1.0-22
Check: R code for possible problems
Result: NOTE
    IsoRawp: no visible global function definition for ‘tkProgressBar’
    IsoRawp: no visible global function definition for ‘setTkProgressBar’
    IsomaxT: no visible global function definition for ‘tkProgressBar’
    IsomaxT: no visible global function definition for ‘setTkProgressBar’
    Isoqqstat: no visible global function definition for ‘tkProgressBar’
    Isoqqstat: no visible global function definition for ‘setTkProgressBar’
Flavors: r-devel-linux-x86_64-debian-clang, r-devel-linux-x86_64-debian-gcc, r-devel-linux-x86_64-fedora-clang, r-devel-linux-x86_64-fedora-gcc, r-devel-osx-x86_64-clang, r-devel-windows-ix86+x86_64, r-patched-linux-x86_64, r-patched-solaris-sparc, r-patched-solaris-x86, r-release-linux-ix86, r-release-linux-x86_64, r-release-windows-ix86+x86_64