CRAN Package Check Results for Package IsoGene

Last updated on 2015-07-31 22:49:32.

Flavor Version Tinstall Tcheck Ttotal Status Flags
r-devel-linux-x86_64-debian-clang 1.0-24 2.18 49.99 52.17 OK
r-devel-linux-x86_64-debian-gcc 1.0-23 2.80 47.44 50.23 NOTE
r-devel-linux-x86_64-fedora-clang 1.0-24 52.42 OK
r-devel-linux-x86_64-fedora-gcc 1.0-24 52.89 OK
r-devel-osx-x86_64-clang 1.0-24 143.31 OK
r-devel-windows-ix86+x86_64 1.0-24 14.00 99.00 113.00 OK
r-patched-linux-x86_64 1.0-23 2.08 48.09 50.17 OK
r-patched-solaris-sparc 1.0-24 522.90 OK
r-patched-solaris-x86 1.0-24 103.30 OK
r-release-linux-x86_64 1.0-23 2.46 46.82 49.28 OK
r-release-windows-ix86+x86_64 1.0-23 10.00 112.00 122.00 OK
r-oldrel-windows-ix86+x86_64 1.0-24 16.00 137.00 153.00 OK

Check Details

Version: 1.0-23
Check: R code for possible problems
Result: NOTE
    IsoBHPlot: no visible global function definition for ‘p.adjust’
    IsoBHPlot: no visible global function definition for ‘plot’
    IsoBHPlot: no visible global function definition for ‘lines’
    IsoBHPlot: no visible global function definition for ‘abline’
    IsoBHPlot: no visible global function definition for ‘legend’
    IsoBHPlot: no visible global function definition for ‘title’
    IsoPlot: no visible global function definition for ‘plot’
    IsoPlot: no visible global function definition for ‘points’
    IsoPlot: no visible global function definition for ‘lines’
    IsoPlot: no visible global function definition for ‘axis’
    IsoPlot: no visible global function definition for ‘title’
    IsoSAMPlot: no visible global function definition for ‘par’
    IsoSAMPlot: no visible global function definition for ‘plot’
    IsoSAMPlot: no visible global function definition for ‘lines’
    IsoSAMPlot: no visible global function definition for ‘abline’
    IsoSAMPlot: no visible global function definition for ‘legend’
    IsoSAMPlot: no visible global function definition for ‘title’
    IsoSAMPlot: no visible global function definition for ‘na.exclude’
    IsoSAMPlot: no visible global function definition for ‘points’
    IsoTestBH: no visible global function definition for ‘p.adjust’
    IsoTestSAM: no visible global function definition for ‘na.exclude’
    IsoTestSAM: no visible global function definition for ‘p.adjust’
    Isoallfdr: no visible global function definition for ‘quantile’
    IsopvaluePlot: no visible global function definition for ‘par’
    IsopvaluePlot: no visible global function definition for ‘density’
    IsopvaluePlot: no visible global function definition for ‘abline’
    IsopvaluePlot: no visible global function definition for ‘lines’
    IsopvaluePlot: no visible global function definition for ‘title’
    xfudge: no visible global function definition for ‘quantile’
    xfudge: no visible binding for global variable ‘mad’
    xfudge : xcv: no visible global function definition for ‘var’
    Undefined global functions or variables:
     abline axis density legend lines mad na.exclude p.adjust par plot
     points quantile title var
    Consider adding
     importFrom("graphics", "abline", "axis", "legend", "lines", "par",
     "plot", "points", "title")
     importFrom("stats", "density", "mad", "na.exclude", "p.adjust",
     "quantile", "var")
    to your NAMESPACE.
Flavor: r-devel-linux-x86_64-debian-gcc