CRAN Package Check Results for Package IsotopeR

Last updated on 2016-09-25 04:49:25.

Flavor Version Tinstall Tcheck Ttotal Status Flags
r-devel-linux-x86_64-debian-clang 0.5.4 0.86 19.98 20.84 OK
r-devel-linux-x86_64-debian-gcc 0.5.4 0.90 19.63 20.52 OK
r-devel-linux-x86_64-fedora-clang 0.5.4 37.51 OK
r-devel-linux-x86_64-fedora-gcc 0.5.4 35.43 OK
r-devel-macos-x86_64-clang 0.5.4 29.02 OK
r-devel-windows-ix86+x86_64 0.5.4 4.00 45.00 49.00 OK
r-patched-linux-x86_64 0.5.4 0.79 19.84 20.63 OK
r-patched-solaris-sparc 0.5.4 216.30 OK
r-patched-solaris-x86 0.5.4 41.90 OK
r-release-linux-x86_64 0.5.4 0.80 19.46 20.27 OK
r-release-osx-x86_64-mavericks 0.5.4 NOTE
r-release-windows-ix86+x86_64 0.5.4 2.00 43.00 45.00 OK
r-oldrel-windows-ix86+x86_64 0.5.4 4.00 46.00 50.00 OK

Check Details

Version: 0.5.4
Check: dependencies in R code
Result: NOTE
    Invalid MIT-MAGIC-COOKIE-1 keyInvalid MIT-MAGIC-COOKIE-1 key
Flavor: r-release-osx-x86_64-mavericks