CRAN Package Check Results for Package IsotopeR

Last updated on 2015-05-28 23:47:29.

Flavor Version Tinstall Tcheck Ttotal Status Flags
r-devel-linux-x86_64-debian-clang 0.4.7 1.15 16.71 17.86 NOTE
r-devel-linux-x86_64-debian-gcc 0.4.7 1.12 16.48 17.60 NOTE
r-devel-linux-x86_64-fedora-clang 0.4.7 34.61 NOTE
r-devel-linux-x86_64-fedora-gcc 0.4.7 31.41 NOTE
r-devel-osx-x86_64-clang 0.4.7 39.39 NOTE
r-devel-windows-ix86+x86_64 0.4.7 4.00 29.00 33.00 NOTE
r-patched-linux-x86_64 0.4.7 1.40 16.82 18.22 NOTE
r-patched-solaris-sparc 0.4.7 221.10 NOTE
r-patched-solaris-x86 0.4.7 50.10 NOTE
r-release-linux-x86_64 0.4.7 1.11 17.18 18.29 NOTE
r-release-osx-x86_64-mavericks 0.4.7 NOTE
r-release-osx-x86_64-snowleopard 0.4.7 NOTE
r-release-windows-ix86+x86_64 0.4.7 5.00 30.00 35.00 NOTE
r-oldrel-windows-ix86+x86_64 0.4.7 6.00 32.00 38.00 NOTE

Check Details

Version: 0.4.7
Check: dependencies in R code
Result: NOTE
    'library' or 'require' calls in package code:
     ‘colorspace’ ‘ellipse’ ‘plotrix’
     Please use :: or requireNamespace() instead.
     See section 'Suggested packages' in the 'Writing R Extensions' manual.
    Packages in Depends field not imported from:
     ‘coda’ ‘fgui’ ‘runjags’
     These packages need to be imported from (in the NAMESPACE file)
     for when this namespace is loaded but not attached.
Flavors: r-devel-linux-x86_64-debian-clang, r-devel-linux-x86_64-debian-gcc, r-devel-linux-x86_64-fedora-clang, r-devel-linux-x86_64-fedora-gcc, r-devel-osx-x86_64-clang, r-devel-windows-ix86+x86_64, r-patched-linux-x86_64, r-patched-solaris-sparc, r-patched-solaris-x86, r-release-linux-x86_64, r-release-osx-x86_64-mavericks, r-release-osx-x86_64-snowleopard, r-release-windows-ix86+x86_64, r-oldrel-windows-ix86+x86_64

Version: 0.4.7
Check: R code for possible problems
Result: NOTE
    Bi.plots: no visible global function definition for ‘sequential_hcl’
    Bi.plots: no visible global function definition for ‘plotCI’
    Bi.plots: no visible global function definition for ‘ellipse’
    IsoWrapper: no visible global function definition for ‘run.jags’
    IsotopeR: no visible global function definition for ‘fguiWindow’
    IsotopeR: no visible global function definition for ‘mgui’
    Tri.plots: no visible global function definition for ‘sequential_hcl’
    Tri.plots: no visible global function definition for ‘plotCI’
    Tri.plots: no visible global function definition for ‘ellipse’
    curves.plot: no visible global function definition for ‘sequential_hcl’
Flavors: r-devel-linux-x86_64-debian-clang, r-devel-linux-x86_64-debian-gcc, r-devel-linux-x86_64-fedora-clang, r-devel-linux-x86_64-fedora-gcc, r-devel-osx-x86_64-clang, r-devel-windows-ix86+x86_64, r-patched-linux-x86_64, r-patched-solaris-sparc, r-patched-solaris-x86, r-release-linux-x86_64, r-release-osx-x86_64-mavericks, r-release-osx-x86_64-snowleopard, r-release-windows-ix86+x86_64, r-oldrel-windows-ix86+x86_64