CRAN Package Check Results for Package IsotopeR

Last updated on 2017-03-24 06:48:17.

Flavor Version Tinstall Tcheck Ttotal Status Flags
r-devel-linux-x86_64-debian-clang 0.5.4 0.81 21.48 22.30 OK
r-devel-linux-x86_64-debian-gcc 0.5.4 0.89 21.47 22.36 OK
r-devel-linux-x86_64-fedora-clang 0.5.4 39.93 OK --no-stop-on-test-error
r-devel-linux-x86_64-fedora-gcc 0.5.4 38.53 OK --no-stop-on-test-error
r-devel-macos-x86_64-clang 0.5.4 31.48 OK --no-stop-on-test-error
r-devel-windows-ix86+x86_64 0.5.4 3.00 45.00 48.00 OK
r-patched-linux-x86_64 0.5.4 0.80 20.55 21.34 OK
r-patched-solaris-sparc 0.5.4 251.80 OK
r-patched-solaris-x86 0.5.4 49.70 OK
r-release-linux-x86_64 0.5.4 0.84 19.98 20.82 OK
r-release-osx-x86_64-mavericks 0.5.4 NOTE
r-release-windows-ix86+x86_64 0.5.4 7.00 48.00 55.00 OK
r-oldrel-windows-ix86+x86_64 0.5.4 7.00 61.00 68.00 OK

Check Details

Version: 0.5.4
Check: dependencies in R code
Result: NOTE
    Invalid MIT-MAGIC-COOKIE-1 keyInvalid MIT-MAGIC-COOKIE-1 key
Flavor: r-release-osx-x86_64-mavericks