CRAN Package Check Results for Package IsotopeR

Last updated on 2014-08-01 23:48:21.

Flavor Version Tinstall Tcheck Ttotal Status Flags
r-devel-linux-x86_64-debian-clang 0.4.7 1.30 17.97 19.27 NOTE
r-devel-linux-x86_64-debian-gcc 0.4.7 1.33 18.10 19.43 NOTE
r-devel-linux-x86_64-fedora-clang 0.4.7 37.76 NOTE
r-devel-linux-x86_64-fedora-gcc 0.4.7 35.87 NOTE
r-devel-osx-x86_64-clang 0.4.7 41.60 NOTE
r-devel-windows-ix86+x86_64 0.4.7 4.00 28.00 32.00 NOTE
r-patched-linux-x86_64 0.4.7 1.20 17.95 19.15 NOTE
r-patched-solaris-sparc 0.4.7 224.20 NOTE
r-patched-solaris-x86 0.4.7 59.20 NOTE
r-release-linux-ix86 0.4.7 2.20 27.10 29.30 NOTE
r-release-linux-x86_64 0.4.7 1.25 18.58 19.83 NOTE
r-release-osx-x86_64-mavericks 0.4.7 NOTE
r-release-osx-x86_64-snowleopard 0.4.7 NOTE
r-release-windows-ix86+x86_64 0.4.7 8.00 46.00 54.00 NOTE
r-oldrel-windows-ix86+x86_64 0.4.7 8.00 46.00 54.00 NOTE

Check Details

Version: 0.4.7
Check: dependencies in R code
Result: NOTE
    Packages in Depends field not imported from:
     coda fgui runjags
     These packages need to be imported from (in the NAMESPACE file)
     for when this namespace is loaded but not attached.
    See the information on DESCRIPTION files in the chapter Creating R
    packages of the Writing R Extensions manual.
Flavors: r-devel-linux-x86_64-debian-clang, r-devel-linux-x86_64-debian-gcc, r-devel-linux-x86_64-fedora-clang, r-devel-linux-x86_64-fedora-gcc, r-devel-osx-x86_64-clang, r-devel-windows-ix86+x86_64, r-patched-linux-x86_64, r-patched-solaris-sparc, r-patched-solaris-x86, r-release-linux-ix86, r-release-linux-x86_64, r-release-osx-x86_64-mavericks, r-release-windows-ix86+x86_64, r-oldrel-windows-ix86+x86_64

Version: 0.4.7
Check: re-building of vignette outputs
Result: NOTE
    Error in re-building vignettes:
     ...
    Error in texi2dvi(file = file, pdf = TRUE, clean = clean, quiet = quiet, :
     Running 'texi2dvi' on 'IsotopeR.tex' failed.
    LaTeX errors:
    ! LaTeX Error: File `breakurl.sty' not found.
    
    Type X to quit or <RETURN> to proceed,
    or enter new name. (Default extension: sty)
    
    n_test/IsotopeR/vignettes/IsotopeR.tex:16: ==> Fatal error occurred, no output
     PDF file produced!
    Calls: buildVignettes -> texi2pdf -> texi2dvi
    Execution halted
Flavor: r-release-osx-x86_64-mavericks

Version: 0.4.7
Check: Rd cross-references
Result: NOTE
    Package unavailable to check Rd xrefs: 'siar'
Flavor: r-release-osx-x86_64-snowleopard

Version: 0.4.7
Check: re-building of vignette outputs
Result: NOTE
    Error in re-building vignettes:
     ...
    Error in texi2dvi(file = file, pdf = TRUE, clean = clean, quiet = quiet, :
     Running 'texi2dvi' on 'IsotopeR.tex' failed.
    LaTeX errors:
    ! LaTeX Error: File `breakurl.sty' not found.
    
    Type X to quit or <RETURN> to proceed,
    or enter new name. (Default extension: sty)
    
    IsotopeR.Rcheck/vign_test/IsotopeR/vignettes/IsotopeR.tex:16: ==> Fatal error
    occurred, no output PDF file produced!
    Calls: buildVignettes -> texi2pdf -> texi2dvi
    Execution halted
Flavor: r-release-osx-x86_64-snowleopard