CRAN Package Check Results for Package IsotopeR

Last updated on 2017-01-17 08:47:59.

Flavor Version Tinstall Tcheck Ttotal Status Flags
r-devel-linux-x86_64-debian-clang 0.5.4 0.94 21.07 22.01 OK
r-devel-linux-x86_64-debian-gcc 0.5.4 0.92 21.30 22.22 OK
r-devel-linux-x86_64-fedora-clang 0.5.4 39.30 OK --no-stop-on-test-error
r-devel-linux-x86_64-fedora-gcc 0.5.4 39.83 OK --no-stop-on-test-error
r-devel-macos-x86_64-clang 0.5.4 34.00 OK --no-stop-on-test-error
r-devel-windows-ix86+x86_64 0.5.4 8.00 46.00 54.00 OK
r-patched-linux-x86_64 0.5.4 0.83 20.10 20.93 OK
r-patched-solaris-sparc 0.5.4 220.00 OK
r-patched-solaris-x86 0.5.4 42.30 OK
r-release-linux-x86_64 0.5.4 0.90 20.33 21.23 OK
r-release-osx-x86_64-mavericks 0.5.4 NOTE
r-release-windows-ix86+x86_64 0.5.4 5.00 45.00 50.00 OK
r-oldrel-windows-ix86+x86_64 0.5.4 4.00 49.00 53.00 OK

Check Details

Version: 0.5.4
Check: dependencies in R code
Result: NOTE
    Invalid MIT-MAGIC-COOKIE-1 keyInvalid MIT-MAGIC-COOKIE-1 key
Flavor: r-release-osx-x86_64-mavericks