CRAN Package Check Results for Package IsotopeR

Last updated on 2017-08-22 23:47:20.

Flavor Version Tinstall Tcheck Ttotal Status Flags
r-devel-linux-x86_64-debian-clang 0.5.4 0.89 22.17 23.06 OK
r-devel-linux-x86_64-debian-gcc 0.5.4 0.82 21.71 22.53 OK
r-devel-linux-x86_64-fedora-clang 0.5.4 41.69 OK
r-devel-linux-x86_64-fedora-gcc 0.5.4 41.23 OK
r-devel-windows-ix86+x86_64 0.5.4 3.00 42.00 45.00 OK
r-patched-linux-x86_64 0.5.4 0.84 22.28 23.12 OK
r-patched-solaris-x86 0.5.4 49.50 OK
r-release-linux-x86_64 0.5.4 0.92 21.87 22.79 OK
r-release-windows-ix86+x86_64 0.5.4 3.00 70.00 73.00 OK
r-release-osx-x86_64 0.5.4 OK
r-oldrel-windows-ix86+x86_64 0.5.4 3.00 45.00 48.00 OK
r-oldrel-osx-x86_64 0.5.4 NOTE

Check Details

Version: 0.5.4
Check: dependencies in R code
Result: NOTE
    Invalid MIT-MAGIC-COOKIE-1 keyInvalid MIT-MAGIC-COOKIE-1 key
Flavor: r-oldrel-osx-x86_64