CRAN Package Check Results for Package IsotopeR

Last updated on 2017-12-16 07:47:24 CET.

Flavor Version Tinstall Tcheck Ttotal Status Flags
r-devel-linux-x86_64-debian-clang 0.5.4 1.05 32.58 33.63 OK
r-devel-linux-x86_64-debian-gcc 0.5.4 0.91 27.16 28.07 OK
r-devel-linux-x86_64-fedora-clang 0.5.4 42.05 OK
r-devel-linux-x86_64-fedora-gcc 0.5.4 39.42 OK
r-devel-windows-ix86+x86_64 0.5.4 5.00 48.00 53.00 OK
r-patched-linux-x86_64 0.5.4 0.96 32.36 33.32 OK
r-patched-solaris-x86 0.5.4 49.80 OK
r-release-linux-x86_64 0.5.4 1.18 31.21 32.39 OK
r-release-windows-ix86+x86_64 0.5.4 3.00 45.00 48.00 OK
r-release-osx-x86_64 0.5.4 OK
r-oldrel-windows-ix86+x86_64 0.5.4 3.00 45.00 48.00 OK
r-oldrel-osx-x86_64 0.5.4 NOTE

Check Details

Version: 0.5.4
Check: dependencies in R code
Result: NOTE
    Invalid MIT-MAGIC-COOKIE-1 keyInvalid MIT-MAGIC-COOKIE-1 key
Flavor: r-oldrel-osx-x86_64