CRAN Package Check Results for Package IsotopeR

Last updated on 2016-12-04 20:47:04.

Flavor Version Tinstall Tcheck Ttotal Status Flags
r-devel-linux-x86_64-debian-clang 0.5.4 0.93 22.06 22.99 OK
r-devel-linux-x86_64-debian-gcc 0.5.4 0.91 21.63 22.54 OK
r-devel-linux-x86_64-fedora-clang 0.5.4 42.97 OK --no-stop-on-test-error
r-devel-linux-x86_64-fedora-gcc 0.5.4 39.85 OK --no-stop-on-test-error
r-devel-macos-x86_64-clang 0.5.4 32.57 OK
r-devel-windows-ix86+x86_64 0.5.4 3.00 40.00 43.00 OK
r-patched-linux-x86_64 0.5.4 0.89 20.29 21.18 OK
r-patched-solaris-sparc 0.5.4 216.30 OK
r-patched-solaris-x86 0.5.4 42.30 OK
r-release-linux-x86_64 0.5.4 0.83 20.66 21.49 OK
r-release-osx-x86_64-mavericks 0.5.4 NOTE
r-release-windows-ix86+x86_64 0.5.4 4.00 48.00 52.00 OK
r-oldrel-windows-ix86+x86_64 0.5.4 4.00 44.00 48.00 OK

Check Details

Version: 0.5.4
Check: dependencies in R code
Result: NOTE
    Invalid MIT-MAGIC-COOKIE-1 keyInvalid MIT-MAGIC-COOKIE-1 key
Flavor: r-release-osx-x86_64-mavericks