CRAN Package Check Results for Package IsotopeR

Last updated on 2017-02-20 11:50:40.

Flavor Version Tinstall Tcheck Ttotal Status Flags
r-devel-linux-x86_64-debian-clang 0.5.4 0.91 21.47 22.38 OK
r-devel-linux-x86_64-debian-gcc 0.5.4 0.86 21.72 22.58 OK
r-devel-linux-x86_64-fedora-clang 0.5.4 39.17 OK --no-stop-on-test-error
r-devel-linux-x86_64-fedora-gcc 0.5.4 38.44 OK --no-stop-on-test-error
r-devel-macos-x86_64-clang 0.5.4 34.95 OK --no-stop-on-test-error
r-devel-windows-ix86+x86_64 0.5.4 4.00 63.00 67.00 OK
r-patched-linux-x86_64 0.5.4 0.82 19.78 20.60 OK
r-patched-solaris-sparc 0.5.4 220.00 OK
r-patched-solaris-x86 0.5.4 44.40 OK
r-release-linux-x86_64 0.5.4 0.80 19.84 20.64 OK
r-release-osx-x86_64-mavericks 0.5.4 NOTE
r-release-windows-ix86+x86_64 0.5.4 4.00 44.00 48.00 OK
r-oldrel-windows-ix86+x86_64 0.5.4 4.00 48.00 52.00 OK

Check Details

Version: 0.5.4
Check: dependencies in R code
Result: NOTE
    Invalid MIT-MAGIC-COOKIE-1 keyInvalid MIT-MAGIC-COOKIE-1 key
Flavor: r-release-osx-x86_64-mavericks