CRAN Package Check Results for Package IsotopeR

Last updated on 2016-07-30 14:49:44.

Flavor Version Tinstall Tcheck Ttotal Status Flags
r-devel-linux-x86_64-debian-clang 0.5.4 0.82 19.33 20.15 OK
r-devel-linux-x86_64-debian-gcc 0.5.4 0.88 19.21 20.08 OK
r-devel-linux-x86_64-fedora-clang 0.5.4 32.71 OK
r-devel-linux-x86_64-fedora-gcc 0.5.4 31.03 OK
r-devel-osx-x86_64-clang 0.5.4 28.76 OK
r-devel-windows-ix86+x86_64 0.5.4 3.00 44.00 47.00 OK
r-patched-linux-x86_64 0.5.4 0.79 19.00 19.79 OK
r-patched-solaris-sparc 0.5.4 216.30 OK
r-patched-solaris-x86 0.5.4 42.10 OK
r-release-linux-x86_64 0.5.4 0.91 22.61 23.52 OK
r-release-osx-x86_64-mavericks 0.5.4 NOTE
r-release-windows-ix86+x86_64 0.5.4 4.00 44.00 48.00 OK
r-oldrel-windows-ix86+x86_64 0.5.4 4.00 61.00 65.00 OK

Check Details

Version: 0.5.4
Check: dependencies in R code
Result: NOTE
    Invalid MIT-MAGIC-COOKIE-1 keyInvalid MIT-MAGIC-COOKIE-1 key
Flavor: r-release-osx-x86_64-mavericks