CRAN Package Check Results for Package IsotopeR

Last updated on 2017-06-23 20:48:24.

Flavor Version Tinstall Tcheck Ttotal Status Flags
r-devel-linux-x86_64-debian-clang 0.5.4 0.88 22.69 23.57 OK
r-devel-linux-x86_64-debian-gcc 0.5.4 2.89 21.98 24.86 OK
r-devel-linux-x86_64-fedora-clang 0.5.4 42.53 OK
r-devel-linux-x86_64-fedora-gcc 0.5.4 40.71 OK
r-devel-windows-ix86+x86_64 0.5.4 3.00 56.00 59.00 OK
r-patched-linux-x86_64 0.5.4 0.98 21.92 22.90 OK
r-patched-solaris-sparc 0.5.4 251.80 OK
r-patched-solaris-x86 0.5.4 48.40 OK
r-release-linux-x86_64 0.5.4 0.87 22.61 23.48 OK
r-release-windows-ix86+x86_64 0.5.4 3.00 66.00 69.00 OK
r-release-osx-x86_64 0.5.4 OK
r-oldrel-windows-ix86+x86_64 0.5.4 4.00 57.00 61.00 OK
r-oldrel-osx-x86_64 0.5.4 NOTE

Check Details

Version: 0.5.4
Check: dependencies in R code
Result: NOTE
    Invalid MIT-MAGIC-COOKIE-1 keyInvalid MIT-MAGIC-COOKIE-1 key
Flavor: r-oldrel-osx-x86_64