CRAN Package Check Results for Package IsotopeR

Last updated on 2016-05-25 09:46:53.

Flavor Version Tinstall Tcheck Ttotal Status Flags
r-devel-linux-x86_64-debian-gcc 0.5.2 0.78 19.13 19.91 OK
r-devel-linux-x86_64-fedora-clang 0.5.2 31.83 OK
r-devel-linux-x86_64-fedora-gcc 0.5.2 30.05 OK
r-devel-osx-x86_64-clang 0.5.2 36.88 OK
r-devel-windows-ix86+x86_64 0.5.2 3.00 46.00 49.00 OK
r-patched-linux-x86_64 0.5.2 0.76 18.53 19.30 OK
r-patched-solaris-sparc 0.5.2 210.00 OK
r-patched-solaris-x86 0.5.2 49.20 OK
r-release-linux-x86_64 0.5.2 0.78 18.48 19.26 OK
r-release-osx-x86_64-mavericks 0.5.2 NOTE
r-release-windows-ix86+x86_64 0.5.2 3.00 46.00 49.00 OK
r-oldrel-windows-ix86+x86_64 0.5.2 3.00 43.00 46.00 OK

Check Details

Version: 0.5.2
Check: dependencies in R code
Result: NOTE
    Invalid MIT-MAGIC-COOKIE-1 keyInvalid MIT-MAGIC-COOKIE-1 key
Flavor: r-release-osx-x86_64-mavericks