CRAN Package Check Results for Package IsotopeR

Last updated on 2016-08-29 21:49:09.

Flavor Version Tinstall Tcheck Ttotal Status Flags
r-devel-linux-x86_64-debian-clang 0.5.4 0.78 19.61 20.39 OK
r-devel-linux-x86_64-debian-gcc 0.5.4 0.98 20.11 21.10 OK
r-devel-linux-x86_64-fedora-clang 0.5.4 36.24 OK
r-devel-linux-x86_64-fedora-gcc 0.5.4 34.75 OK
r-devel-osx-x86_64-clang 0.5.4 28.78 OK
r-devel-windows-ix86+x86_64 0.5.4 9.00 42.00 51.00 OK
r-patched-linux-x86_64 0.5.4 0.82 19.54 20.35 OK
r-patched-solaris-sparc 0.5.4 216.30 OK
r-patched-solaris-x86 0.5.4 42.40 OK
r-release-linux-x86_64 0.5.4 0.79 20.63 21.42 OK
r-release-osx-x86_64-mavericks 0.5.4 NOTE
r-release-windows-ix86+x86_64 0.5.4 3.00 58.00 61.00 OK
r-oldrel-windows-ix86+x86_64 0.5.4 5.00 58.00 63.00 OK

Check Details

Version: 0.5.4
Check: dependencies in R code
Result: NOTE
    Invalid MIT-MAGIC-COOKIE-1 keyInvalid MIT-MAGIC-COOKIE-1 key
Flavor: r-release-osx-x86_64-mavericks