CRAN Package Check Results for Package IsotopeR

Last updated on 2017-10-18 19:48:14.

Flavor Version Tinstall Tcheck Ttotal Status Flags
r-devel-linux-x86_64-debian-clang 0.5.4 0.90 23.48 24.38 OK
r-devel-linux-x86_64-debian-gcc 0.5.4 1.30 22.89 24.20 OK
r-devel-linux-x86_64-fedora-clang 0.5.4 42.51 OK
r-devel-linux-x86_64-fedora-gcc 0.5.4 42.13 OK
r-devel-windows-ix86+x86_64 0.5.4 5.00 46.00 51.00 OK
r-patched-linux-x86_64 0.5.4 0.87 22.02 22.88 OK
r-patched-solaris-x86 0.5.4 49.50 OK
r-release-linux-x86_64 0.5.4 0.89 21.92 22.82 OK
r-release-windows-ix86+x86_64 0.5.4 6.00 46.00 52.00 OK
r-release-osx-x86_64 0.5.4 OK
r-oldrel-windows-ix86+x86_64 0.5.4 5.00 58.00 63.00 OK
r-oldrel-osx-x86_64 0.5.4 NOTE

Check Details

Version: 0.5.4
Check: dependencies in R code
Result: NOTE
    Invalid MIT-MAGIC-COOKIE-1 keyInvalid MIT-MAGIC-COOKIE-1 key
Flavor: r-oldrel-osx-x86_64