CRAN Package Check Results for Package IsotopeR

Last updated on 2015-04-26 17:47:40.

Flavor Version Tinstall Tcheck Ttotal Status Flags
r-devel-linux-x86_64-debian-clang 0.4.7 1.19 16.76 17.96 NOTE
r-devel-linux-x86_64-debian-gcc 0.4.7 1.11 16.30 17.41 NOTE
r-devel-linux-x86_64-fedora-clang 0.4.7 33.56 NOTE
r-devel-linux-x86_64-fedora-gcc 0.4.7 31.50 NOTE
r-devel-osx-x86_64-clang 0.4.7 39.60 NOTE
r-devel-windows-ix86+x86_64 0.4.7 6.00 30.00 36.00 NOTE
r-patched-linux-x86_64 0.4.7 1.12 16.62 17.74 NOTE
r-patched-solaris-sparc 0.4.7 226.20 NOTE
r-patched-solaris-x86 0.4.7 49.70 NOTE
r-release-linux-x86_64 0.4.7 1.12 17.11 18.23 NOTE
r-release-osx-x86_64-mavericks 0.4.7 NOTE
r-release-osx-x86_64-snowleopard 0.4.7 NOTE
r-release-windows-ix86+x86_64 0.4.7 4.00 30.00 34.00 NOTE
r-oldrel-windows-ix86+x86_64 0.4.7 4.00 30.00 34.00 NOTE

Check Details

Version: 0.4.7
Check: dependencies in R code
Result: NOTE
    'library' or 'require' calls in package code:
     ‘colorspace’ ‘ellipse’ ‘plotrix’
     Please use :: or requireNamespace() instead.
     See section 'Suggested packages' in the 'Writing R Extensions' manual.
    Packages in Depends field not imported from:
     ‘coda’ ‘fgui’ ‘runjags’
     These packages need to be imported from (in the NAMESPACE file)
     for when this namespace is loaded but not attached.
Flavors: r-devel-linux-x86_64-fedora-clang, r-devel-linux-x86_64-fedora-gcc, r-devel-osx-x86_64-clang, r-devel-windows-ix86+x86_64, r-patched-solaris-sparc, r-patched-solaris-x86, r-release-osx-x86_64-mavericks, r-release-osx-x86_64-snowleopard, r-release-windows-ix86+x86_64, r-oldrel-windows-ix86+x86_64

Version: 0.4.7
Check: R code for possible problems
Result: NOTE
    Bi.plots: no visible global function definition for ‘sequential_hcl’
    Bi.plots: no visible global function definition for ‘plotCI’
    Bi.plots: no visible global function definition for ‘ellipse’
    IsoWrapper: no visible global function definition for ‘run.jags’
    IsotopeR: no visible global function definition for ‘fguiWindow’
    IsotopeR: no visible global function definition for ‘mgui’
    Tri.plots: no visible global function definition for ‘sequential_hcl’
    Tri.plots: no visible global function definition for ‘plotCI’
    Tri.plots: no visible global function definition for ‘ellipse’
    curves.plot: no visible global function definition for ‘sequential_hcl’
Flavors: r-devel-linux-x86_64-fedora-clang, r-devel-linux-x86_64-fedora-gcc, r-devel-osx-x86_64-clang, r-devel-windows-ix86+x86_64, r-patched-solaris-sparc, r-patched-solaris-x86, r-release-osx-x86_64-mavericks, r-release-osx-x86_64-snowleopard, r-release-windows-ix86+x86_64, r-oldrel-windows-ix86+x86_64