CRAN Package Check Results for Package IsotopeR

Last updated on 2015-07-30 22:49:54.

Flavor Version Tinstall Tcheck Ttotal Status Flags
r-devel-linux-x86_64-debian-clang 0.4.7 1.30 16.18 17.48 NOTE
r-devel-linux-x86_64-debian-gcc 0.4.7 1.14 16.60 17.75 NOTE
r-devel-linux-x86_64-fedora-clang 0.4.7 31.92 NOTE
r-devel-linux-x86_64-fedora-gcc 0.4.7 30.88 NOTE
r-devel-osx-x86_64-clang 0.4.7 35.87 NOTE
r-devel-windows-ix86+x86_64 0.4.7 7.00 29.00 36.00 NOTE
r-patched-linux-x86_64 0.4.7 1.34 16.32 17.66 NOTE
r-patched-solaris-sparc 0.4.7 213.80 NOTE
r-patched-solaris-x86 0.4.7 50.80 NOTE
r-release-linux-x86_64 0.4.7 1.10 16.37 17.48 NOTE
r-release-osx-x86_64-mavericks 0.4.7 NOTE
r-release-windows-ix86+x86_64 0.4.7 6.00 28.00 34.00 NOTE
r-oldrel-windows-ix86+x86_64 0.4.7 9.00 32.00 41.00 NOTE

Check Details

Version: 0.4.7
Check: dependencies in R code
Result: NOTE
    'library' or 'require' calls in package code:
     ‘colorspace’ ‘ellipse’ ‘plotrix’
     Please use :: or requireNamespace() instead.
     See section 'Suggested packages' in the 'Writing R Extensions' manual.
    Packages in Depends field not imported from:
     ‘coda’ ‘fgui’ ‘runjags’
     These packages need to be imported from (in the NAMESPACE file)
     for when this namespace is loaded but not attached.
Flavors: r-devel-linux-x86_64-debian-clang, r-devel-linux-x86_64-debian-gcc, r-devel-linux-x86_64-fedora-clang, r-devel-linux-x86_64-fedora-gcc, r-devel-osx-x86_64-clang, r-devel-windows-ix86+x86_64, r-patched-linux-x86_64, r-patched-solaris-sparc, r-patched-solaris-x86, r-release-linux-x86_64, r-release-osx-x86_64-mavericks, r-release-windows-ix86+x86_64, r-oldrel-windows-ix86+x86_64

Version: 0.4.7
Check: R code for possible problems
Result: NOTE
    Bi.plots: no visible global function definition for ‘sequential_hcl’
    Bi.plots: no visible global function definition for ‘plot’
    Bi.plots: no visible global function definition for ‘points’
    Bi.plots: no visible global function definition for ‘box’
    Bi.plots: no visible global function definition for ‘plotCI’
    Bi.plots: no visible global function definition for ‘title’
    Bi.plots: no visible global function definition for ‘lines’
    Bi.plots: no visible global function definition for ‘ellipse’
    IsoWrapper: no visible global function definition for ‘read.table’
    IsoWrapper: no visible global function definition for ‘runif’
    IsoWrapper: no visible global function definition for ‘run.jags’
    IsoWrapper: no visible global function definition for ‘write.table’
    IsoWrapper: no visible global function definition for ‘dev.new’
    IsotopeR: no visible global function definition for ‘fguiWindow’
    IsotopeR: no visible global function definition for ‘mgui’
    Tri.plots: no visible global function definition for ‘sequential_hcl’
    Tri.plots: no visible global function definition for ‘plotCI’
    Tri.plots: no visible global function definition for ‘box’
    Tri.plots: no visible global function definition for ‘segments’
    Tri.plots: no visible global function definition for ‘points’
    Tri.plots: no visible global function definition for ‘lines’
    Tri.plots: no visible global function definition for ‘ellipse’
    Tri.plots: no visible global function definition for ‘title’
    curves.plot: no visible global function definition for ‘par’
    curves.plot: no visible global function definition for ‘sequential_hcl’
    curves.plot: no visible global function definition for ‘density’
    curves.plot: no visible global function definition for ‘plot’
    curves.plot: no visible global function definition for ‘lines’
    load.prev.func: no visible global function definition for ‘dev.new’
    Undefined global functions or variables:
     box density dev.new ellipse fguiWindow lines mgui par plot plotCI
     points read.table run.jags runif segments sequential_hcl title
     write.table
    Consider adding
     importFrom("grDevices", "dev.new")
     importFrom("graphics", "box", "lines", "par", "plot", "points",
     "segments", "title")
     importFrom("stats", "density", "runif")
     importFrom("utils", "read.table", "write.table")
    to your NAMESPACE.
Flavors: r-devel-linux-x86_64-debian-clang, r-devel-linux-x86_64-debian-gcc, r-devel-linux-x86_64-fedora-clang, r-devel-linux-x86_64-fedora-gcc, r-devel-windows-ix86+x86_64

Version: 0.4.7
Check: R code for possible problems
Result: NOTE
    Bi.plots: no visible global function definition for ‘sequential_hcl’
    Bi.plots: no visible global function definition for ‘plotCI’
    Bi.plots: no visible global function definition for ‘ellipse’
    IsoWrapper: no visible global function definition for ‘run.jags’
    IsotopeR: no visible global function definition for ‘fguiWindow’
    IsotopeR: no visible global function definition for ‘mgui’
    Tri.plots: no visible global function definition for ‘sequential_hcl’
    Tri.plots: no visible global function definition for ‘plotCI’
    Tri.plots: no visible global function definition for ‘ellipse’
    curves.plot: no visible global function definition for ‘sequential_hcl’
    Undefined global functions or variables:
     ellipse fguiWindow mgui plotCI run.jags sequential_hcl
Flavor: r-devel-osx-x86_64-clang

Version: 0.4.7
Check: R code for possible problems
Result: NOTE
    Bi.plots: no visible global function definition for ‘sequential_hcl’
    Bi.plots: no visible global function definition for ‘plotCI’
    Bi.plots: no visible global function definition for ‘ellipse’
    IsoWrapper: no visible global function definition for ‘run.jags’
    IsotopeR: no visible global function definition for ‘fguiWindow’
    IsotopeR: no visible global function definition for ‘mgui’
    Tri.plots: no visible global function definition for ‘sequential_hcl’
    Tri.plots: no visible global function definition for ‘plotCI’
    Tri.plots: no visible global function definition for ‘ellipse’
    curves.plot: no visible global function definition for ‘sequential_hcl’
Flavors: r-patched-linux-x86_64, r-patched-solaris-sparc, r-patched-solaris-x86, r-release-linux-x86_64, r-release-osx-x86_64-mavericks, r-release-windows-ix86+x86_64, r-oldrel-windows-ix86+x86_64