CRAN Package Check Results for Package IsotopeR

Last updated on 2017-04-29 15:48:02.

Flavor Version Tinstall Tcheck Ttotal Status Flags
r-devel-linux-x86_64-debian-clang 0.5.4 0.90 23.00 23.90 OK
r-devel-linux-x86_64-debian-gcc 0.5.4 0.87 22.18 23.04 OK
r-devel-linux-x86_64-fedora-clang 0.5.4 40.75 OK --no-stop-on-test-error
r-devel-linux-x86_64-fedora-gcc 0.5.4 38.65 OK --no-stop-on-test-error
r-devel-windows-ix86+x86_64 0.5.4 5.00 63.00 68.00 OK
r-patched-linux-x86_64 0.5.4 0.87 21.60 22.47 OK
r-patched-solaris-sparc 0.5.4 251.80 OK
r-patched-solaris-x86 0.5.4 49.10 OK
r-release-linux-x86_64 0.5.4 0.82 21.88 22.71 OK
r-release-windows-ix86+x86_64 0.5.4 7.00 61.00 68.00 OK
r-release-osx-x86_64 0.5.4 OK
r-oldrel-windows-ix86+x86_64 0.5.4 4.00 60.00 64.00 OK
r-oldrel-osx-x86_64 0.5.4 NOTE

Check Details

Version: 0.5.4
Check: dependencies in R code
Result: NOTE
    Invalid MIT-MAGIC-COOKIE-1 keyInvalid MIT-MAGIC-COOKIE-1 key
Flavor: r-oldrel-osx-x86_64