CRAN Package Check Results for Package JADE

Last updated on 2017-02-24 23:52:33.

Flavor Version Tinstall Tcheck Ttotal Status Flags
r-devel-linux-x86_64-debian-clang 2.0-0 1.89 25.16 27.05 NOTE
r-devel-linux-x86_64-debian-gcc 2.0-0 1.63 25.41 27.04 NOTE
r-devel-linux-x86_64-fedora-clang 2.0-0 48.80 NOTE --no-stop-on-test-error
r-devel-linux-x86_64-fedora-gcc 2.0-0 48.72 NOTE --no-stop-on-test-error
r-devel-macos-x86_64-clang 2.0-0 41.81 NOTE --no-stop-on-test-error
r-devel-windows-ix86+x86_64 2.0-0 21.00 62.00 83.00 OK
r-patched-linux-x86_64 2.0-0 1.48 22.67 24.15 OK
r-patched-solaris-sparc 2.0-0 239.80 OK
r-patched-solaris-x86 2.0-0 54.10 OK
r-release-linux-x86_64 2.0-0 1.43 22.29 23.72 OK
r-release-osx-x86_64-mavericks 2.0-0 OK
r-release-windows-ix86+x86_64 2.0-0 10.00 90.00 100.00 OK
r-oldrel-windows-ix86+x86_64 2.0-0 16.00 124.00 140.00 OK

Check Details

Version: 2.0-0
Check: compiled code
Result: NOTE
    File ‘JADE/libs/JADE.so’:
     Found no calls to: ‘R_registerRoutines’, ‘R_useDynamicSymbols’
    
    It is good practice to register native routines and to disable symbol
    search.
    
    See ‘Writing portable packages’ in the ‘Writing R Extensions’ manual.
Flavors: r-devel-linux-x86_64-debian-clang, r-devel-linux-x86_64-debian-gcc

Version: 2.0-0
Flags: --no-stop-on-test-error
Check: compiled code
Result: NOTE
    File ‘JADE/libs/JADE.so’:
     Found no calls to: ‘R_registerRoutines’, ‘R_useDynamicSymbols’
    
    It is good practice to register native routines and to disable symbol
    search.
    
    See ‘Writing portable packages’ in the ‘Writing R Extensions’ manual.
Flavors: r-devel-linux-x86_64-fedora-clang, r-devel-linux-x86_64-fedora-gcc, r-devel-macos-x86_64-clang