CRAN Package Check Results for Package JADE

Last updated on 2015-07-28 09:47:04.

Flavor Version Tinstall Tcheck Ttotal Status Flags
r-devel-linux-x86_64-debian-clang 1.9-92 1.46 14.42 15.89 NOTE
r-devel-linux-x86_64-debian-gcc 1.9-92 1.50 14.07 15.57 NOTE
r-devel-linux-x86_64-fedora-clang 1.9-92 31.14 NOTE
r-devel-linux-x86_64-fedora-gcc 1.9-92 28.62 NOTE
r-devel-osx-x86_64-clang 1.9-92 32.41 OK
r-devel-windows-ix86+x86_64 1.9-92 6.00 31.00 37.00 NOTE
r-patched-linux-x86_64 1.9-92 1.52 14.58 16.10 OK
r-patched-solaris-sparc 1.9-92 204.20 OK
r-patched-solaris-x86 1.9-92 45.20 OK
r-release-linux-x86_64 1.9-92 1.56 14.86 16.42 OK
r-release-osx-x86_64-mavericks 1.9-92 OK
r-release-windows-ix86+x86_64 1.9-92 8.00 32.00 40.00 OK
r-oldrel-windows-ix86+x86_64 1.9-92 11.00 35.00 46.00 OK

Check Details

Version: 1.9-92
Check: R code for possible problems
Result: NOTE
    plot.bss: no visible global function definition for ‘pairs’
    Undefined global functions or variables:
     pairs
    Consider adding
     importFrom("graphics", "pairs")
    to your NAMESPACE.
Flavors: r-devel-linux-x86_64-debian-clang, r-devel-linux-x86_64-debian-gcc, r-devel-linux-x86_64-fedora-clang, r-devel-linux-x86_64-fedora-gcc, r-devel-windows-ix86+x86_64