CRAN Package Check Results for Package JADE

Last updated on 2016-05-03 21:47:29.

Flavor Version Tinstall Tcheck Ttotal Status Flags
r-devel-linux-x86_64-debian-gcc 1.9-93 1.37 20.15 21.52 OK
r-devel-linux-x86_64-fedora-clang 1.9-93 38.74 OK
r-devel-linux-x86_64-fedora-gcc 1.9-93 36.25 OK
r-devel-osx-x86_64-clang 1.9-93 45.26 OK
r-devel-windows-ix86+x86_64 1.9-93 7.00 43.00 50.00 OK
r-patched-linux-x86_64 1.9-93 1.25 20.06 21.31 OK
r-patched-solaris-sparc 1.9-93 212.40 OK
r-patched-solaris-x86 1.9-93 49.00 OK
r-release-linux-x86_64 1.9-93 1.45 20.94 22.39 OK
r-release-osx-x86_64-mavericks 1.9-93 OK
r-release-windows-ix86+x86_64 1.9-93 7.00 59.00 66.00 OK
r-oldrel-windows-ix86+x86_64 1.9-93 10.00 55.00 65.00 NOTE

Check Details

Version: 1.9-93
Check: re-building of vignette outputs
Result: NOTE
    Error in re-building vignettes:
     ...
    sfonts/cm/cmex10.pfb><D:/Compiler/texmf/fonts/type1/public/amsfonts/cm/cmmi10.p
    fb><D:/Compiler/texmf/fonts/type1/public/amsfonts/cm/cmmi5.pfb><D:/Compiler/tex
    mf/fonts/type1/public/amsfonts/cm/cmmi7.pfb><D:/Compiler/texmf/fonts/type1/publ
    ic/amsfonts/cm/cmr10.pfb><D:/Compiler/texmf/fonts/type1/public/amsfonts/cm/cmr1
    2.pfb><D:/Compiler/texmf/fonts/type1/public/amsfonts/cm/cmr17.pfb><D:/Compiler/
    texmf/fonts/type1/public/amsfonts/cm/cmr5.pfb><D:/Compiler/texmf/fonts/type1/pu
    blic/amsfonts/cm/cmr6.pfb><D:/Compiler/texmf/fonts/type1/public/amsfonts/cm/cmr
    7.pfb><D:/Compiler/texmf/fonts/type1/public/amsfonts/cm/cmr8.pfb><D:/Compiler/t
    exmf/fonts/type1/public/amsfonts/cm/cmr9.pfb><D:/Compiler/texmf/fonts/type1/pub
    lic/amsfonts/cm/cmss10.pfb><D:/Compiler/texmf/fonts/type1/public/amsfonts/cm/cm
    ss17.pfb><D:/Compiler/texmf/fonts/type1/public/amsfonts/cm/cmss9.pfb><D:/Compil
    er/texmf/fonts/type1/public/amsfonts/cm/cmsy10.pfb><D:/Compiler/texmf/fonts/typ
    e1/public/amsfonts/cm/cmsy5.pfb><D:/Compiler/texmf/fonts/type1/public/amsfonts/
    cm/cmsy7.pfb><D:/Compiler/texmf/fonts/type1/public/amsfonts/cm/cmti10.pfb><D:/C
    ompiler/texmf/fonts/type1/public/amsfonts/cm/cmtt10.pfb><D:/Compiler/texmf/font
    s/type1/public/cm-super/sfrm0600.pfb><D:/Compiler/texmf/fonts/type1/public/cm-s
    uper/sfrm0800.pfb><D:/Compiler/texmf/fonts/type1/public/cm-super/sfrm1000.pfb><
    D:/Compiler/texmf/fonts/type1/public/cm-super/sftt1000.pfb>
    Output written on JADE-BSSasymp.pdf (24 pages, 677666 bytes).
    Transcript written on JADE-BSSasymp.log.
    Warning: running command '"pdflatex" -interaction=nonstopmode "JADE-BSSasymp.tex"' had status 1
    Error in texi2dvi(file = file, pdf = TRUE, clean = clean, quiet = quiet, :
     unable to run 'pdflatex' on 'JADE-BSSasymp.tex'
    Calls: buildVignettes -> texi2pdf -> texi2dvi
    Execution halted
Flavor: r-oldrel-windows-ix86+x86_64