CRAN Package Check Results for Package JADE

Last updated on 2015-05-30 19:47:16.

Flavor Version Tinstall Tcheck Ttotal Status Flags
r-devel-linux-x86_64-debian-clang 1.9-92 1.48 14.83 16.31 OK
r-devel-linux-x86_64-debian-gcc 1.9-92 1.41 14.91 16.32 OK
r-devel-linux-x86_64-fedora-clang 1.9-92 32.77 OK
r-devel-linux-x86_64-fedora-gcc 1.9-92 29.45 OK
r-devel-osx-x86_64-clang 1.9-92 37.75 OK
r-devel-windows-ix86+x86_64 1.9-92 6.00 30.00 36.00 OK
r-patched-linux-x86_64 1.9-92 1.50 14.90 16.40 OK
r-patched-solaris-sparc 1.9-92 203.10 OK
r-patched-solaris-x86 1.9-92 43.20 OK
r-release-linux-x86_64 1.9-92 1.53 14.91 16.44 OK
r-release-osx-x86_64-mavericks 1.9-92 OK
r-release-osx-x86_64-snowleopard 1.9-92 ERROR
r-release-windows-ix86+x86_64 1.9-92 6.00 32.00 38.00 OK
r-oldrel-windows-ix86+x86_64 1.9-92 8.00 40.00 48.00 OK

Check Details

Version: 1.9-92
Check: package dependencies
Result: NOTE
    Packages suggested but not available for checking: ‘ICS’ ‘ICSNP’
Flavor: r-release-osx-x86_64-snowleopard

Version: 1.9-92
Check: Rd cross-references
Result: NOTE
    Package unavailable to check Rd xrefs: ‘ICS’
Flavor: r-release-osx-x86_64-snowleopard

Version: 1.9-92
Check: examples
Result: ERROR
    Running examples in ‘JADE-Ex.R’ failed
    The error most likely occurred in:
    
    > ### Name: multscatter
    > ### Title: Function to Compute Several Scatter Matrices for the Same Data
    > ### Aliases: multscatter
    > ### Keywords: multivariate
    >
    > ### ** Examples
    >
    > # example requires the packages ICS and ICSNP
    > library(ICSNP)
    Error in library(ICSNP) : there is no package called ‘ICSNP’
    Execution halted
Flavor: r-release-osx-x86_64-snowleopard