CRAN Package Check Results for Package JADE

Last updated on 2017-10-16 23:47:31.

Flavor Version Tinstall Tcheck Ttotal Status Flags
r-devel-linux-x86_64-debian-clang 2.0-0 1.76 26.60 28.35 NOTE
r-devel-linux-x86_64-debian-gcc 2.0-0 1.76 28.20 29.96 NOTE
r-devel-linux-x86_64-fedora-clang 2.0-0 50.80 NOTE
r-devel-linux-x86_64-fedora-gcc 2.0-0 51.54 NOTE
r-devel-windows-ix86+x86_64 2.0-0 8.00 65.00 73.00 OK
r-patched-linux-x86_64 2.0-0 1.65 25.60 27.25 NOTE
r-patched-solaris-x86 2.0-0 63.90 OK
r-release-linux-x86_64 2.0-0 1.94 25.35 27.28 NOTE
r-release-windows-ix86+x86_64 2.0-0 8.00 66.00 74.00 OK
r-release-osx-x86_64 2.0-0 WARN
r-oldrel-windows-ix86+x86_64 2.0-0 10.00 80.00 90.00 OK
r-oldrel-osx-x86_64 2.0-0 OK

Check Details

Version: 2.0-0
Check: compiled code
Result: NOTE
    File ‘JADE/libs/JADE.so’:
     Found no calls to: ‘R_registerRoutines’, ‘R_useDynamicSymbols’
    
    It is good practice to register native routines and to disable symbol
    search.
    
    See ‘Writing portable packages’ in the ‘Writing R Extensions’ manual.
Flavors: r-devel-linux-x86_64-debian-clang, r-devel-linux-x86_64-debian-gcc, r-devel-linux-x86_64-fedora-clang, r-devel-linux-x86_64-fedora-gcc, r-patched-linux-x86_64, r-release-linux-x86_64

Version: 2.0-0
Check: re-building of vignette outputs
Result: WARN
    Error in re-building vignettes:
     ...
    Error in texi2dvi(file = file, pdf = TRUE, clean = clean, quiet = quiet, :
     Running 'texi2dvi' on 'JADE-BSSasymp.tex' failed.
    LaTeX errors:
    ! LaTeX Error: File `fullpage.sty' not found.
    
    Type X to quit or <RETURN> to proceed,
    or enter new name. (Default extension: sty)
    
    ! Emergency stop.
    <read *>
    
    l.15 \usepackage
     {authblk}^^M
    ! ==> Fatal error occurred, no output PDF file produced!
    Calls: buildVignettes -> texi2pdf -> texi2dvi
    Execution halted
Flavor: r-release-osx-x86_64