CRAN Package Check Results for Package JADE

Last updated on 2015-04-28 06:46:37.

Flavor Version Tinstall Tcheck Ttotal Status Flags
r-devel-linux-x86_64-debian-clang 1.9-92 1.44 15.18 16.63 OK
r-devel-linux-x86_64-debian-gcc 1.9-92 1.47 14.86 16.33 OK
r-devel-linux-x86_64-fedora-clang 1.9-92 31.06 OK
r-devel-linux-x86_64-fedora-gcc 1.9-92 29.49 OK
r-devel-osx-x86_64-clang 1.9-92 36.46 OK
r-devel-windows-ix86+x86_64 1.9-92 6.00 28.00 34.00 OK
r-patched-linux-x86_64 1.9-92 1.43 14.90 16.33 OK
r-patched-solaris-sparc 1.9-92 213.00 OK
r-patched-solaris-x86 1.9-92 44.50 OK
r-release-linux-x86_64 1.9-92 1.45 15.40 16.85 OK
r-release-osx-x86_64-mavericks 1.9-92 OK
r-release-osx-x86_64-snowleopard 1.9-92 ERROR
r-release-windows-ix86+x86_64 1.9-92 9.00 42.00 51.00 OK
r-oldrel-windows-ix86+x86_64 1.9-92 5.00 36.00 41.00 OK

Check Details

Version: 1.9-92
Check: package dependencies
Result: NOTE
    Packages suggested but not available for checking: ‘ICS’ ‘ICSNP’
Flavor: r-release-osx-x86_64-snowleopard

Version: 1.9-92
Check: Rd cross-references
Result: NOTE
    Package unavailable to check Rd xrefs: ‘ICS’
Flavor: r-release-osx-x86_64-snowleopard

Version: 1.9-92
Check: examples
Result: ERROR
    Running examples in ‘JADE-Ex.R’ failed
    The error most likely occurred in:
    
    > ### Name: multscatter
    > ### Title: Function to Compute Several Scatter Matrices for the Same Data
    > ### Aliases: multscatter
    > ### Keywords: multivariate
    >
    > ### ** Examples
    >
    > # example requires the packages ICS and ICSNP
    > library(ICSNP)
    Error in library(ICSNP) : there is no package called ‘ICSNP’
    Execution halted
Flavor: r-release-osx-x86_64-snowleopard