CRAN Package Check Results for Package JADE

Last updated on 2017-03-27 06:48:15.

Flavor Version Tinstall Tcheck Ttotal Status Flags
r-devel-linux-x86_64-debian-clang 2.0-0 1.91 25.27 27.18 NOTE
r-devel-linux-x86_64-debian-gcc 2.0-0 1.62 24.77 26.40 NOTE
r-devel-linux-x86_64-fedora-clang 2.0-0 49.51 NOTE --no-stop-on-test-error
r-devel-linux-x86_64-fedora-gcc 2.0-0 47.63 NOTE --no-stop-on-test-error
r-devel-macos-x86_64-clang 2.0-0 39.79 NOTE --no-stop-on-test-error
r-devel-windows-ix86+x86_64 2.0-0 7.00 89.00 96.00 OK
r-patched-linux-x86_64 2.0-0 1.70 25.54 27.24 NOTE
r-patched-solaris-sparc 2.0-0 286.50 OK
r-patched-solaris-x86 2.0-0 62.40 OK
r-release-linux-x86_64 2.0-0 1.58 23.35 24.93 OK
r-release-osx-x86_64-mavericks 2.0-0 OK
r-release-windows-ix86+x86_64 2.0-0 10.00 61.00 71.00 OK
r-oldrel-windows-ix86+x86_64 2.0-0 7.00 56.00 63.00 OK

Check Details

Version: 2.0-0
Check: compiled code
Result: NOTE
    File ‘JADE/libs/JADE.so’:
     Found no calls to: ‘R_registerRoutines’, ‘R_useDynamicSymbols’
    
    It is good practice to register native routines and to disable symbol
    search.
    
    See ‘Writing portable packages’ in the ‘Writing R Extensions’ manual.
Flavors: r-devel-linux-x86_64-debian-clang, r-devel-linux-x86_64-debian-gcc, r-patched-linux-x86_64

Version: 2.0-0
Flags: --no-stop-on-test-error
Check: compiled code
Result: NOTE
    File ‘JADE/libs/JADE.so’:
     Found no calls to: ‘R_registerRoutines’, ‘R_useDynamicSymbols’
    
    It is good practice to register native routines and to disable symbol
    search.
    
    See ‘Writing portable packages’ in the ‘Writing R Extensions’ manual.
Flavors: r-devel-linux-x86_64-fedora-clang, r-devel-linux-x86_64-fedora-gcc, r-devel-macos-x86_64-clang