CRAN Package Check Results for Package JADE

Last updated on 2014-04-24 21:47:43.

Flavor Version Tinstall Tcheck Ttotal Status Flags
r-devel-linux-x86_64-debian-clang 1.9-91 1.55 17.32 18.87 OK
r-devel-linux-x86_64-debian-gcc 1.9-91 1.51 17.36 18.86 OK
r-devel-linux-x86_64-fedora-clang 1.9-91 35.35 OK
r-devel-linux-x86_64-fedora-gcc 1.9-91 33.61 OK
r-devel-osx-x86_64-clang 1.9-91 37.73 OK
r-devel-osx-x86_64-gcc 1.9-91 ERROR
r-devel-windows-ix86+x86_64 1.9-91 6.00 31.00 37.00 OK
r-patched-linux-x86_64 1.9-91 1.59 17.17 18.76 OK
r-patched-solaris-sparc 1.9-91 206.30 OK
r-patched-solaris-x86 1.9-91 47.90 OK
r-release-linux-ix86 1.9-91 4.00 32.00 36.00 OK
r-release-linux-x86_64 1.9-91 1.58 17.41 18.99 OK
r-release-osx-x86_64-mavericks 1.9-91 WARN
r-release-osx-x86_64-snowleopard 1.9-91 OK
r-release-windows-ix86+x86_64 1.9-91 7.00 34.00 41.00 OK
r-oldrel-windows-ix86+x86_64 1.9-91 7.00 36.00 43.00 OK

Check Details

Version: 1.9-91
Check: package dependencies
Result: NOTE
    Packages suggested but not available for checking: ‘ICS’ ‘ICSNP’
Flavor: r-devel-osx-x86_64-gcc

Version: 1.9-91
Check: Rd cross-references
Result: NOTE
    Package unavailable to check Rd xrefs: ‘ICS’
Flavor: r-devel-osx-x86_64-gcc

Version: 1.9-91
Check: examples
Result: ERROR
    Running examples in ‘JADE-Ex.R’ failed
    The error most likely occurred in:
    
    > ### Name: multscatter
    > ### Title: Function to Compute Several Scatter Matrices for the Same Data
    > ### Aliases: multscatter
    > ### Keywords: multivariate
    >
    > ### ** Examples
    >
    > # example requires the packages ICS and ICSNP
    > library(ICSNP)
    Error in library(ICSNP) : there is no package called ‘ICSNP’
    Execution halted
Flavor: r-devel-osx-x86_64-gcc

Version: 1.9-91
Check: PDF version of manual
Result: WARNING
    LaTeX errors when creating PDF version.
    This typically indicates Rd problems.
    LaTeX errors found:
    ! LaTeX Error: File `upquote.sty' not found.
    
    Type X to quit or <RETURN> to proceed,
    or enter new name. (Default extension: sty)
    
    aa169d9/Rd2.tex:8: ==> Fatal error occurred, no output PDF file produced!
Flavor: r-release-osx-x86_64-mavericks