CRAN Package Check Results for Package JASPAR

Last updated on 2014-11-26 03:47:58.

Flavor Version Tinstall Tcheck Ttotal Status Flags
r-devel-linux-x86_64-debian-clang 0.0.1 0.83 10.60 11.43 NOTE
r-devel-linux-x86_64-debian-gcc 0.0.1 0.79 10.33 11.12 NOTE
r-devel-linux-x86_64-fedora-clang 0.0.1 23.89 NOTE
r-devel-linux-x86_64-fedora-gcc 0.0.1 20.71 NOTE
r-devel-osx-x86_64-clang 0.0.1 27.99 NOTE
r-devel-windows-ix86+x86_64 0.0.1 6.00 23.00 29.00 NOTE
r-patched-linux-x86_64 0.0.1 0.82 10.41 11.23 NOTE
r-patched-solaris-sparc 0.0.1 131.70 NOTE
r-patched-solaris-x86 0.0.1 33.30 NOTE
r-release-linux-ix86 0.0.1 1.24 16.58 17.82 NOTE
r-release-linux-x86_64 0.0.1 0.84 10.48 11.33 NOTE
r-release-osx-x86_64-mavericks 0.0.1 NOTE
r-release-osx-x86_64-snowleopard 0.0.1 NOTE
r-release-windows-ix86+x86_64 0.0.1 5.00 22.00 27.00 NOTE
r-oldrel-windows-ix86+x86_64 0.0.1 8.00 34.00 42.00 NOTE

Check Details

Version: 0.0.1
Check: dependencies in R code
Result: NOTE
    Package in Depends field not imported from: ‘gtools’
     These packages need to be imported from (in the NAMESPACE file)
     for when this namespace is loaded but not attached.
    See the information on DESCRIPTION files in the chapter ‘Creating R
    packages’ of the ‘Writing R Extensions’ manual.
Flavors: r-devel-linux-x86_64-debian-clang, r-devel-linux-x86_64-debian-gcc, r-devel-linux-x86_64-fedora-clang, r-devel-linux-x86_64-fedora-gcc, r-devel-osx-x86_64-clang, r-devel-windows-ix86+x86_64, r-patched-linux-x86_64, r-patched-solaris-sparc, r-patched-solaris-x86, r-release-linux-ix86, r-release-linux-x86_64, r-release-osx-x86_64-mavericks, r-release-windows-ix86+x86_64, r-oldrel-windows-ix86+x86_64

Version: 0.0.1
Check: R code for possible problems
Result: NOTE
    NB: .First.lib is obsolete and will not be used in R >= 3.0.0
    
    make_template: no visible global function definition for ‘invalid’
Flavors: r-devel-linux-x86_64-debian-clang, r-devel-linux-x86_64-debian-gcc, r-devel-linux-x86_64-fedora-clang, r-devel-linux-x86_64-fedora-gcc, r-devel-osx-x86_64-clang, r-devel-windows-ix86+x86_64, r-patched-linux-x86_64, r-patched-solaris-sparc, r-patched-solaris-x86, r-release-linux-ix86, r-release-linux-x86_64, r-release-windows-ix86+x86_64

Version: 0.0.1
Check: R code for possible problems
Result: NOTE
    NB: .First.lib is obsolete and will not be used in R >= 3.0.0
Flavors: r-release-osx-x86_64-mavericks, r-release-osx-x86_64-snowleopard, r-oldrel-windows-ix86+x86_64