CRAN Package Check Results for Package JASPAR

Last updated on 2015-03-05 06:46:39.

Flavor Version Tinstall Tcheck Ttotal Status Flags
r-devel-linux-x86_64-debian-clang 0.0.1 0.79 9.49 10.28 NOTE
r-devel-linux-x86_64-debian-gcc 0.0.1 0.75 9.36 10.10 NOTE
r-devel-linux-x86_64-fedora-clang 0.0.1 19.54 NOTE
r-devel-linux-x86_64-fedora-gcc 0.0.1 18.51 NOTE
r-devel-osx-x86_64-clang 0.0.1 25.29 NOTE
r-devel-windows-ix86+x86_64 0.0.1 10.00 22.00 32.00 NOTE
r-patched-linux-x86_64 0.0.1 0.82 10.61 11.43 NOTE
r-patched-solaris-sparc 0.0.1 156.20 NOTE
r-patched-solaris-x86 0.0.1 35.10 NOTE
r-release-linux-ix86 0.0.1 1.23 17.01 18.24 NOTE
r-release-linux-x86_64 0.0.1 0.85 10.89 11.74 NOTE
r-release-osx-x86_64-mavericks 0.0.1 NOTE
r-release-osx-x86_64-snowleopard 0.0.1 NOTE
r-release-windows-ix86+x86_64 0.0.1 5.00 22.00 27.00 NOTE
r-oldrel-windows-ix86+x86_64 0.0.1 8.00 34.00 42.00 NOTE

Check Details

Version: 0.0.1
Check: DESCRIPTION meta-information
Result: NOTE
    Malformed Title field: should not end in a period.
    Malformed Description field: should contain one or more complete sentences.
Flavors: r-devel-linux-x86_64-debian-clang, r-devel-linux-x86_64-debian-gcc, r-devel-linux-x86_64-fedora-clang, r-devel-linux-x86_64-fedora-gcc, r-devel-osx-x86_64-clang, r-devel-windows-ix86+x86_64

Version: 0.0.1
Check: dependencies in R code
Result: NOTE
    Package in Depends field not imported from: ‘gtools’
     These packages need to be imported from (in the NAMESPACE file)
     for when this namespace is loaded but not attached.
Flavors: r-devel-linux-x86_64-debian-clang, r-devel-linux-x86_64-debian-gcc, r-devel-linux-x86_64-fedora-clang, r-devel-linux-x86_64-fedora-gcc, r-devel-osx-x86_64-clang, r-devel-windows-ix86+x86_64, r-patched-linux-x86_64, r-patched-solaris-sparc, r-patched-solaris-x86

Version: 0.0.1
Check: R code for possible problems
Result: NOTE
    NB: .First.lib is obsolete and will not be used in R >= 3.0.0
    
    make_template: no visible global function definition for ‘invalid’
Flavors: r-devel-linux-x86_64-debian-clang, r-devel-linux-x86_64-debian-gcc, r-devel-linux-x86_64-fedora-clang, r-devel-linux-x86_64-fedora-gcc, r-devel-osx-x86_64-clang, r-devel-windows-ix86+x86_64, r-patched-linux-x86_64, r-patched-solaris-sparc, r-patched-solaris-x86, r-release-linux-ix86, r-release-linux-x86_64, r-release-osx-x86_64-mavericks, r-release-windows-ix86+x86_64

Version: 0.0.1
Check: dependencies in R code
Result: NOTE
    Package in Depends field not imported from: ‘gtools’
     These packages need to be imported from (in the NAMESPACE file)
     for when this namespace is loaded but not attached.
    See the information on DESCRIPTION files in the chapter ‘Creating R
    packages’ of the ‘Writing R Extensions’ manual.
Flavors: r-release-linux-ix86, r-release-linux-x86_64, r-release-osx-x86_64-mavericks, r-release-windows-ix86+x86_64, r-oldrel-windows-ix86+x86_64

Version: 0.0.1
Check: R code for possible problems
Result: NOTE
    NB: .First.lib is obsolete and will not be used in R >= 3.0.0
Flavors: r-release-osx-x86_64-snowleopard, r-oldrel-windows-ix86+x86_64