CRAN Package Check Results for Package JASPAR

Last updated on 2015-09-01 23:48:27.

Flavor Version Tinstall Tcheck Ttotal Status Flags
r-devel-linux-x86_64-debian-clang 0.0.1 0.68 9.05 9.73 NOTE
r-devel-linux-x86_64-debian-gcc 0.0.1 0.69 8.84 9.53 NOTE
r-devel-linux-x86_64-fedora-clang 0.0.1 18.25 NOTE
r-devel-linux-x86_64-fedora-gcc 0.0.1 16.71 NOTE
r-devel-osx-x86_64-clang 0.0.1 19.77 NOTE
r-devel-windows-ix86+x86_64 0.0.1 6.00 25.00 31.00 NOTE
r-patched-linux-x86_64 0.0.1 0.79 9.36 10.15 NOTE
r-patched-solaris-sparc 0.0.1 128.50 NOTE
r-patched-solaris-x86 0.0.1 30.90 NOTE
r-release-linux-x86_64 0.0.1 0.76 9.69 10.45 NOTE
r-release-osx-x86_64-mavericks 0.0.1 NOTE
r-release-windows-ix86+x86_64 0.0.1 5.00 32.00 37.00 NOTE
r-oldrel-windows-ix86+x86_64 0.0.1 7.00 27.00 34.00 NOTE

Check Details

Version: 0.0.1
Check: DESCRIPTION meta-information
Result: NOTE
    Malformed Title field: should not end in a period.
    Malformed Description field: should contain one or more complete sentences.
Flavors: r-devel-linux-x86_64-debian-clang, r-devel-linux-x86_64-debian-gcc, r-devel-linux-x86_64-fedora-clang, r-devel-linux-x86_64-fedora-gcc, r-devel-osx-x86_64-clang, r-devel-windows-ix86+x86_64, r-patched-linux-x86_64, r-patched-solaris-sparc, r-patched-solaris-x86, r-release-linux-x86_64, r-release-osx-x86_64-mavericks, r-release-windows-ix86+x86_64

Version: 0.0.1
Check: dependencies in R code
Result: NOTE
    Package in Depends field not imported from: ‘gtools’
     These packages need to be imported from (in the NAMESPACE file)
     for when this namespace is loaded but not attached.
Flavors: r-devel-linux-x86_64-debian-clang, r-devel-linux-x86_64-debian-gcc, r-devel-linux-x86_64-fedora-clang, r-devel-linux-x86_64-fedora-gcc, r-devel-osx-x86_64-clang, r-devel-windows-ix86+x86_64, r-patched-linux-x86_64, r-patched-solaris-sparc, r-patched-solaris-x86, r-release-linux-x86_64, r-release-osx-x86_64-mavericks, r-release-windows-ix86+x86_64, r-oldrel-windows-ix86+x86_64

Version: 0.0.1
Check: R code for possible problems
Result: NOTE
    NB: .First.lib is obsolete and will not be used in R >= 3.0.0
    
    make_template: no visible global function definition for ‘invalid’
    Undefined global functions or variables:
     invalid
Flavors: r-devel-linux-x86_64-debian-clang, r-devel-linux-x86_64-debian-gcc, r-devel-linux-x86_64-fedora-clang, r-devel-linux-x86_64-fedora-gcc, r-devel-osx-x86_64-clang, r-devel-windows-ix86+x86_64

Version: 0.0.1
Check: R code for possible problems
Result: NOTE
    NB: .First.lib is obsolete and will not be used in R >= 3.0.0
    
    make_template: no visible global function definition for ‘invalid’
Flavors: r-patched-linux-x86_64, r-patched-solaris-sparc, r-patched-solaris-x86, r-release-linux-x86_64, r-release-osx-x86_64-mavericks, r-release-windows-ix86+x86_64, r-oldrel-windows-ix86+x86_64