CRAN Package Check Results for Package JASPAR

Last updated on 2014-07-29 17:47:52.

Flavor Version Tinstall Tcheck Ttotal Status Flags
r-devel-linux-x86_64-debian-clang 0.0.1 0.76 9.68 10.44 NOTE
r-devel-linux-x86_64-debian-gcc 0.0.1 0.73 9.49 10.22 NOTE
r-devel-linux-x86_64-fedora-clang 0.0.1 20.94 NOTE
r-devel-linux-x86_64-fedora-gcc 0.0.1 19.35 NOTE
r-devel-osx-x86_64-clang 0.0.1 23.63 NOTE
r-devel-windows-ix86+x86_64 0.0.1 5.00 21.00 26.00 NOTE
r-patched-linux-x86_64 0.0.1 0.88 9.86 10.74 NOTE
r-patched-solaris-sparc 0.0.1 118.30 NOTE
r-patched-solaris-x86 0.0.1 31.90 NOTE
r-release-linux-ix86 0.0.1 1.20 15.72 16.92 NOTE
r-release-linux-x86_64 0.0.1 0.81 9.92 10.72 NOTE
r-release-osx-x86_64-mavericks 0.0.1 NOTE
r-release-osx-x86_64-snowleopard 0.0.1 NOTE
r-release-windows-ix86+x86_64 0.0.1 7.00 22.00 29.00 NOTE
r-oldrel-windows-ix86+x86_64 0.0.1 8.00 34.00 42.00 NOTE

Check Details

Version: 0.0.1
Check: dependencies in R code
Result: NOTE
    Package in Depends field not imported from: gtools
     These packages need to be imported from (in the NAMESPACE file)
     for when this namespace is loaded but not attached.
    See the information on DESCRIPTION files in the chapter Creating R
    packages of the Writing R Extensions manual.
Flavors: r-devel-linux-x86_64-debian-clang, r-devel-linux-x86_64-debian-gcc, r-devel-linux-x86_64-fedora-clang, r-devel-linux-x86_64-fedora-gcc, r-devel-osx-x86_64-clang, r-devel-windows-ix86+x86_64, r-patched-linux-x86_64, r-patched-solaris-sparc, r-patched-solaris-x86, r-release-linux-ix86, r-release-linux-x86_64, r-release-osx-x86_64-mavericks, r-release-windows-ix86+x86_64, r-oldrel-windows-ix86+x86_64

Version: 0.0.1
Check: R code for possible problems
Result: NOTE
    NB: .First.lib is obsolete and will not be used in R >= 3.0.0
Flavors: r-devel-linux-x86_64-debian-clang, r-devel-linux-x86_64-debian-gcc, r-devel-linux-x86_64-fedora-clang, r-devel-linux-x86_64-fedora-gcc, r-devel-osx-x86_64-clang, r-devel-windows-ix86+x86_64, r-patched-linux-x86_64, r-patched-solaris-sparc, r-patched-solaris-x86, r-release-linux-ix86, r-release-linux-x86_64, r-release-osx-x86_64-mavericks, r-release-osx-x86_64-snowleopard, r-release-windows-ix86+x86_64, r-oldrel-windows-ix86+x86_64