CRAN Package Check Results for Package JASPAR

Last updated on 2016-06-27 10:47:55.

Flavor Version Tinstall Tcheck Ttotal Status Flags
r-devel-linux-x86_64-debian-gcc 0.0.1 0.76 9.63 10.40 NOTE
r-devel-linux-x86_64-fedora-clang 0.0.1 16.75 NOTE
r-devel-linux-x86_64-fedora-gcc 0.0.1 15.53 NOTE
r-devel-osx-x86_64-clang 0.0.1 16.16 NOTE
r-devel-windows-ix86+x86_64 0.0.1 5.00 29.00 34.00 NOTE
r-patched-linux-x86_64 0.0.1 0.88 9.93 10.81 NOTE
r-patched-solaris-sparc 0.0.1 99.40 NOTE
r-patched-solaris-x86 0.0.1 24.00 NOTE
r-release-linux-x86_64 0.0.1 0.97 9.72 10.69 NOTE
r-release-osx-x86_64-mavericks 0.0.1 NOTE
r-release-windows-ix86+x86_64 0.0.1 5.00 52.00 57.00 NOTE
r-oldrel-windows-ix86+x86_64 0.0.1 6.00 23.00 29.00 NOTE

Check Details

Version: 0.0.1
Check: DESCRIPTION meta-information
Result: NOTE
    Malformed Title field: should not end in a period.
    Malformed Description field: should contain one or more complete sentences.
Flavors: r-devel-linux-x86_64-debian-gcc, r-devel-linux-x86_64-fedora-clang, r-devel-linux-x86_64-fedora-gcc, r-devel-osx-x86_64-clang, r-devel-windows-ix86+x86_64, r-patched-linux-x86_64, r-patched-solaris-sparc, r-patched-solaris-x86, r-release-linux-x86_64, r-release-osx-x86_64-mavericks, r-release-windows-ix86+x86_64, r-oldrel-windows-ix86+x86_64

Version: 0.0.1
Check: dependencies in R code
Result: NOTE
    Package in Depends field not imported from: ‘gtools’
     These packages need to be imported from (in the NAMESPACE file)
     for when this namespace is loaded but not attached.
Flavors: r-devel-linux-x86_64-debian-gcc, r-devel-linux-x86_64-fedora-clang, r-devel-linux-x86_64-fedora-gcc, r-devel-osx-x86_64-clang, r-devel-windows-ix86+x86_64, r-patched-linux-x86_64, r-patched-solaris-sparc, r-patched-solaris-x86, r-release-linux-x86_64, r-release-osx-x86_64-mavericks, r-release-windows-ix86+x86_64, r-oldrel-windows-ix86+x86_64

Version: 0.0.1
Check: R code for possible problems
Result: NOTE
    NB: .First.lib is obsolete and will not be used in R >= 3.0.0
    
    make_template: no visible global function definition for ‘invalid’
    Undefined global functions or variables:
     invalid
Flavors: r-devel-linux-x86_64-debian-gcc, r-devel-linux-x86_64-fedora-clang, r-devel-linux-x86_64-fedora-gcc, r-devel-osx-x86_64-clang, r-devel-windows-ix86+x86_64, r-patched-linux-x86_64, r-patched-solaris-sparc, r-patched-solaris-x86, r-release-linux-x86_64, r-release-osx-x86_64-mavericks, r-release-windows-ix86+x86_64

Version: 0.0.1
Check: R code for possible problems
Result: NOTE
    NB: .First.lib is obsolete and will not be used in R >= 3.0.0
    
    make_template: no visible global function definition for 'invalid'
Flavor: r-oldrel-windows-ix86+x86_64