CRAN Package Check Results for Package JASPAR

Last updated on 2014-04-21 05:48:16.

Flavor Version Tinstall Tcheck Ttotal Status Flags
r-devel-linux-x86_64-debian-clang 0.0.1 0.81 10.06 10.87 NOTE
r-devel-linux-x86_64-debian-gcc 0.0.1 0.80 10.16 10.96 NOTE
r-devel-linux-x86_64-fedora-clang 0.0.1 20.52 NOTE
r-devel-linux-x86_64-fedora-gcc 0.0.1 19.61 NOTE
r-devel-macosx-x86_64-clang 0.0.1 25.28 NOTE
r-devel-macosx-x86_64-gcc 0.0.1 NOTE
r-devel-windows-ix86+x86_64 0.0.1 5.00 22.00 27.00 NOTE
r-patched-linux-x86_64 0.0.1 0.78 10.20 10.98 NOTE
r-patched-solaris-sparc 0.0.1 118.30 NOTE
r-patched-solaris-x86 0.0.1 31.60 NOTE
r-release-linux-ix86 NOTE
r-release-linux-x86_64 0.0.1 0.83 10.30 11.13 NOTE
r-release-macosx-x86_64 0.0.1 NOTE
r-release-windows-ix86+x86_64 0.0.1 7.00 23.00 30.00 NOTE
r-oldrel-windows-ix86+x86_64 0.0.1 5.00 21.00 26.00 NOTE

Check Details

Version: 0.0.1
Check: dependencies in R code
Result: NOTE
    Package in Depends field not imported from: ‘gtools’
     These packages need to be imported from (in the NAMESPACE file)
     for when this namespace is loaded but not attached.
    See the information on DESCRIPTION files in the chapter ‘Creating R
    packages’ of the ‘Writing R Extensions’ manual.
Flavors: r-devel-linux-x86_64-debian-clang, r-devel-linux-x86_64-debian-gcc, r-devel-linux-x86_64-fedora-clang, r-devel-linux-x86_64-fedora-gcc, r-devel-macosx-x86_64-clang, r-devel-macosx-x86_64-gcc, r-devel-windows-ix86+x86_64, r-patched-linux-x86_64, r-patched-solaris-sparc, r-patched-solaris-x86, r-release-linux-ix86, r-release-linux-x86_64, r-release-windows-ix86+x86_64, r-oldrel-windows-ix86+x86_64

Version: 0.0.1
Check: R code for possible problems
Result: NOTE
    NB: .First.lib is obsolete and will not be used in R >= 3.0.0
Flavors: r-devel-linux-x86_64-debian-clang, r-devel-linux-x86_64-debian-gcc, r-devel-linux-x86_64-fedora-clang, r-devel-linux-x86_64-fedora-gcc, r-devel-macosx-x86_64-clang, r-devel-macosx-x86_64-gcc, r-devel-windows-ix86+x86_64, r-patched-linux-x86_64, r-patched-solaris-sparc, r-patched-solaris-x86, r-release-linux-ix86, r-release-linux-x86_64, r-release-macosx-x86_64, r-release-windows-ix86+x86_64, r-oldrel-windows-ix86+x86_64