CRAN Package Check Results for Package JFM

Last updated on 2022-09-29 03:58:05 CEST.

Flavor Version Tinstall Tcheck Ttotal Status Flags
r-devel-linux-x86_64-debian-clang 1.0 40.11 77.03 117.14 OK
r-devel-linux-x86_64-debian-gcc 1.0 32.72 57.64 90.36 OK
r-devel-linux-x86_64-fedora-clang 1.0 159.51 NOTE
r-devel-linux-x86_64-fedora-gcc 1.0 162.95 OK
r-devel-windows-x86_64 1.0 44.00 130.00 174.00 NOTE
r-patched-linux-x86_64 1.0 34.01 72.42 106.43 OK
r-release-linux-x86_64 1.0 34.19 72.29 106.48 OK
r-release-macos-arm64 1.0 39.00 NOTE
r-release-macos-x86_64 1.0 53.00 NOTE
r-release-windows-x86_64 1.0 44.00 119.00 163.00 NOTE
r-oldrel-macos-arm64 1.0 35.00 NOTE
r-oldrel-macos-x86_64 1.0 52.00 NOTE
r-oldrel-windows-ix86+x86_64 1.0 101.00 159.00 260.00 NOTE

Check Details

Version: 1.0
Check: installed package size
Result: NOTE
     installed size is 5.9Mb
     sub-directories of 1Mb or more:
     extdata 5.5Mb
Flavors: r-devel-linux-x86_64-fedora-clang, r-devel-windows-x86_64, r-release-macos-arm64, r-release-macos-x86_64, r-release-windows-x86_64, r-oldrel-macos-arm64, r-oldrel-macos-x86_64, r-oldrel-windows-ix86+x86_64