CRAN Package Check Results for Package JGL

Last updated on 2015-05-28 17:47:50.

Flavor Version Tinstall Tcheck Ttotal Status Flags
r-devel-linux-x86_64-debian-clang 2.3 0.72 17.12 17.84 NOTE
r-devel-linux-x86_64-debian-gcc 2.3 0.86 15.80 16.66 NOTE
r-devel-linux-x86_64-fedora-clang 2.3 34.39 NOTE
r-devel-linux-x86_64-fedora-gcc 2.3 30.55 NOTE
r-devel-osx-x86_64-clang 2.3 33.52 NOTE
r-devel-windows-ix86+x86_64 2.3 3.00 27.00 30.00 NOTE
r-patched-linux-x86_64 2.3 0.69 15.86 16.55 NOTE
r-patched-solaris-sparc 2.3 205.20 NOTE
r-patched-solaris-x86 2.3 50.90 NOTE
r-release-linux-x86_64 2.3 0.70 16.71 17.41 NOTE
r-release-osx-x86_64-mavericks 2.3 NOTE
r-release-osx-x86_64-snowleopard 2.3 ERROR
r-release-windows-ix86+x86_64 2.3 3.00 26.00 29.00 NOTE
r-oldrel-windows-ix86+x86_64 2.3 3.00 29.00 32.00 NOTE

Check Details

Version: 2.3
Check: dependencies in R code
Result: NOTE
    'library' or 'require' call to ‘igraph’ which was already attached by Depends.
     Please remove these calls from your code.
Flavors: r-devel-linux-x86_64-debian-clang, r-devel-linux-x86_64-debian-gcc, r-devel-linux-x86_64-fedora-clang, r-devel-linux-x86_64-fedora-gcc, r-devel-osx-x86_64-clang, r-devel-windows-ix86+x86_64, r-patched-linux-x86_64, r-patched-solaris-sparc, r-patched-solaris-x86, r-release-linux-x86_64, r-release-osx-x86_64-mavericks, r-release-windows-ix86+x86_64, r-oldrel-windows-ix86+x86_64

Version: 2.3
Check: S3 generic/method consistency
Result: NOTE
    Found the following apparent S3 methods exported but not registered:
     plot.jgl print.jgl
    See section ‘Registering S3 methods’ in the ‘Writing R Extensions’
    manual.
Flavors: r-devel-linux-x86_64-debian-clang, r-devel-linux-x86_64-debian-gcc, r-devel-linux-x86_64-fedora-clang, r-devel-linux-x86_64-fedora-gcc, r-devel-osx-x86_64-clang, r-patched-linux-x86_64, r-patched-solaris-sparc, r-patched-solaris-x86, r-release-linux-x86_64

Version: 2.3
Check: Rd line widths
Result: NOTE
    Rd file 'JGL.Rd':
     \usage lines wider than 90 characters:
     JGL(Y,penalty="fused",lambda1,lambda2,rho=1,weights="equal",penalize.diagonal=FALSE,maxiter=500,tol=1e-5,warm=NULL,return.whole.theta=F ... [TRUNCATED]
    
    These lines will be truncated in the PDF manual.
Flavors: r-devel-linux-x86_64-debian-clang, r-devel-linux-x86_64-debian-gcc, r-devel-linux-x86_64-fedora-clang, r-devel-linux-x86_64-fedora-gcc, r-patched-linux-x86_64, r-release-linux-x86_64

Version: 2.3
Check: package dependencies
Result: ERROR
    Package required but not available: ‘igraph’
    
    See section ‘The DESCRIPTION file’ in the ‘Writing R Extensions’
    manual.
Flavor: r-release-osx-x86_64-snowleopard