CRAN Package Check Results for Package JGL

Last updated on 2014-09-22 03:48:19.

Flavor Version Tinstall Tcheck Ttotal Status Flags
r-devel-linux-x86_64-debian-clang 2.3 0.78 17.44 18.22 NOTE
r-devel-linux-x86_64-debian-gcc 2.3 0.84 17.18 18.02 NOTE
r-devel-linux-x86_64-fedora-clang 2.3 35.53 NOTE
r-devel-linux-x86_64-fedora-gcc 2.3 34.89 NOTE
r-devel-osx-x86_64-clang 2.3 36.36 NOTE
r-devel-windows-ix86+x86_64 2.3 2.00 28.00 30.00 NOTE
r-patched-linux-x86_64 2.3 1.06 18.26 19.32 NOTE
r-patched-solaris-sparc 2.3 219.50 NOTE
r-patched-solaris-x86 2.3 51.40 NOTE
r-release-linux-ix86 2.3 1.20 25.38 26.59 NOTE
r-release-linux-x86_64 2.3 0.84 18.24 19.08 NOTE
r-release-osx-x86_64-mavericks 2.3 NOTE
r-release-osx-x86_64-snowleopard 2.3 NOTE
r-release-windows-ix86+x86_64 2.3 3.00 27.00 30.00 NOTE
r-oldrel-windows-ix86+x86_64 2.3 3.00 30.00 33.00 NOTE

Check Details

Version: 2.3
Check: dependencies in R code
Result: NOTE
    'library' or 'require' call to ‘igraph’ which was already attached by Depends.
     Please remove these calls from your code.
    See the information on DESCRIPTION files in the chapter ‘Creating R
    packages’ of the ‘Writing R Extensions’ manual.
Flavors: r-devel-linux-x86_64-debian-clang, r-devel-linux-x86_64-debian-gcc, r-devel-linux-x86_64-fedora-clang, r-devel-linux-x86_64-fedora-gcc, r-devel-osx-x86_64-clang, r-devel-windows-ix86+x86_64, r-patched-linux-x86_64, r-patched-solaris-sparc, r-patched-solaris-x86, r-release-linux-ix86, r-release-linux-x86_64, r-release-osx-x86_64-mavericks, r-release-osx-x86_64-snowleopard, r-release-windows-ix86+x86_64, r-oldrel-windows-ix86+x86_64

Version: 2.3
Check: Rd line widths
Result: NOTE
    Rd file 'JGL.Rd':
     \usage lines wider than 90 characters:
     JGL(Y,penalty="fused",lambda1,lambda2,rho=1,weights="equal",penalize.diagonal=FALSE,maxiter=500,tol=1e-5,warm=NULL,return.whole.theta=F ... [TRUNCATED]
    
    These lines will be truncated in the PDF manual.
Flavors: r-devel-linux-x86_64-debian-clang, r-devel-linux-x86_64-debian-gcc, r-devel-linux-x86_64-fedora-clang, r-devel-linux-x86_64-fedora-gcc, r-patched-linux-x86_64, r-release-linux-x86_64