CRAN Package Check Results for Package JGL

Last updated on 2017-05-24 22:47:16.

Flavor Version Tinstall Tcheck Ttotal Status Flags
r-devel-linux-x86_64-debian-clang 2.3 0.78 20.58 21.35 NOTE
r-devel-linux-x86_64-debian-gcc 2.3 0.82 20.28 21.10 NOTE
r-devel-linux-x86_64-fedora-clang 2.3 36.64 NOTE --no-stop-on-test-error
r-devel-linux-x86_64-fedora-gcc 2.3 36.23 NOTE --no-stop-on-test-error
r-devel-windows-ix86+x86_64 2.3 3.00 43.00 46.00 NOTE
r-patched-linux-x86_64 2.3 1.01 19.63 20.64 NOTE
r-patched-solaris-sparc 2.3 224.50 NOTE
r-patched-solaris-x86 2.3 48.50 NOTE
r-release-linux-x86_64 2.3 0.78 20.21 20.98 NOTE
r-release-windows-ix86+x86_64 2.3 4.00 56.00 60.00 NOTE
r-release-osx-x86_64 2.3 NOTE
r-oldrel-windows-ix86+x86_64 2.3 4.00 50.00 54.00 NOTE
r-oldrel-osx-x86_64 2.3 NOTE

Check Details

Version: 2.3
Check: dependencies in R code
Result: NOTE
    'library' or 'require' call to ‘igraph’ which was already attached by Depends.
     Please remove these calls from your code.
Flavors: r-devel-linux-x86_64-debian-clang, r-devel-linux-x86_64-debian-gcc, r-devel-windows-ix86+x86_64, r-patched-linux-x86_64, r-patched-solaris-sparc, r-patched-solaris-x86, r-release-linux-x86_64, r-release-windows-ix86+x86_64, r-release-osx-x86_64, r-oldrel-windows-ix86+x86_64, r-oldrel-osx-x86_64

Version: 2.3
Check: S3 generic/method consistency
Result: NOTE
    Found the following apparent S3 methods exported but not registered:
     plot.jgl print.jgl
    See section ‘Registering S3 methods’ in the ‘Writing R Extensions’
    manual.
Flavors: r-devel-linux-x86_64-debian-clang, r-devel-linux-x86_64-debian-gcc, r-patched-linux-x86_64, r-patched-solaris-sparc, r-patched-solaris-x86, r-release-linux-x86_64

Version: 2.3
Check: R code for possible problems
Result: NOTE
    JGL: no visible global function definition for ‘cov’
    admm.iters: no visible global function definition for ‘cov’
    admm.iters.unconnected: no visible global function definition for ‘var’
    plot.jgl: no visible global function definition for ‘plot’
    Undefined global functions or variables:
     cov plot var
    Consider adding
     importFrom("graphics", "plot")
     importFrom("stats", "cov", "var")
    to your NAMESPACE file.
Flavors: r-devel-linux-x86_64-debian-clang, r-devel-linux-x86_64-debian-gcc, r-devel-windows-ix86+x86_64, r-patched-linux-x86_64, r-patched-solaris-sparc, r-patched-solaris-x86, r-release-linux-x86_64, r-release-windows-ix86+x86_64, r-release-osx-x86_64, r-oldrel-windows-ix86+x86_64, r-oldrel-osx-x86_64

Version: 2.3
Check: Rd line widths
Result: NOTE
    Rd file 'JGL.Rd':
     \usage lines wider than 90 characters:
     JGL(Y,penalty="fused",lambda1,lambda2,rho=1,weights="equal",penalize.diagonal=FALSE,maxiter=500,tol=1e-5,warm=NULL,return.whole.theta=F ... [TRUNCATED]
    
    These lines will be truncated in the PDF manual.
Flavors: r-devel-linux-x86_64-debian-clang, r-devel-linux-x86_64-debian-gcc, r-patched-linux-x86_64, r-release-linux-x86_64

Version: 2.3
Flags: --no-stop-on-test-error
Check: dependencies in R code
Result: NOTE
    'library' or 'require' call to ‘igraph’ which was already attached by Depends.
     Please remove these calls from your code.
Flavors: r-devel-linux-x86_64-fedora-clang, r-devel-linux-x86_64-fedora-gcc

Version: 2.3
Flags: --no-stop-on-test-error
Check: S3 generic/method consistency
Result: NOTE
    Found the following apparent S3 methods exported but not registered:
     plot.jgl print.jgl
    See section ‘Registering S3 methods’ in the ‘Writing R Extensions’
    manual.
Flavors: r-devel-linux-x86_64-fedora-clang, r-devel-linux-x86_64-fedora-gcc

Version: 2.3
Flags: --no-stop-on-test-error
Check: R code for possible problems
Result: NOTE
    JGL: no visible global function definition for ‘cov’
    admm.iters: no visible global function definition for ‘cov’
    admm.iters.unconnected: no visible global function definition for ‘var’
    plot.jgl: no visible global function definition for ‘plot’
    Undefined global functions or variables:
     cov plot var
    Consider adding
     importFrom("graphics", "plot")
     importFrom("stats", "cov", "var")
    to your NAMESPACE file.
Flavors: r-devel-linux-x86_64-fedora-clang, r-devel-linux-x86_64-fedora-gcc

Version: 2.3
Flags: --no-stop-on-test-error
Check: Rd line widths
Result: NOTE
    Rd file 'JGL.Rd':
     \usage lines wider than 90 characters:
     JGL(Y,penalty="fused",lambda1,lambda2,rho=1,weights="equal",penalize.diagonal=FALSE,maxiter=500,tol=1e-5,warm=NULL,return.whole.theta=F ... [TRUNCATED]
    
    These lines will be truncated in the PDF manual.
Flavors: r-devel-linux-x86_64-fedora-clang, r-devel-linux-x86_64-fedora-gcc