CRAN Package Check Results for Package JGL

Last updated on 2015-03-02 03:51:59.

Flavor Version Tinstall Tcheck Ttotal Status Flags
r-devel-linux-x86_64-debian-clang 2.3 0.69 16.19 16.88 NOTE
r-devel-linux-x86_64-debian-gcc 2.3 0.69 15.96 16.66 NOTE
r-devel-linux-x86_64-fedora-clang 2.3 33.58 NOTE
r-devel-linux-x86_64-fedora-gcc 2.3 29.85 NOTE
r-devel-osx-x86_64-clang 2.3 34.85 NOTE
r-devel-windows-ix86+x86_64 2.3 6.00 29.00 35.00 NOTE
r-patched-linux-x86_64 2.3 0.82 18.41 19.24 NOTE
r-patched-solaris-sparc 2.3 245.60 NOTE
r-patched-solaris-x86 2.3 52.80 NOTE
r-release-linux-ix86 2.3 1.14 27.19 28.33 NOTE
r-release-linux-x86_64 2.3 0.82 18.36 19.18 NOTE
r-release-osx-x86_64-mavericks 2.3 NOTE
r-release-osx-x86_64-snowleopard 2.3 NOTE
r-release-windows-ix86+x86_64 2.3 3.00 31.00 34.00 NOTE
r-oldrel-windows-ix86+x86_64 2.3 4.00 34.00 38.00 NOTE

Check Details

Version: 2.3
Check: dependencies in R code
Result: NOTE
    'library' or 'require' call to ‘igraph’ which was already attached by Depends.
     Please remove these calls from your code.
Flavors: r-devel-linux-x86_64-debian-clang, r-devel-linux-x86_64-debian-gcc, r-devel-linux-x86_64-fedora-clang, r-devel-linux-x86_64-fedora-gcc, r-devel-osx-x86_64-clang, r-devel-windows-ix86+x86_64, r-patched-linux-x86_64, r-patched-solaris-x86

Version: 2.3
Check: S3 generic/method consistency
Result: NOTE
    Found the following apparent S3 methods exported but not registered:
     plot.jgl print.jgl
    See section ‘Registering S3 methods’ in the ‘Writing R Extensions’
    manual.
Flavors: r-devel-linux-x86_64-debian-clang, r-devel-linux-x86_64-debian-gcc, r-devel-linux-x86_64-fedora-clang, r-devel-linux-x86_64-fedora-gcc, r-devel-osx-x86_64-clang

Version: 2.3
Check: Rd line widths
Result: NOTE
    Rd file 'JGL.Rd':
     \usage lines wider than 90 characters:
     JGL(Y,penalty="fused",lambda1,lambda2,rho=1,weights="equal",penalize.diagonal=FALSE,maxiter=500,tol=1e-5,warm=NULL,return.whole.theta=F ... [TRUNCATED]
    
    These lines will be truncated in the PDF manual.
Flavors: r-devel-linux-x86_64-debian-clang, r-devel-linux-x86_64-debian-gcc, r-devel-linux-x86_64-fedora-clang, r-devel-linux-x86_64-fedora-gcc, r-patched-linux-x86_64, r-release-linux-ix86, r-release-linux-x86_64

Version: 2.3
Check: dependencies in R code
Result: NOTE
    'library' or 'require' call to ‘igraph’ which was already attached by Depends.
     Please remove these calls from your code.
    See the information on DESCRIPTION files in the chapter ‘Creating R
    packages’ of the ‘Writing R Extensions’ manual.
Flavors: r-patched-solaris-sparc, r-release-linux-ix86, r-release-linux-x86_64, r-release-osx-x86_64-mavericks, r-release-osx-x86_64-snowleopard, r-release-windows-ix86+x86_64, r-oldrel-windows-ix86+x86_64