CRAN Package Check Results for Package JGL

Last updated on 2014-11-23 01:48:06.

Flavor Version Tinstall Tcheck Ttotal Status Flags
r-devel-linux-x86_64-debian-clang 2.3 0.86 18.10 18.96 NOTE
r-devel-linux-x86_64-debian-gcc 2.3 0.79 17.49 18.28 NOTE
r-devel-linux-x86_64-fedora-clang 2.3 40.04 NOTE
r-devel-linux-x86_64-fedora-gcc 2.3 35.83 NOTE
r-devel-osx-x86_64-clang 2.3 37.73 NOTE
r-devel-windows-ix86+x86_64 2.3 4.00 27.00 31.00 NOTE
r-patched-linux-x86_64 2.3 1.07 18.36 19.43 NOTE
r-patched-solaris-sparc 2.3 219.50 NOTE
r-patched-solaris-x86 2.3 54.10 NOTE
r-release-linux-ix86 2.3 1.15 24.55 25.70 NOTE
r-release-linux-x86_64 2.3 0.87 18.88 19.75 NOTE
r-release-osx-x86_64-mavericks 2.3 NOTE
r-release-osx-x86_64-snowleopard 2.3 NOTE
r-release-windows-ix86+x86_64 2.3 4.00 31.00 35.00 NOTE
r-oldrel-windows-ix86+x86_64 2.3 3.00 30.00 33.00 NOTE

Check Details

Version: 2.3
Check: dependencies in R code
Result: NOTE
    'library' or 'require' call to ‘igraph’ which was already attached by Depends.
     Please remove these calls from your code.
    See the information on DESCRIPTION files in the chapter ‘Creating R
    packages’ of the ‘Writing R Extensions’ manual.
Flavors: r-devel-linux-x86_64-debian-clang, r-devel-linux-x86_64-debian-gcc, r-devel-linux-x86_64-fedora-clang, r-devel-linux-x86_64-fedora-gcc, r-devel-osx-x86_64-clang, r-devel-windows-ix86+x86_64, r-patched-linux-x86_64, r-patched-solaris-sparc, r-patched-solaris-x86, r-release-linux-ix86, r-release-linux-x86_64, r-release-osx-x86_64-mavericks, r-release-osx-x86_64-snowleopard, r-release-windows-ix86+x86_64, r-oldrel-windows-ix86+x86_64

Version: 2.3
Check: Rd line widths
Result: NOTE
    Rd file 'JGL.Rd':
     \usage lines wider than 90 characters:
     JGL(Y,penalty="fused",lambda1,lambda2,rho=1,weights="equal",penalize.diagonal=FALSE,maxiter=500,tol=1e-5,warm=NULL,return.whole.theta=F ... [TRUNCATED]
    
    These lines will be truncated in the PDF manual.
Flavors: r-devel-linux-x86_64-debian-clang, r-devel-linux-x86_64-debian-gcc, r-devel-linux-x86_64-fedora-clang, r-devel-linux-x86_64-fedora-gcc, r-patched-linux-x86_64, r-release-linux-x86_64