CRAN Package Check Results for Package JGL

Last updated on 2014-07-28 03:49:04.

Flavor Version Tinstall Tcheck Ttotal Status Flags
r-devel-linux-x86_64-debian-clang 2.3 0.80 18.09 18.89 NOTE
r-devel-linux-x86_64-debian-gcc 2.3 0.90 17.26 18.15 NOTE
r-devel-linux-x86_64-fedora-clang 2.3 37.97 NOTE
r-devel-linux-x86_64-fedora-gcc 2.3 34.06 NOTE
r-devel-osx-x86_64-clang 2.3 35.22 NOTE
r-devel-windows-ix86+x86_64 2.3 3.00 27.00 30.00 NOTE
r-patched-linux-x86_64 2.3 0.81 17.63 18.44 NOTE
r-patched-solaris-sparc 2.3 214.70 NOTE
r-patched-solaris-x86 2.3 51.90 NOTE
r-release-linux-ix86 2.3 1.15 24.71 25.86 NOTE
r-release-linux-x86_64 2.3 0.83 18.19 19.02 NOTE
r-release-osx-x86_64-mavericks 2.3 NOTE
r-release-osx-x86_64-snowleopard 2.3 NOTE
r-release-windows-ix86+x86_64 2.3 3.00 30.00 33.00 NOTE
r-oldrel-windows-ix86+x86_64 2.3 3.00 29.00 32.00 NOTE

Check Details

Version: 2.3
Check: dependencies in R code
Result: NOTE
    'library' or 'require' call to igraph which was already attached by Depends.
     Please remove these calls from your code.
    See the information on DESCRIPTION files in the chapter Creating R
    packages of the Writing R Extensions manual.
Flavors: r-devel-linux-x86_64-debian-clang, r-devel-linux-x86_64-debian-gcc, r-devel-linux-x86_64-fedora-clang, r-devel-linux-x86_64-fedora-gcc, r-devel-osx-x86_64-clang, r-devel-windows-ix86+x86_64, r-patched-linux-x86_64, r-patched-solaris-sparc, r-patched-solaris-x86, r-release-linux-ix86, r-release-linux-x86_64, r-release-osx-x86_64-mavericks, r-release-osx-x86_64-snowleopard, r-release-windows-ix86+x86_64, r-oldrel-windows-ix86+x86_64

Version: 2.3
Check: Rd line widths
Result: NOTE
    Rd file 'JGL.Rd':
     \usage lines wider than 90 characters:
     JGL(Y,penalty="fused",lambda1,lambda2,rho=1,weights="equal",penalize.diagonal=FALSE,maxiter=500,tol=1e-5,warm=NULL,return.whole.theta=F ... [TRUNCATED]
    
    These lines will be truncated in the PDF manual.
Flavors: r-devel-linux-x86_64-fedora-clang, r-devel-linux-x86_64-fedora-gcc