CRAN Package Check Results for Package JGL

Last updated on 2014-04-25 05:47:17.

Flavor Version Tinstall Tcheck Ttotal Status Flags
r-devel-linux-x86_64-debian-clang 2.3 0.90 18.75 19.66 NOTE
r-devel-linux-x86_64-debian-gcc 2.3 0.84 18.47 19.32 NOTE
r-devel-linux-x86_64-fedora-clang 2.3 37.13 NOTE
r-devel-linux-x86_64-fedora-gcc 2.3 36.08 NOTE
r-devel-osx-x86_64-clang 2.3 37.08 NOTE
r-devel-osx-x86_64-gcc 2.3 ERROR
r-devel-windows-ix86+x86_64 2.3 3.00 28.00 31.00 NOTE
r-patched-linux-x86_64 2.3 0.86 18.70 19.56 NOTE
r-patched-solaris-sparc 2.3 214.70 NOTE
r-patched-solaris-x86 2.3 52.20 NOTE
r-release-linux-ix86 2.3 2.00 34.00 36.00 NOTE
r-release-linux-x86_64 2.3 0.84 18.61 19.44 NOTE
r-release-osx-x86_64-mavericks 2.3 WARN
r-release-osx-x86_64-snowleopard 2.3 NOTE
r-release-windows-ix86+x86_64 2.3 3.00 30.00 33.00 NOTE
r-oldrel-windows-ix86+x86_64 2.3 3.00 31.00 34.00 NOTE

Check Details

Version: 2.3
Check: dependencies in R code
Result: NOTE
    'library' or 'require' call to ‘igraph’ which was already attached by Depends.
     Please remove these calls from your code.
    See the information on DESCRIPTION files in the chapter ‘Creating R
    packages’ of the ‘Writing R Extensions’ manual.
Flavors: r-devel-linux-x86_64-debian-clang, r-devel-linux-x86_64-debian-gcc, r-devel-linux-x86_64-fedora-clang, r-devel-linux-x86_64-fedora-gcc, r-devel-osx-x86_64-clang, r-devel-windows-ix86+x86_64, r-patched-linux-x86_64, r-patched-solaris-sparc, r-patched-solaris-x86, r-release-linux-ix86, r-release-linux-x86_64, r-release-osx-x86_64-mavericks, r-release-osx-x86_64-snowleopard, r-release-windows-ix86+x86_64, r-oldrel-windows-ix86+x86_64

Version: 2.3
Check: Rd line widths
Result: NOTE
    Rd file 'JGL.Rd':
     \usage lines wider than 90 characters:
     JGL(Y,penalty="fused",lambda1,lambda2,rho=1,weights="equal",penalize.diagonal=FALSE,maxiter=500,tol=1e-5,warm=NULL,return.whole.theta=F ... [TRUNCATED]
    
    These lines will be truncated in the PDF manual.
Flavors: r-devel-linux-x86_64-fedora-clang, r-devel-linux-x86_64-fedora-gcc

Version: 2.3
Check: package dependencies
Result: ERROR
    Package required but not available: ‘igraph’
    
    See the information on DESCRIPTION files in the chapter ‘Creating R
    packages’ of the ‘Writing R Extensions’ manual.
Flavor: r-devel-osx-x86_64-gcc

Version: 2.3
Check: PDF version of manual
Result: WARNING
    LaTeX errors when creating PDF version.
    This typically indicates Rd problems.
    LaTeX errors found:
    ! LaTeX Error: File `upquote.sty' not found.
    
    Type X to quit or <RETURN> to proceed,
    or enter new name. (Default extension: sty)
    
    2846007/Rd2.tex:8: ==> Fatal error occurred, no output PDF file produced!
Flavor: r-release-osx-x86_64-mavericks