CRAN Package Check Results for Package JGR

Last updated on 2015-01-26 19:48:24.

Flavor Version Tinstall Tcheck Ttotal Status Flags
r-devel-linux-x86_64-debian-clang 1.7-16 2.38 22.46 24.84 OK
r-devel-linux-x86_64-debian-gcc 1.7-16 1.85 22.55 24.40 OK
r-devel-linux-x86_64-fedora-clang 1.7-16 58.80 NOTE
r-devel-linux-x86_64-fedora-gcc 1.7-16 57.41 NOTE
r-devel-osx-x86_64-clang 1.7-16 52.65 NOTE
r-devel-windows-ix86+x86_64 1.7-16 8.00 55.00 63.00 OK
r-patched-linux-x86_64 1.7-16 2.09 26.12 28.21 OK
r-patched-solaris-sparc 1.7-16 341.50 OK
r-patched-solaris-x86 1.7-16 82.60 OK
r-release-linux-ix86 1.7-16 2.96 33.46 36.42 OK
r-release-linux-x86_64 1.7-16 2.10 26.34 28.44 OK
r-release-osx-x86_64-mavericks 1.7-16 OK --install=fake
r-release-osx-x86_64-snowleopard 1.7-16 OK --install=fake
r-release-windows-ix86+x86_64 1.7-16 6.00 43.00 49.00 OK
r-oldrel-windows-ix86+x86_64 1.7-16 10.00 53.00 63.00 OK

Check Details

Version: 1.7-16
Check: S3 generic/method consistency
Result: NOTE
    Found the following apparent S3 methods exported but not registered:
     print.hsearch
    See section ‘Registering S3 methods’ in the ‘Writing R Extensions’
    manual.
Flavors: r-devel-linux-x86_64-fedora-clang, r-devel-linux-x86_64-fedora-gcc, r-devel-osx-x86_64-clang