CRAN Package Check Results for Package JGR

Last updated on 2017-06-28 03:48:32.

Flavor Version Tinstall Tcheck Ttotal Status Flags
r-devel-linux-x86_64-debian-clang 1.7-16 2.07 28.48 30.54 NOTE
r-devel-linux-x86_64-debian-gcc 1.7-16 2.12 28.16 30.28 NOTE
r-devel-linux-x86_64-fedora-clang 1.7-16 57.48 NOTE
r-devel-linux-x86_64-fedora-gcc 1.7-16 55.63 NOTE
r-devel-windows-ix86+x86_64 1.7-16 10.00 51.00 61.00 NOTE
r-patched-linux-x86_64 1.7-16 2.34 28.21 30.55 NOTE
r-patched-solaris-sparc 1.7-16 290.60 NOTE
r-patched-solaris-x86 1.7-16 64.50 NOTE
r-release-linux-x86_64 1.7-16 2.20 27.32 29.52 NOTE
r-release-windows-ix86+x86_64 1.7-16 5.00 68.00 73.00 NOTE
r-release-osx-x86_64 1.7-16 NOTE --install=fake
r-oldrel-windows-ix86+x86_64 1.7-16 6.00 59.00 65.00 NOTE
r-oldrel-osx-x86_64 1.7-16 NOTE --install=fake

Check Details

Version: 1.7-16
Check: DESCRIPTION meta-information
Result: NOTE
    Malformed Description field: should contain one or more complete sentences.
    Checking should be performed on sources prepared by ‘R CMD build’.
Flavors: r-devel-linux-x86_64-debian-clang, r-devel-linux-x86_64-debian-gcc, r-devel-linux-x86_64-fedora-clang, r-devel-linux-x86_64-fedora-gcc, r-devel-windows-ix86+x86_64, r-patched-linux-x86_64, r-patched-solaris-sparc, r-patched-solaris-x86, r-release-linux-x86_64, r-release-windows-ix86+x86_64, r-oldrel-windows-ix86+x86_64

Version: 1.7-16
Check: S3 generic/method consistency
Result: NOTE
    Found the following apparent S3 methods exported but not registered:
     print.hsearch
    See section ‘Registering S3 methods’ in the ‘Writing R Extensions’
    manual.
Flavors: r-devel-linux-x86_64-debian-clang, r-devel-linux-x86_64-debian-gcc, r-devel-linux-x86_64-fedora-clang, r-devel-linux-x86_64-fedora-gcc, r-patched-linux-x86_64, r-patched-solaris-sparc, r-patched-solaris-x86, r-release-linux-x86_64

Version: 1.7-16
Check: R code for possible problems
Result: NOTE
    .generate.mac.script: no visible global function definition for
     ‘download.file’
    .generate.windows.script: no visible global function definition for
     ‘download.file’
    JGR: no visible global function definition for ‘install.packages’
    installPackages: no visible global function definition for
     ‘available.packages’
    installPackages: no visible global function definition for
     ‘contrib.url’
    print.hsearch: no visible global function definition for ‘browseURL’
    Undefined global functions or variables:
     available.packages browseURL contrib.url download.file
     install.packages
    Consider adding
     importFrom("utils", "available.packages", "browseURL", "contrib.url",
     "download.file", "install.packages")
    to your NAMESPACE file.
Flavors: r-devel-linux-x86_64-debian-clang, r-devel-linux-x86_64-debian-gcc, r-devel-linux-x86_64-fedora-clang, r-devel-linux-x86_64-fedora-gcc, r-devel-windows-ix86+x86_64, r-patched-linux-x86_64, r-patched-solaris-sparc, r-patched-solaris-x86, r-release-linux-x86_64, r-release-windows-ix86+x86_64, r-oldrel-windows-ix86+x86_64

Version: 1.7-16
Flags: --install=fake
Check: DESCRIPTION meta-information
Result: NOTE
    Malformed Description field: should contain one or more complete sentences.
    Checking should be performed on sources prepared by ‘R CMD build’.
Flavors: r-release-osx-x86_64, r-oldrel-osx-x86_64

Version: 1.7-16
Flags: --install=fake
Check: R code for possible problems
Result: NOTE
    .generate.mac.script: no visible global function definition for
     ‘download.file’
    .generate.windows.script: no visible global function definition for
     ‘download.file’
    JGR: no visible global function definition for ‘install.packages’
    installPackages: no visible global function definition for
     ‘available.packages’
    installPackages: no visible global function definition for
     ‘contrib.url’
    print.hsearch: no visible global function definition for ‘browseURL’
    Undefined global functions or variables:
     available.packages browseURL contrib.url download.file
     install.packages
    Consider adding
     importFrom("utils", "available.packages", "browseURL", "contrib.url",
     "download.file", "install.packages")
    to your NAMESPACE file.
Flavors: r-release-osx-x86_64, r-oldrel-osx-x86_64