CRAN Package Check Results for Package JGR

Last updated on 2015-03-05 06:46:39.

Flavor Version Tinstall Tcheck Ttotal Status Flags
r-devel-linux-x86_64-debian-clang 1.7-16 1.60 20.51 22.10 NOTE
r-devel-linux-x86_64-debian-gcc 1.7-16 1.79 20.61 22.40 NOTE
r-devel-linux-x86_64-fedora-clang 1.7-16 43.59 NOTE
r-devel-linux-x86_64-fedora-gcc 1.7-16 41.33 NOTE
r-devel-osx-x86_64-clang 1.7-16 43.19 NOTE
r-devel-windows-ix86+x86_64 1.7-16 5.00 33.00 38.00 NOTE
r-patched-linux-x86_64 1.7-16 2.22 26.69 28.91 OK
r-patched-solaris-sparc 1.7-16 370.10 OK
r-patched-solaris-x86 1.7-16 84.20 OK
r-release-linux-ix86 1.7-16 2.86 32.88 35.73 OK
r-release-linux-x86_64 1.7-16 2.17 26.41 28.58 OK
r-release-osx-x86_64-mavericks 1.7-16 OK --install=fake
r-release-osx-x86_64-snowleopard 1.7-16 OK --install=fake
r-release-windows-ix86+x86_64 1.7-16 7.00 43.00 50.00 OK
r-oldrel-windows-ix86+x86_64 1.7-16 8.00 44.00 52.00 OK

Check Details

Version: 1.7-16
Check: DESCRIPTION meta-information
Result: NOTE
    Malformed Description field: should contain one or more complete sentences.
Flavors: r-devel-linux-x86_64-debian-clang, r-devel-linux-x86_64-debian-gcc, r-devel-linux-x86_64-fedora-clang, r-devel-linux-x86_64-fedora-gcc, r-devel-osx-x86_64-clang, r-devel-windows-ix86+x86_64

Version: 1.7-16
Check: S3 generic/method consistency
Result: NOTE
    Found the following apparent S3 methods exported but not registered:
     print.hsearch
    See section ‘Registering S3 methods’ in the ‘Writing R Extensions’
    manual.
Flavors: r-devel-linux-x86_64-debian-clang, r-devel-linux-x86_64-debian-gcc, r-devel-linux-x86_64-fedora-clang, r-devel-linux-x86_64-fedora-gcc, r-devel-osx-x86_64-clang