CRAN Package Check Results for Package JGR

Last updated on 2021-10-16 07:49:10 CEST.

Flavor Version Tinstall Tcheck Ttotal Status Flags
r-devel-linux-x86_64-debian-clang 1.8-7 5.29 39.59 44.88 OK
r-devel-linux-x86_64-debian-gcc 1.8-7 4.11 30.04 34.15 OK
r-devel-linux-x86_64-fedora-clang 1.8-7 62.47 OK
r-devel-linux-x86_64-fedora-gcc 1.8-7 54.67 OK
r-devel-windows-x86_64 1.8-7 6.00 49.00 55.00 OK
r-devel-windows-x86_64-gcc10-UCRT 1.8-7 OK
r-patched-linux-x86_64 1.8-7 5.28 38.30 43.58 OK
r-patched-solaris-x86 1.8-7 83.30 NOTE
r-release-linux-x86_64 1.8-7 4.05 38.19 42.24 OK
r-release-macos-arm64 1.8-7 OK --install=fake
r-release-macos-x86_64 1.8-7 OK --install=fake
r-release-windows-ix86+x86_64 1.8-7 10.00 60.00 70.00 OK
r-oldrel-macos-x86_64 1.8-7 OK --install=fake
r-oldrel-windows-ix86+x86_64 1.8-7 11.00 57.00 68.00 OK

Check Details

Version: 1.8-7
Check: package dependencies
Result: NOTE
    Package suggested but not available for checking: ‘XLConnect’
Flavor: r-patched-solaris-x86