CRAN Package Check Results for Package JGR

Last updated on 2014-04-20 09:48:17.

Flavor Version Tinstall Tcheck Ttotal Status Flags
r-devel-linux-x86_64-debian-clang 1.7-16 2.24 28.07 30.30 OK
r-devel-linux-x86_64-debian-gcc 1.7-16 2.30 26.98 29.29 OK
r-devel-linux-x86_64-fedora-clang 1.7-16 58.18 OK
r-devel-linux-x86_64-fedora-gcc 1.7-16 55.24 OK
r-devel-macosx-x86_64-clang 1.7-16 53.72 OK
r-devel-macosx-x86_64-gcc 1.7-16 NOTE --install=fake
r-devel-windows-ix86+x86_64 1.7-16 6.00 40.00 46.00 OK
r-patched-linux-x86_64 1.7-16 2.26 27.09 29.34 OK
r-patched-solaris-sparc 1.7-16 324.70 OK
r-patched-solaris-x86 1.7-16 81.30 OK
r-release-linux-ix86 OK
r-release-linux-x86_64 1.7-16 2.30 27.62 29.93 OK
r-release-macosx-x86_64 1.7-16 OK --install=fake
r-release-windows-ix86+x86_64 1.7-16 9.00 39.00 48.00 OK
r-oldrel-windows-ix86+x86_64 1.7-16 6.00 39.00 45.00 OK

Check Details

Version: 1.7-16
Flags: --install=fake
Check: package dependencies
Result: NOTE
    Package suggested but not available for checking: ‘XLConnect’
Flavor: r-devel-macosx-x86_64-gcc