CRAN Package Check Results for Package JGR

Last updated on 2016-10-01 06:47:26.

Flavor Version Tinstall Tcheck Ttotal Status Flags
r-devel-linux-x86_64-debian-clang 1.7-16 1.87 22.82 24.69 NOTE
r-devel-linux-x86_64-debian-gcc 1.7-16 1.79 22.50 24.29 NOTE
r-devel-linux-x86_64-fedora-clang 1.7-16 56.84 NOTE
r-devel-linux-x86_64-fedora-gcc 1.7-16 44.66 NOTE
r-devel-macos-x86_64-clang 1.7-16 33.96 NOTE
r-devel-windows-ix86+x86_64 1.7-16 6.00 56.00 62.00 NOTE
r-patched-linux-x86_64 1.7-16 2.01 22.26 24.27 NOTE
r-patched-solaris-sparc 1.7-16 244.00 NOTE
r-patched-solaris-x86 1.7-16 52.10 NOTE
r-release-linux-x86_64 1.7-16 1.84 22.50 24.34 NOTE
r-release-osx-x86_64-mavericks 1.7-16 NOTE --install=fake
r-release-windows-ix86+x86_64 1.7-16 7.00 41.00 48.00 NOTE
r-oldrel-windows-ix86+x86_64 1.7-16 9.00 58.00 67.00 NOTE

Check Details

Version: 1.7-16
Check: DESCRIPTION meta-information
Result: NOTE
    Malformed Description field: should contain one or more complete sentences.
    Checking should be performed on sources prepared by ‘R CMD build’.
Flavors: r-devel-linux-x86_64-debian-clang, r-devel-linux-x86_64-debian-gcc, r-devel-linux-x86_64-fedora-clang, r-devel-linux-x86_64-fedora-gcc, r-devel-macos-x86_64-clang, r-devel-windows-ix86+x86_64, r-patched-linux-x86_64, r-patched-solaris-sparc, r-patched-solaris-x86, r-release-linux-x86_64, r-release-windows-ix86+x86_64

Version: 1.7-16
Check: S3 generic/method consistency
Result: NOTE
    Found the following apparent S3 methods exported but not registered:
     print.hsearch
    See section ‘Registering S3 methods’ in the ‘Writing R Extensions’
    manual.
Flavors: r-devel-linux-x86_64-debian-clang, r-devel-linux-x86_64-debian-gcc, r-devel-linux-x86_64-fedora-clang, r-devel-linux-x86_64-fedora-gcc, r-devel-macos-x86_64-clang, r-patched-linux-x86_64, r-patched-solaris-sparc, r-patched-solaris-x86, r-release-linux-x86_64

Version: 1.7-16
Check: R code for possible problems
Result: NOTE
    .generate.mac.script: no visible global function definition for
     ‘download.file’
    .generate.windows.script: no visible global function definition for
     ‘download.file’
    JGR: no visible global function definition for ‘install.packages’
    installPackages: no visible global function definition for
     ‘available.packages’
    installPackages: no visible global function definition for
     ‘contrib.url’
    print.hsearch: no visible global function definition for ‘browseURL’
    Undefined global functions or variables:
     available.packages browseURL contrib.url download.file
     install.packages
    Consider adding
     importFrom("utils", "available.packages", "browseURL", "contrib.url",
     "download.file", "install.packages")
    to your NAMESPACE file.
Flavors: r-devel-linux-x86_64-debian-clang, r-devel-linux-x86_64-debian-gcc, r-devel-linux-x86_64-fedora-clang, r-devel-linux-x86_64-fedora-gcc, r-devel-macos-x86_64-clang, r-devel-windows-ix86+x86_64, r-patched-linux-x86_64, r-patched-solaris-sparc, r-patched-solaris-x86, r-release-linux-x86_64, r-release-windows-ix86+x86_64

Version: 1.7-16
Flags: --install=fake
Check: DESCRIPTION meta-information
Result: NOTE
    Malformed Description field: should contain one or more complete sentences.
    Checking should be performed on sources prepared by ‘R CMD build’.
Flavor: r-release-osx-x86_64-mavericks

Version: 1.7-16
Flags: --install=fake
Check: R code for possible problems
Result: NOTE
    .generate.mac.script: no visible global function definition for
     ‘download.file’
    .generate.windows.script: no visible global function definition for
     ‘download.file’
    JGR: no visible global function definition for ‘install.packages’
    installPackages: no visible global function definition for
     ‘available.packages’
    installPackages: no visible global function definition for
     ‘contrib.url’
    print.hsearch: no visible global function definition for ‘browseURL’
    Undefined global functions or variables:
     available.packages browseURL contrib.url download.file
     install.packages
    Consider adding
     importFrom("utils", "available.packages", "browseURL", "contrib.url",
     "download.file", "install.packages")
    to your NAMESPACE file.
Flavor: r-release-osx-x86_64-mavericks

Version: 1.7-16
Check: DESCRIPTION meta-information
Result: NOTE
    Malformed Description field: should contain one or more complete sentences.
Flavor: r-oldrel-windows-ix86+x86_64