CRAN Package Check Results for Package JGR

Last updated on 2016-02-07 23:48:15.

Flavor Version Tinstall Tcheck Ttotal Status Flags
r-devel-linux-x86_64-debian-gcc 1.7-16 1.85 20.39 22.24 NOTE
r-devel-linux-x86_64-fedora-clang 1.7-16 45.50 NOTE
r-devel-linux-x86_64-fedora-gcc 1.7-16 43.31 NOTE
r-devel-osx-x86_64-clang 1.7-16 46.86 NOTE
r-devel-windows-ix86+x86_64 1.7-16 7.00 38.00 45.00 NOTE
r-patched-linux-x86_64 1.7-16 2.04 21.64 23.68 NOTE
r-patched-solaris-sparc 1.7-16 254.20 NOTE
r-patched-solaris-x86 1.7-16 56.90 NOTE
r-release-linux-x86_64 1.7-16 1.88 22.24 24.12 NOTE
r-release-osx-x86_64-mavericks 1.7-16 NOTE --install=fake
r-release-windows-ix86+x86_64 1.7-16 7.00 54.00 61.00 NOTE
r-oldrel-windows-ix86+x86_64 1.7-16 12.00 53.00 65.00 OK

Check Details

Version: 1.7-16
Check: DESCRIPTION meta-information
Result: NOTE
    Malformed Description field: should contain one or more complete sentences.
Flavors: r-devel-linux-x86_64-debian-gcc, r-devel-linux-x86_64-fedora-clang, r-devel-linux-x86_64-fedora-gcc, r-devel-osx-x86_64-clang, r-devel-windows-ix86+x86_64, r-patched-linux-x86_64, r-patched-solaris-sparc, r-patched-solaris-x86, r-release-linux-x86_64, r-release-windows-ix86+x86_64

Version: 1.7-16
Check: S3 generic/method consistency
Result: NOTE
    Found the following apparent S3 methods exported but not registered:
     print.hsearch
    See section ‘Registering S3 methods’ in the ‘Writing R Extensions’
    manual.
Flavors: r-devel-linux-x86_64-debian-gcc, r-devel-linux-x86_64-fedora-clang, r-devel-linux-x86_64-fedora-gcc, r-devel-osx-x86_64-clang, r-patched-linux-x86_64, r-patched-solaris-sparc, r-patched-solaris-x86, r-release-linux-x86_64

Version: 1.7-16
Check: R code for possible problems
Result: NOTE
    .generate.mac.script: no visible global function definition for
     ‘download.file’
    .generate.windows.script: no visible global function definition for
     ‘download.file’
    JGR: no visible global function definition for ‘install.packages’
    installPackages: no visible global function definition for
     ‘available.packages’
    installPackages: no visible global function definition for
     ‘contrib.url’
    print.hsearch: no visible global function definition for ‘browseURL’
    Undefined global functions or variables:
     available.packages browseURL contrib.url download.file
     install.packages
    Consider adding
     importFrom("utils", "available.packages", "browseURL", "contrib.url",
     "download.file", "install.packages")
    to your NAMESPACE file.
Flavors: r-devel-linux-x86_64-debian-gcc, r-devel-linux-x86_64-fedora-clang, r-devel-linux-x86_64-fedora-gcc, r-devel-osx-x86_64-clang, r-devel-windows-ix86+x86_64

Version: 1.7-16
Flags: --install=fake
Check: package dependencies
Result: NOTE
    Package suggested but not available for checking: ‘XLConnect’
Flavor: r-release-osx-x86_64-mavericks

Version: 1.7-16
Flags: --install=fake
Check: DESCRIPTION meta-information
Result: NOTE
    Malformed Description field: should contain one or more complete sentences.
Flavor: r-release-osx-x86_64-mavericks