CRAN Package Check Results for Package JGR

Last updated on 2015-04-28 21:46:37.

Flavor Version Tinstall Tcheck Ttotal Status Flags
r-devel-linux-x86_64-debian-clang 1.7-16 1.79 20.98 22.76 NOTE
r-devel-linux-x86_64-debian-gcc 1.7-16 1.69 20.33 22.02 NOTE
r-devel-linux-x86_64-fedora-clang 1.7-16 51.52 NOTE
r-devel-linux-x86_64-fedora-gcc 1.7-16 47.68 NOTE
r-devel-osx-x86_64-clang 1.7-16 43.23 NOTE
r-devel-windows-ix86+x86_64 1.7-16 5.00 33.00 38.00 NOTE
r-patched-linux-x86_64 1.7-16 1.67 20.49 22.16 NOTE
r-patched-solaris-sparc 1.7-16 284.70 NOTE
r-patched-solaris-x86 1.7-16 69.00 NOTE
r-release-linux-x86_64 1.7-16 1.60 20.31 21.91 NOTE
r-release-osx-x86_64-mavericks 1.7-16 NOTE --install=fake
r-release-osx-x86_64-snowleopard 1.7-16 NOTE --install=fake
r-release-windows-ix86+x86_64 1.7-16 5.00 34.00 39.00 NOTE
r-oldrel-windows-ix86+x86_64 1.7-16 6.00 39.00 45.00 OK

Check Details

Version: 1.7-16
Check: DESCRIPTION meta-information
Result: NOTE
    Malformed Description field: should contain one or more complete sentences.
Flavors: r-devel-linux-x86_64-debian-clang, r-devel-linux-x86_64-debian-gcc, r-devel-linux-x86_64-fedora-clang, r-devel-linux-x86_64-fedora-gcc, r-devel-osx-x86_64-clang, r-devel-windows-ix86+x86_64, r-patched-linux-x86_64, r-patched-solaris-sparc, r-patched-solaris-x86, r-release-linux-x86_64, r-release-windows-ix86+x86_64

Version: 1.7-16
Check: S3 generic/method consistency
Result: NOTE
    Found the following apparent S3 methods exported but not registered:
     print.hsearch
    See section ‘Registering S3 methods’ in the ‘Writing R Extensions’
    manual.
Flavors: r-devel-linux-x86_64-debian-clang, r-devel-linux-x86_64-debian-gcc, r-devel-linux-x86_64-fedora-clang, r-devel-linux-x86_64-fedora-gcc, r-devel-osx-x86_64-clang, r-patched-linux-x86_64, r-patched-solaris-x86, r-release-linux-x86_64

Version: 1.7-16
Flags: --install=fake
Check: package dependencies
Result: NOTE
    Package suggested but not available for checking: ‘XLConnect’
Flavors: r-release-osx-x86_64-mavericks, r-release-osx-x86_64-snowleopard

Version: 1.7-16
Flags: --install=fake
Check: DESCRIPTION meta-information
Result: NOTE
    Malformed Description field: should contain one or more complete sentences.
Flavors: r-release-osx-x86_64-mavericks, r-release-osx-x86_64-snowleopard