CRAN Package Check Results for Package JJcorr

Last updated on 2014-07-23 08:49:49.

Flavor Version Tinstall Tcheck Ttotal Status Flags
r-devel-linux-x86_64-debian-clang 0.01 3.00 54.83 57.83 NOTE
r-devel-linux-x86_64-debian-gcc 0.01 2.93 56.31 59.24 NOTE
r-devel-linux-x86_64-fedora-clang 0.01 126.61 NOTE
r-devel-linux-x86_64-fedora-gcc 0.01 120.28 NOTE
r-devel-osx-x86_64-clang 0.01 98.92 NOTE
r-devel-windows-ix86+x86_64 0.01 10.00 80.00 90.00 NOTE
r-patched-linux-x86_64 0.01 3.08 56.77 59.85 NOTE
r-patched-solaris-sparc 0.01 658.90 NOTE
r-patched-solaris-x86 0.01 141.60 NOTE
r-release-linux-ix86 0.01 3.72 69.43 73.15 NOTE
r-release-linux-x86_64 0.01 3.32 56.17 59.50 NOTE
r-release-osx-x86_64-mavericks 0.01 ERROR
r-release-osx-x86_64-snowleopard 0.01 OK
r-release-windows-ix86+x86_64 0.01 10.00 90.00 100.00 NOTE
r-oldrel-windows-ix86+x86_64 0.01 10.00 83.00 93.00 NOTE

Check Details

Version: 0.01
Check: dependencies in R code
Result: NOTE
    Packages in Depends field not imported from:
     ‘fCopulae’ ‘mvtnorm’
     These packages need to be imported from (in the NAMESPACE file)
     for when this namespace is loaded but not attached.
    See the information on DESCRIPTION files in the chapter ‘Creating R
    packages’ of the ‘Writing R Extensions’ manual.
Flavors: r-devel-linux-x86_64-debian-clang, r-devel-linux-x86_64-debian-gcc, r-devel-linux-x86_64-fedora-clang, r-devel-linux-x86_64-fedora-gcc, r-devel-osx-x86_64-clang, r-devel-windows-ix86+x86_64, r-patched-linux-x86_64, r-patched-solaris-sparc, r-patched-solaris-x86, r-release-linux-ix86, r-release-linux-x86_64, r-release-windows-ix86+x86_64, r-oldrel-windows-ix86+x86_64

Version: 0.01
Check: Rd line widths
Result: NOTE
    Rd file 'multiCorr.Rd':
     \usage lines wider than 90 characters:
     multiCorr(dataframe, cop = "gauss", loss = "MH", domain = NULL, subdomains = 1, method = "copula")
     \examples lines wider than 100 characters:
     mydf <- data.frame(W=rbinom(100,1,.5), X=rbinom(100,2,.5), Y=rbinom(100,3,.5), Z=rbinom(100,4,.5));
    
    Rd file 'polyCorr.Rd':
     \usage lines wider than 90 characters:
     polyCorr(P, cop = c("gauss", "frank", "clayton", "nelsen2", "genest"), loss = c("MH", "SS"), fitLoss = "modelLoss", subdomains = 1)
    
    Rd file 'spearmanCorr.Rd':
     \examples lines wider than 100 characters:
     mydf <- data.frame(W=rbinom(100,1,.5), X=rbinom(100,2,.5), Y=rbinom(100,3,.5), Z=rbinom(100,4,.5));
    
    These lines will be truncated in the PDF manual.
Flavors: r-devel-linux-x86_64-fedora-clang, r-devel-linux-x86_64-fedora-gcc

Version: 0.01
Check: package dependencies
Result: ERROR
    Package required but not available: ‘fCopulae’
    
    See the information on DESCRIPTION files in the chapter ‘Creating R
    packages’ of the ‘Writing R Extensions’ manual.
Flavor: r-release-osx-x86_64-mavericks