CRAN Package Check Results for Package JLPM

Last updated on 2024-06-21 22:56:41 CEST.

Flavor Version Tinstall Tcheck Ttotal Status Flags
r-devel-linux-x86_64-debian-clang 1.0.2 20.36 90.64 111.00 NOTE
r-devel-linux-x86_64-debian-gcc 1.0.2 16.79 66.58 83.37 NOTE
r-devel-linux-x86_64-fedora-clang 1.0.2 139.44 NOTE
r-devel-linux-x86_64-fedora-gcc 1.0.2 134.97 NOTE
r-devel-windows-x86_64 1.0.2 20.00 82.00 102.00 NOTE
r-patched-linux-x86_64 1.0.2 22.41 82.45 104.86 NOTE
r-release-linux-x86_64 1.0.2 18.78 86.05 104.83 NOTE
r-release-macos-arm64 1.0.2 41.00 NOTE
r-release-macos-x86_64 1.0.2 77.00 NOTE
r-release-windows-x86_64 1.0.2 22.00 85.00 107.00 NOTE
r-oldrel-macos-arm64 1.0.2 136.00 OK
r-oldrel-macos-x86_64 1.0.2 102.00 OK
r-oldrel-windows-x86_64 1.0.2 26.00 99.00 125.00 OK

Check Details

Version: 1.0.2
Check: Rd files
Result: NOTE checkRd: (-1) jointLPM.Rd:298: Lost braces; missing escapes or markup? 298 | following transformation b_1 + b_2*I_1(Y(t)) + ... + b_{n+2}*I_{n+1}(Y(t)), | ^ checkRd: (-1) jointLPM.Rd:298: Lost braces; missing escapes or markup? 298 | following transformation b_1 + b_2*I_1(Y(t)) + ... + b_{n+2}*I_{n+1}(Y(t)), | ^ checkRd: (-1) jointLPM.Rd:299: Lost braces; missing escapes or markup? 299 | where I_1,...,I_{n+1} is the basis of quadratic I-splines. To constraint the | ^ Flavors: r-devel-linux-x86_64-debian-clang, r-devel-linux-x86_64-debian-gcc, r-devel-linux-x86_64-fedora-clang, r-devel-linux-x86_64-fedora-gcc, r-devel-windows-x86_64, r-patched-linux-x86_64, r-release-linux-x86_64, r-release-macos-arm64, r-release-macos-x86_64, r-release-windows-x86_64