CRAN Package Check Results for Package JM

Last updated on 2014-11-27 23:48:41.

Flavor Version Tinstall Tcheck Ttotal Status Flags
r-devel-linux-x86_64-debian-clang 1.3-0 1.76 57.84 59.60 NOTE
r-devel-linux-x86_64-debian-gcc 1.3-0 1.66 56.04 57.70 NOTE
r-devel-linux-x86_64-fedora-clang 1.3-0 110.74 NOTE
r-devel-linux-x86_64-fedora-gcc 1.3-0 106.61 NOTE
r-devel-osx-x86_64-clang 1.3-0 99.66 NOTE
r-devel-windows-ix86+x86_64 1.3-0 6.00 69.00 75.00 NOTE
r-patched-linux-x86_64 1.3-0 1.75 61.43 63.18 NOTE
r-patched-solaris-sparc 1.3-0 654.30 NOTE
r-patched-solaris-x86 1.3-0 132.60 NOTE
r-release-linux-ix86 1.3-0 2.24 70.28 72.51 NOTE
r-release-linux-x86_64 1.3-0 1.79 59.04 60.83 NOTE
r-release-osx-x86_64-mavericks 1.3-0 OK
r-release-osx-x86_64-snowleopard 1.3-0 OK
r-release-windows-ix86+x86_64 1.3-0 5.00 87.00 92.00 NOTE
r-oldrel-windows-ix86+x86_64 1.3-0 6.00 78.00 84.00 OK

Check Details

Version: 1.3-0
Check: R code for possible problems
Result: NOTE
    S.b: no visible global function definition for ‘splineDesign’
    S.b : <anonymous>: no visible global function definition for
     ‘splineDesign’
    cumHaz: no visible global function definition for ‘splineDesign’
    cumHaz : <anonymous>: no visible global function definition for
     ‘splineDesign’
    dynCJM.coxph: no visible global function definition for ‘coxph’
    fitted.jointModel: no visible global function definition for
     ‘splineDesign’
    flexCPH.fit: no visible global function definition for ‘splineDesign’
    initial.surv: no visible global function definition for ‘coxph’
    initial.surv: no visible global function definition for ‘basehaz’
    initial.surv: no visible global function definition for ‘survreg’
    initial.surv: no visible global function definition for ‘splineDesign’
    initial.survOld: no visible global function definition for ‘coxph’
    initial.survOld: no visible global function definition for ‘basehaz’
    initial.survOld: no visible global function definition for ‘survreg’
    initial.survOld: no visible global function definition for
     ‘splineDesign’
    jointModel : <anonymous>: no visible global function definition for
     ‘splineDesign’
    jointModel: no visible global function definition for ‘pdMatrix’
    jointModel: no visible global function definition for ‘basehaz’
    log.posterior.b: no visible global function definition for
     ‘splineDesign’
    log.posterior.b : <anonymous>: no visible global function definition
     for ‘splineDesign’
    plot.flexCPH: no visible global function definition for ‘splineDesign’
    plot.jointModel : <anonymous>: no visible global function definition
     for ‘splineDesign’
    plot.jointModel: no visible global function definition for
     ‘splineDesign’
    posterior.b: no visible global function definition for ‘splineDesign’
    predict.b: no visible global function definition for ‘splineDesign’
    residuals.jointModel: no visible global function definition for
     ‘splineDesign’
    simulateJM : invS : h: no visible global function definition for
     ‘splineDesign’
    update.logLik.Laplace: no visible global function definition for ‘ginv’
    vcov.flexCPH: no visible global function definition for ‘ginv’
    vcov.jointModel: no visible global function definition for ‘ginv’
Flavors: r-devel-linux-x86_64-debian-clang, r-devel-linux-x86_64-debian-gcc, r-devel-linux-x86_64-fedora-clang, r-devel-linux-x86_64-fedora-gcc, r-devel-osx-x86_64-clang, r-devel-windows-ix86+x86_64, r-patched-linux-x86_64, r-patched-solaris-sparc, r-patched-solaris-x86, r-release-linux-ix86, r-release-linux-x86_64, r-release-windows-ix86+x86_64