CRAN Package Check Results for Package JM

Last updated on 2014-04-16 15:49:29.

Flavor Version Tinstall Tcheck Ttotal Status Flags
r-devel-linux-x86_64-debian-clang 1.2-0 1.80 62.82 64.61 NOTE
r-devel-linux-x86_64-debian-gcc 1.2-0 1.96 63.98 65.94 NOTE
r-devel-linux-x86_64-fedora-clang 1.2-0 118.16 NOTE
r-devel-linux-x86_64-fedora-gcc 1.2-0 111.41 NOTE
r-devel-macosx-x86_64-clang 1.2-0 94.81 NOTE
r-devel-macosx-x86_64-gcc 1.2-0 NOTE
r-devel-windows-ix86+x86_64 1.2-0 5.00 76.00 81.00 NOTE
r-patched-linux-x86_64 1.2-0 1.79 60.99 62.78 NOTE
r-patched-solaris-sparc 1.2-0 645.90 NOTE
r-patched-solaris-x86 1.2-0 128.00 NOTE
r-release-linux-ix86 1.2-0 4.00 94.00 98.00 NOTE
r-release-linux-x86_64 1.2-0 1.77 61.94 63.70 NOTE
r-release-macosx-x86_64 1.2-0 NOTE
r-release-windows-ix86+x86_64 1.2-0 5.00 86.00 91.00 NOTE
r-oldrel-windows-ix86+x86_64 1.2-0 7.00 73.00 80.00 NOTE

Check Details

Version: 1.2-0
Check: dependencies in R code
Result: NOTE
    Packages in Depends field not imported from:
     ‘MASS’ ‘survival’
     These packages need to be imported from (in the NAMESPACE file)
     for when this namespace is loaded but not attached.
    Unexported object imported by a ':::' call: ‘stats:::format.perc’
     See the note in ?`:::` about the use of this operator.
    There are ::: calls to the package's namespace in its code. A package
     almost never needs to use ::: for its own objects:
     ‘jacobian2’
    See the information on DESCRIPTION files in the chapter ‘Creating R
    packages’ of the ‘Writing R Extensions’ manual.
Flavors: r-devel-linux-x86_64-debian-clang, r-devel-linux-x86_64-debian-gcc, r-devel-linux-x86_64-fedora-clang, r-devel-linux-x86_64-fedora-gcc, r-devel-macosx-x86_64-clang, r-devel-macosx-x86_64-gcc, r-devel-windows-ix86+x86_64, r-patched-linux-x86_64, r-patched-solaris-sparc, r-patched-solaris-x86, r-release-linux-ix86, r-release-linux-x86_64, r-release-windows-ix86+x86_64, r-oldrel-windows-ix86+x86_64

Version: 1.2-0
Check: dependencies in R code
Result: NOTE
    Packages in Depends field not imported from:
     'MASS' 'survival'
     These packages need to be imported from for the case when
     this namespace is loaded but not attached.
    Unexported object imported by a ':::' call: 'stats:::format.perc'
     See the note in ?`:::` about the use of this operator.
    There are ::: calls to the package's namespace in its code. A package
     almost never needs to use ::: for its own objects:
     'jacobian2'
    See the information on DESCRIPTION files in the chapter 'Creating R
    packages' of the 'Writing R Extensions' manual.
Flavor: r-release-macosx-x86_64