CRAN Package Check Results for Package JM

Last updated on 2014-09-30 23:47:44.

Flavor Version Tinstall Tcheck Ttotal Status Flags
r-devel-linux-x86_64-debian-clang 1.3-0 1.71 55.82 57.52 NOTE
r-devel-linux-x86_64-debian-gcc 1.3-0 1.77 55.33 57.10 NOTE
r-devel-linux-x86_64-fedora-clang 1.3-0 114.46 NOTE
r-devel-linux-x86_64-fedora-gcc 1.3-0 107.05 NOTE
r-devel-osx-x86_64-clang 1.3-0 88.18 NOTE
r-devel-windows-ix86+x86_64 1.3-0 5.00 72.00 77.00 NOTE
r-patched-linux-x86_64 1.3-0 1.92 59.35 61.27 OK
r-patched-solaris-sparc 1.3-0 658.20 OK
r-patched-solaris-x86 1.3-0 139.90 OK
r-release-linux-ix86 1.3-0 2.42 73.34 75.77 OK
r-release-linux-x86_64 1.3-0 1.68 60.04 61.72 OK
r-release-osx-x86_64-mavericks 1.3-0 OK
r-release-osx-x86_64-snowleopard 1.3-0 OK
r-release-windows-ix86+x86_64 1.3-0 5.00 88.00 93.00 OK
r-oldrel-windows-ix86+x86_64 1.3-0 6.00 79.00 85.00 OK

Check Details

Version: 1.3-0
Check: R code for possible problems
Result: NOTE
    S.b: no visible global function definition for ‘splineDesign’
    S.b : <anonymous>: no visible global function definition for
     ‘splineDesign’
    cumHaz: no visible global function definition for ‘splineDesign’
    cumHaz : <anonymous>: no visible global function definition for
     ‘splineDesign’
    dynCJM.coxph: no visible global function definition for ‘coxph’
    fitted.jointModel: no visible global function definition for
     ‘splineDesign’
    flexCPH.fit: no visible global function definition for ‘splineDesign’
    initial.surv: no visible global function definition for ‘coxph’
    initial.surv: no visible global function definition for ‘basehaz’
    initial.surv: no visible global function definition for ‘survreg’
    initial.surv: no visible global function definition for ‘splineDesign’
    initial.survOld: no visible global function definition for ‘coxph’
    initial.survOld: no visible global function definition for ‘basehaz’
    initial.survOld: no visible global function definition for ‘survreg’
    initial.survOld: no visible global function definition for
     ‘splineDesign’
    jointModel : <anonymous>: no visible global function definition for
     ‘splineDesign’
    jointModel: no visible global function definition for ‘pdMatrix’
    jointModel: no visible global function definition for ‘basehaz’
    log.posterior.b: no visible global function definition for
     ‘splineDesign’
    log.posterior.b : <anonymous>: no visible global function definition
     for ‘splineDesign’
    plot.flexCPH: no visible global function definition for ‘splineDesign’
    plot.jointModel : <anonymous>: no visible global function definition
     for ‘splineDesign’
    plot.jointModel: no visible global function definition for
     ‘splineDesign’
    posterior.b: no visible global function definition for ‘splineDesign’
    predict.b: no visible global function definition for ‘splineDesign’
    residuals.jointModel: no visible global function definition for
     ‘splineDesign’
    simulateJM : invS : h: no visible global function definition for
     ‘splineDesign’
    update.logLik.Laplace: no visible global function definition for ‘ginv’
    vcov.flexCPH: no visible global function definition for ‘ginv’
    vcov.jointModel: no visible global function definition for ‘ginv’
Flavors: r-devel-linux-x86_64-debian-clang, r-devel-linux-x86_64-debian-gcc, r-devel-linux-x86_64-fedora-clang, r-devel-linux-x86_64-fedora-gcc, r-devel-osx-x86_64-clang, r-devel-windows-ix86+x86_64