CRAN Package Check Results for Package JMI

Last updated on 2020-07-15 10:50:34 CEST.

Flavor Version Tinstall Tcheck Ttotal Status Flags
r-devel-linux-x86_64-debian-clang 0.1.0 35.50 23.05 58.55 OK
r-devel-linux-x86_64-debian-gcc 0.1.0 24.10 18.44 42.54 OK
r-devel-linux-x86_64-fedora-clang 0.1.0 85.94 OK
r-devel-linux-x86_64-fedora-gcc 0.1.0 73.53 OK
r-devel-windows-ix86+x86_64 0.1.0 84.00 81.00 165.00 OK
r-patched-linux-x86_64 0.1.0 27.16 22.93 50.09 OK
r-patched-solaris-x86 0.1.0 80.60 OK
r-release-linux-x86_64 0.1.0 25.59 22.94 48.53 OK
r-release-macos-x86_64 0.1.0 ERROR
r-release-windows-ix86+x86_64 0.1.0 86.00 59.00 145.00 OK
r-oldrel-macos-x86_64 0.1.0 OK
r-oldrel-windows-ix86+x86_64 0.1.0 77.00 78.00 155.00 OK

Check Details

Version: 0.1.0
Check: whether package can be installed
Result: ERROR
    Installation failed.
Flavor: r-release-macos-x86_64