CRAN Package Check Results for Package JMbayes

Last updated on 2017-10-19 01:46:18.

Flavor Version Tinstall Tcheck Ttotal Status Flags
r-devel-linux-x86_64-debian-clang 0.8-69 69.62 79.91 149.53 OK
r-devel-linux-x86_64-debian-gcc 0.8-69 90.17 86.55 176.72 OK
r-devel-linux-x86_64-fedora-clang 0.8-69 158.08 NOTE
r-devel-linux-x86_64-fedora-gcc 0.8-69 184.25 NOTE
r-devel-windows-ix86+x86_64 0.8-68 198.00 163.00 361.00 OK
r-patched-linux-x86_64 0.8-68 82.80 80.69 163.49 OK
r-patched-solaris-x86 0.8-69 294.80 OK
r-release-linux-x86_64 0.8-68 81.53 79.33 160.87 OK
r-release-windows-ix86+x86_64 0.8-68 253.00 214.00 467.00 OK
r-release-osx-x86_64 0.8-68 NOTE
r-oldrel-windows-ix86+x86_64 0.8-69 172.00 157.00 329.00 OK
r-oldrel-osx-x86_64 0.8-68 NOTE

Check Details

Version: 0.8-69
Check: installed package size
Result: NOTE
     installed size is 7.2Mb
     sub-directories of 1Mb or more:
     libs 6.4Mb
Flavors: r-devel-linux-x86_64-fedora-clang, r-devel-linux-x86_64-fedora-gcc

Version: 0.8-68
Check: installed package size
Result: NOTE
     installed size is 6.5Mb
     sub-directories of 1Mb or more:
     libs 5.7Mb
Flavors: r-release-osx-x86_64, r-oldrel-osx-x86_64