CRAN Package Check Results for Package JMbayes

Last updated on 2018-07-16 01:50:11 CEST.

Flavor Version Tinstall Tcheck Ttotal Status Flags
r-devel-linux-x86_64-debian-clang 0.8-71 105.51 131.56 237.07 OK
r-devel-linux-x86_64-debian-gcc 0.8-71 103.48 116.98 220.46 OK
r-devel-linux-x86_64-fedora-clang 0.8-71 331.55 NOTE
r-devel-linux-x86_64-fedora-gcc 0.8-71 363.53 OK
r-devel-windows-ix86+x86_64 0.8-71 282.00 250.00 532.00 OK
r-patched-linux-x86_64 0.8-71 117.93 128.67 246.60 OK
r-patched-solaris-x86 0.8-71 376.30 OK
r-release-linux-x86_64 0.8-71 113.48 131.64 245.12 OK
r-release-windows-ix86+x86_64 0.8-71 210.00 175.00 385.00 WARN
r-release-osx-x86_64 0.8-71 NOTE
r-oldrel-windows-ix86+x86_64 0.8-71 189.00 167.00 356.00 WARN
r-oldrel-osx-x86_64 0.8-71 NOTE

Check Details

Version: 0.8-71
Check: installed package size
Result: NOTE
     installed size is 8.1Mb
     sub-directories of 1Mb or more:
     libs 6.8Mb
Flavors: r-devel-linux-x86_64-fedora-clang, r-release-osx-x86_64, r-oldrel-osx-x86_64

Version: 0.8-71
Check: whether package can be installed
Result: WARN
    Found the following significant warnings:
     Warning: S3 methods '[.fun_list', '[.grouped_df', 'all.equal.tbl_df', 'anti_join.data.frame', 'anti_join.tbl_df', 'arrange.data.frame', 'arrange.default', 'arrange.grouped_df', 'arrange.tbl_df', 'arrange_.data.frame', 'arrange_.tbl_df', 'as.data.frame.grouped_df', 'as.data.frame.rowwise_df', 'as.data.frame.tbl_cube', 'as.data.frame.tbl_df', 'as.table.tbl_cube', 'as.tbl.data.frame', 'as.tbl.tbl', 'as.tbl_cube.array', 'as.tbl_cube.data.frame', 'as.tbl_cube.matrix', 'as.tbl_cube.table', 'as_data_frame.grouped_df', 'as_data_frame.tbl_cube', 'auto_copy.tbl_cube', 'auto_copy.tbl_df', 'cbind.grouped_df', 'collapse.data.frame', 'collect.data.frame', 'common_by.NULL', 'common_by.character', 'common_by.default', 'common_by.list', 'compute.data.frame', 'copy_to.DBIConnection', 'copy_to.src_local', 'default_missing.data.frame', 'default_missing.default', 'dim.tbl_cube', 'distinct.data.frame', 'distinct.default', 'distinct.grouped_df', 'distinct.tbl_df', 'distinct_.data.frame', 'distinct_.grouped_df', 'dist [... truncated]
Flavors: r-release-windows-ix86+x86_64, r-oldrel-windows-ix86+x86_64