CRAN Package Check Results for Package JMbayes

Last updated on 2016-06-28 06:47:06.

Flavor Version Tinstall Tcheck Ttotal Status Flags
r-devel-linux-x86_64-debian-gcc 0.7-9 2.82 54.48 57.30 OK
r-devel-linux-x86_64-fedora-clang 0.7-9 104.36 OK
r-devel-linux-x86_64-fedora-gcc 0.7-9 97.39 OK
r-devel-osx-x86_64-clang 0.7-9 84.79 OK
r-devel-windows-ix86+x86_64 0.7-9 3.00 5.00 8.00 OK
r-patched-linux-x86_64 0.7-9 3.12 53.66 56.78 OK
r-patched-solaris-sparc 0.7-9 638.20 OK
r-patched-solaris-x86 0.7-9 131.10 OK
r-release-linux-x86_64 0.7-9 3.06 52.47 55.53 OK
r-release-osx-x86_64-mavericks 0.7-9 OK
r-release-windows-ix86+x86_64 0.7-9 3.00 4.00 7.00 ERROR
r-oldrel-windows-ix86+x86_64 0.7-9 3.00 2.00 5.00 ERROR

Check Details

Version: 0.7-9
Check: whether package can be installed
Result: ERROR
    Installation failed.
Flavors: r-release-windows-ix86+x86_64, r-oldrel-windows-ix86+x86_64