CRAN Package Check Results for Package JMbayes

Last updated on 2020-08-11 11:49:18 CEST.

Flavor Version Tinstall Tcheck Ttotal Status Flags
r-devel-linux-x86_64-debian-clang 0.8-85 152.32 185.68 338.00 OK
r-devel-linux-x86_64-debian-gcc 0.8-85 125.54 135.86 261.40 OK
r-devel-linux-x86_64-fedora-clang 0.8-85 433.25 NOTE
r-devel-linux-x86_64-fedora-gcc 0.8-85 433.69 OK
r-devel-windows-ix86+x86_64 0.8-85 300.00 326.00 626.00 OK
r-patched-linux-x86_64 0.8-85 128.32 179.80 308.12 OK
r-patched-solaris-x86 0.8-85 468.20 OK
r-release-linux-x86_64 0.8-85 120.60 176.80 297.40 OK
r-release-macos-x86_64 0.8-85 NOTE
r-release-windows-ix86+x86_64 0.8-85 372.00 347.00 719.00 OK
r-oldrel-macos-x86_64 0.8-85 NOTE
r-oldrel-windows-ix86+x86_64 0.8-85 251.00 218.00 469.00 OK

Check Details

Version: 0.8-85
Check: installed package size
Result: NOTE
     installed size is 10.2Mb
     sub-directories of 1Mb or more:
     libs 9.1Mb
Flavors: r-devel-linux-x86_64-fedora-clang, r-release-macos-x86_64, r-oldrel-macos-x86_64