CRAN Package Check Results for Package JMbayes

Last updated on 2018-02-23 06:54:55 CET.

Flavor Version Tinstall Tcheck Ttotal Status Flags
r-devel-linux-x86_64-debian-clang 0.8-70 118.13 108.32 226.45 OK
r-devel-linux-x86_64-debian-gcc 0.8-70 112.71 99.53 212.24 OK
r-devel-linux-x86_64-fedora-clang 0.8-70 316.07 NOTE
r-devel-linux-x86_64-fedora-gcc 0.8-70 328.85 NOTE
r-devel-windows-ix86+x86_64 0.8-70 269.00 219.00 488.00 OK
r-patched-linux-x86_64 0.8-70 111.21 133.04 244.25 OK
r-patched-solaris-x86 0.8-70 346.00 OK
r-release-linux-x86_64 0.8-70 113.39 136.77 250.16 OK
r-release-windows-ix86+x86_64 0.8-70 250.00 220.00 470.00 OK
r-release-osx-x86_64 0.8-70 NOTE
r-oldrel-windows-ix86+x86_64 0.8-70 196.00 172.00 368.00 OK
r-oldrel-osx-x86_64 0.8-70 NOTE

Check Details

Version: 0.8-70
Check: installed package size
Result: NOTE
     installed size is 8.0Mb
     sub-directories of 1Mb or more:
     libs 6.7Mb
Flavors: r-devel-linux-x86_64-fedora-clang, r-devel-linux-x86_64-fedora-gcc, r-release-osx-x86_64, r-oldrel-osx-x86_64