CRAN Package Check Results for Package JMbayes

Last updated on 2014-08-27 19:48:32.

Flavor Version Tinstall Tcheck Ttotal Status Flags
r-devel-linux-x86_64-debian-clang 0.6-1 1.38 31.89 33.27 NOTE
r-devel-linux-x86_64-debian-gcc 0.6-1 1.38 31.40 32.78 NOTE
r-devel-linux-x86_64-fedora-clang 0.6-1 64.85 NOTE
r-devel-linux-x86_64-fedora-gcc 0.6-1 60.57 NOTE
r-devel-osx-x86_64-clang 0.6-1 55.56 NOTE
r-devel-windows-ix86+x86_64 0.6-1 5.00 47.00 52.00 NOTE
r-patched-linux-x86_64 0.6-1 1.43 32.69 34.12 OK
r-patched-solaris-sparc 0.6-1 368.60 OK
r-patched-solaris-x86 0.6-1 80.80 OK
r-release-linux-ix86 0.6-1 2.32 42.12 44.44 OK
r-release-linux-x86_64 0.6-1 1.58 33.00 34.58 OK
r-release-osx-x86_64-mavericks 0.6-1 OK
r-release-osx-x86_64-snowleopard 0.6-1 OK
r-release-windows-ix86+x86_64 0.6-1 5.00 49.00 54.00 OK
r-oldrel-windows-ix86+x86_64 0.6-1 5.00 52.00 57.00 NOTE

Check Details

Version: 0.6-1
Check: R code for possible problems
Result: NOTE
    ModelMats: no visible global function definition for ‘splineDesign’
    dynCJM.coxph: no visible global function definition for ‘coxph’
    fitted.JMbayes: no visible global function definition for
     ‘splineDesign’
    hMats: no visible global function definition for ‘splineDesign’
    initSurvival: no visible global function definition for ‘coxph’
    jointModelBayes: no visible global function definition for ‘pdMatrix’
    jointModelBayes: no visible global function definition for
     ‘splineDesign’
    jointModelBayes: no visible global function definition for ‘getVarCov’
    survPriors: no visible global function definition for ‘survreg’
    survivalFun : ff: no visible global function definition for
     ‘splineDesign’
Flavors: r-devel-linux-x86_64-debian-clang, r-devel-linux-x86_64-debian-gcc, r-devel-linux-x86_64-fedora-clang, r-devel-linux-x86_64-fedora-gcc, r-devel-osx-x86_64-clang, r-devel-windows-ix86+x86_64

Version: 0.6-1
Check: R code for possible problems
Result: NOTE
    fastSumID2: no visible global function definition for 'anyNA'
Flavor: r-oldrel-windows-ix86+x86_64