CRAN Package Check Results for Package JMbayes

Last updated on 2014-07-29 07:48:57.

Flavor Version Tinstall Tcheck Ttotal Status Flags
r-devel-linux-x86_64-debian-clang 0.6-1 1.42 33.00 34.41 OK
r-devel-linux-x86_64-debian-gcc 0.6-1 1.39 33.05 34.44 OK
r-devel-linux-x86_64-fedora-clang 0.6-1 67.13 OK
r-devel-linux-x86_64-fedora-gcc 0.6-1 62.90 OK
r-devel-osx-x86_64-clang 0.6-1 57.74 OK
r-devel-windows-ix86+x86_64 0.6-1 5.00 49.00 54.00 OK
r-patched-linux-x86_64 0.6-1 1.43 32.23 33.66 OK
r-patched-solaris-sparc 0.6-1 355.70 OK
r-patched-solaris-x86 0.6-1 80.80 OK
r-release-linux-ix86 0.6-1 1.96 42.06 44.02 OK
r-release-linux-x86_64 0.6-1 1.47 33.00 34.47 OK
r-release-osx-x86_64-mavericks 0.6-1 OK
r-release-osx-x86_64-snowleopard 0.6-1 OK
r-release-windows-ix86+x86_64 0.6-1 5.00 51.00 56.00 OK
r-oldrel-windows-ix86+x86_64 0.6-1 5.00 51.00 56.00 NOTE

Check Details

Version: 0.6-1
Check: R code for possible problems
Result: NOTE
    fastSumID2: no visible global function definition for 'anyNA'
Flavor: r-oldrel-windows-ix86+x86_64