CRAN Package Check Results for Package JMbayes

Last updated on 2014-10-23 00:48:00.

Flavor Version Tinstall Tcheck Ttotal Status Flags
r-devel-linux-x86_64-debian-clang 0.6-1 1.44 32.43 33.87 NOTE
r-devel-linux-x86_64-debian-gcc 0.6-1 1.42 32.44 33.86 NOTE
r-devel-linux-x86_64-fedora-clang 0.6-1 66.30 NOTE
r-devel-linux-x86_64-fedora-gcc 0.6-1 61.36 NOTE
r-devel-osx-x86_64-clang 0.6-1 61.48 NOTE
r-devel-windows-ix86+x86_64 0.6-1 5.00 41.00 46.00 NOTE
r-patched-linux-x86_64 0.6-1 1.52 33.62 35.15 NOTE
r-patched-solaris-sparc 0.6-1 370.30 NOTE
r-patched-solaris-x86 0.6-1 81.30 NOTE
r-release-linux-ix86 0.6-1 2.06 43.04 45.10 OK
r-release-linux-x86_64 0.6-1 1.62 34.45 36.07 OK
r-release-osx-x86_64-mavericks 0.6-1 OK
r-release-osx-x86_64-snowleopard 0.6-1 OK
r-release-windows-ix86+x86_64 0.6-1 5.00 45.00 50.00 OK
r-oldrel-windows-ix86+x86_64 0.6-1 6.00 49.00 55.00 NOTE

Check Details

Version: 0.6-1
Check: R code for possible problems
Result: NOTE
    ModelMats: no visible global function definition for ‘splineDesign’
    dynCJM.coxph: no visible global function definition for ‘coxph’
    fitted.JMbayes: no visible global function definition for
     ‘splineDesign’
    hMats: no visible global function definition for ‘splineDesign’
    initSurvival: no visible global function definition for ‘coxph’
    jointModelBayes: no visible global function definition for ‘pdMatrix’
    jointModelBayes: no visible global function definition for
     ‘splineDesign’
    jointModelBayes: no visible global function definition for ‘getVarCov’
    survPriors: no visible global function definition for ‘survreg’
    survivalFun : ff: no visible global function definition for
     ‘splineDesign’
Flavors: r-devel-linux-x86_64-debian-clang, r-devel-linux-x86_64-debian-gcc, r-devel-linux-x86_64-fedora-clang, r-devel-linux-x86_64-fedora-gcc, r-devel-osx-x86_64-clang, r-devel-windows-ix86+x86_64, r-patched-linux-x86_64, r-patched-solaris-sparc, r-patched-solaris-x86

Version: 0.6-1
Check: R code for possible problems
Result: NOTE
    fastSumID2: no visible global function definition for 'anyNA'
Flavor: r-oldrel-windows-ix86+x86_64