CRAN Package Check Results for Package JMbayes

Last updated on 2014-12-20 03:49:34.

Flavor Version Tinstall Tcheck Ttotal Status Flags
r-devel-linux-x86_64-debian-clang 0.6-1 1.44 33.04 34.48 NOTE
r-devel-linux-x86_64-debian-gcc 0.6-1 1.39 32.69 34.08 NOTE
r-devel-linux-x86_64-fedora-clang 0.6-1 67.04 NOTE
r-devel-linux-x86_64-fedora-gcc 0.6-1 55.80 NOTE
r-devel-osx-x86_64-clang 0.6-1 61.44 NOTE
r-devel-windows-ix86+x86_64 0.6-1 7.00 45.00 52.00 NOTE
r-patched-linux-x86_64 0.6-1 1.50 33.55 35.05 NOTE
r-patched-solaris-sparc 0.6-1 370.30 NOTE
r-patched-solaris-x86 0.6-1 82.40 NOTE
r-release-linux-ix86 0.6-1 1.89 41.32 43.21 NOTE
r-release-linux-x86_64 0.6-1 1.50 33.78 35.28 NOTE
r-release-osx-x86_64-mavericks 0.6-1 OK
r-release-osx-x86_64-snowleopard 0.6-1 OK
r-release-windows-ix86+x86_64 0.6-1 6.00 50.00 56.00 NOTE
r-oldrel-windows-ix86+x86_64 0.6-1 6.00 52.00 58.00 NOTE

Check Details

Version: 0.6-1
Check: R code for possible problems
Result: NOTE
    ModelMats: no visible global function definition for ‘splineDesign’
    dynCJM.coxph: no visible global function definition for ‘coxph’
    fitted.JMbayes: no visible global function definition for
     ‘splineDesign’
    hMats: no visible global function definition for ‘splineDesign’
    initSurvival: no visible global function definition for ‘coxph’
    jointModelBayes: no visible global function definition for ‘pdMatrix’
    jointModelBayes: no visible global function definition for
     ‘splineDesign’
    jointModelBayes: no visible global function definition for ‘getVarCov’
    survPriors: no visible global function definition for ‘survreg’
    survivalFun : ff: no visible global function definition for
     ‘splineDesign’
Flavors: r-devel-linux-x86_64-debian-clang, r-devel-linux-x86_64-debian-gcc, r-devel-linux-x86_64-fedora-clang, r-devel-linux-x86_64-fedora-gcc, r-devel-osx-x86_64-clang, r-devel-windows-ix86+x86_64, r-patched-linux-x86_64, r-patched-solaris-sparc, r-patched-solaris-x86, r-release-linux-ix86, r-release-linux-x86_64, r-release-windows-ix86+x86_64

Version: 0.6-1
Check: R code for possible problems
Result: NOTE
    fastSumID2: no visible global function definition for 'anyNA'
Flavor: r-oldrel-windows-ix86+x86_64