CRAN Package Check Results for Package JMbayes

Last updated on 2015-03-30 00:48:22.

Flavor Version Tinstall Tcheck Ttotal Status Flags
r-devel-linux-x86_64-debian-clang 0.7-0 1.26 33.25 34.51 OK
r-devel-linux-x86_64-debian-gcc 0.7-0 1.27 32.87 34.14 OK
r-devel-linux-x86_64-fedora-clang 0.7-0 64.64 OK
r-devel-linux-x86_64-fedora-gcc 0.7-0 59.58 OK
r-devel-osx-x86_64-clang 0.7-0 66.97 OK
r-prerel-windows-ix86+x86_64 0.7-0 5.00 50.00 55.00 OK
r-prerel-linux-x86_64 0.7-0 1.26 33.15 34.42 OK
r-prerel-solaris-sparc 0.7-0 406.10 OK
r-prerel-solaris-x86 0.7-0 78.60 OK
r-release-linux-x86_64 0.7-0 1.60 38.25 39.85 OK
r-release-osx-x86_64-mavericks 0.7-0 OK
r-release-osx-x86_64-snowleopard 0.7-0 OK
r-release-windows-ix86+x86_64 0.7-0 6.00 55.00 61.00 OK
r-oldrel-windows-ix86+x86_64 0.6-1 9.00 51.00 60.00 NOTE

Check Details

Version: 0.6-1
Check: R code for possible problems
Result: NOTE
    fastSumID2: no visible global function definition for 'anyNA'
Flavor: r-oldrel-windows-ix86+x86_64