CRAN Package Check Results for Package JMbayes

Last updated on 2017-12-13 23:14:25 CET.

Flavor Version Tinstall Tcheck Ttotal Status Flags
r-devel-linux-x86_64-debian-clang 0.8-70 87.81 102.20 190.01 FAIL
r-devel-linux-x86_64-debian-gcc 0.8-70 98.98 95.94 194.92 FAIL
r-devel-linux-x86_64-fedora-clang 0.8-70 289.78 NOTE
r-devel-linux-x86_64-fedora-gcc 0.8-70 302.47 NOTE
r-devel-windows-ix86+x86_64 0.8-70 250.00 246.00 496.00 OK
r-patched-linux-x86_64 0.8-70 111.27 137.30 248.57 OK
r-patched-solaris-x86 0.8-70 358.00 OK
r-release-linux-x86_64 0.8-70 110.71 142.13 252.84 OK
r-release-windows-ix86+x86_64 0.8-70 210.00 181.00 391.00 OK
r-release-osx-x86_64 0.8-70 NOTE
r-oldrel-windows-ix86+x86_64 0.8-70 206.00 233.00 439.00 OK
r-oldrel-osx-x86_64 0.8-70 NOTE

Check Details

Version: 0.8-70
Check: pragmas in C/C++ headers and code
Result: FAIL
    
Flavors: r-devel-linux-x86_64-debian-clang, r-devel-linux-x86_64-debian-gcc

Version: 0.8-70
Check: installed package size
Result: NOTE
     installed size is 7.2Mb
     sub-directories of 1Mb or more:
     libs 6.4Mb
Flavors: r-devel-linux-x86_64-fedora-clang, r-devel-linux-x86_64-fedora-gcc, r-release-osx-x86_64, r-oldrel-osx-x86_64