CRAN Package Check Results for Package JMbayes

Last updated on 2014-04-23 07:55:01.

Flavor Version Tinstall Tcheck Ttotal Status Flags
r-devel-linux-x86_64-debian-clang 0.5-3 1.47 32.82 34.29 OK
r-devel-linux-x86_64-debian-gcc 0.5-3 1.53 32.48 34.01 OK
r-devel-linux-x86_64-fedora-clang 0.5-3 62.92 OK
r-devel-linux-x86_64-fedora-gcc 0.5-3 60.67 OK
r-devel-osx-x86_64-clang 0.5-3 57.29 OK
r-devel-osx-x86_64-gcc 0.5-3 OK
r-devel-windows-ix86+x86_64 0.5-3 4.00 40.00 44.00 OK
r-patched-linux-x86_64 0.5-3 1.49 33.05 34.54 OK
r-patched-solaris-sparc 0.5-3 369.80 OK
r-patched-solaris-x86 0.5-3 76.40 OK
r-release-linux-ix86 0.5-3 3.00 55.00 58.00 OK
r-release-linux-x86_64 0.5-3 1.54 32.94 34.48 OK
r-release-osx-x86_64-mavericks 0.5-3 WARN
r-release-osx-x86_64-snowleopard 0.5-3 OK
r-release-windows-ix86+x86_64 0.5-3 5.00 47.00 52.00 OK
r-oldrel-windows-ix86+x86_64 0.5-3 5.00 49.00 54.00 OK

Check Details

Version: 0.5-3
Check: PDF version of manual
Result: WARNING
    LaTeX errors when creating PDF version.
    This typically indicates Rd problems.
    LaTeX errors found:
    ! LaTeX Error: File `upquote.sty' not found.
    
    Type X to quit or <RETURN> to proceed,
    or enter new name. (Default extension: sty)
    
    7dedddd/Rd2.tex:8: ==> Fatal error occurred, no output PDF file produced!
Flavor: r-release-osx-x86_64-mavericks