Last updated on 2021-01-16 13:48:24 CET.
Flavor | Version | Tinstall | Tcheck | Ttotal | Status | Flags |
---|---|---|---|---|---|---|
r-devel-linux-x86_64-debian-clang | 0.8-85 | 163.20 | 194.94 | 358.14 | OK | |
r-devel-linux-x86_64-debian-gcc | 0.8-85 | 120.90 | 145.53 | 266.43 | OK | |
r-devel-linux-x86_64-fedora-clang | 0.8-85 | 448.90 | NOTE | |||
r-devel-linux-x86_64-fedora-gcc | 0.8-85 | 462.53 | OK | |||
r-devel-windows-ix86+x86_64 | 0.8-85 | 242.00 | 220.00 | 462.00 | OK | |
r-patched-linux-x86_64 | 0.8-85 | 134.43 | 175.11 | 309.54 | OK | |
r-patched-solaris-x86 | 0.8-85 | 484.40 | OK | |||
r-release-linux-x86_64 | 0.8-85 | 136.52 | 179.93 | 316.45 | OK | |
r-release-macos-x86_64 | 0.8-85 | NOTE | ||||
r-release-windows-ix86+x86_64 | 0.8-85 | 259.00 | 242.00 | 501.00 | OK | |
r-oldrel-macos-x86_64 | 0.8-85 | NOTE | ||||
r-oldrel-windows-ix86+x86_64 | 0.8-85 | 289.00 | 226.00 | 515.00 | OK |
Version: 0.8-85
Check: installed package size
Result: NOTE
installed size is 9.8Mb
sub-directories of 1Mb or more:
libs 8.7Mb
Flavors: r-devel-linux-x86_64-fedora-clang, r-release-macos-x86_64, r-oldrel-macos-x86_64