CRAN Package Check Results for Package JMbayes

Last updated on 2014-09-01 11:48:57.

Flavor Version Tinstall Tcheck Ttotal Status Flags
r-devel-linux-x86_64-debian-clang 0.6-1 1.46 31.70 33.16 NOTE
r-devel-linux-x86_64-debian-gcc 0.6-1 1.34 31.07 32.42 NOTE
r-devel-linux-x86_64-fedora-clang 0.6-1 63.15 NOTE
r-devel-linux-x86_64-fedora-gcc 0.6-1 61.11 NOTE
r-devel-osx-x86_64-clang 0.6-1 55.03 NOTE
r-devel-windows-ix86+x86_64 0.6-1 5.00 44.00 49.00 NOTE
r-patched-linux-x86_64 0.6-1 1.41 32.81 34.22 OK
r-patched-solaris-sparc 0.6-1 368.60 OK
r-patched-solaris-x86 0.6-1 80.80 OK
r-release-linux-ix86 0.6-1 2.04 42.35 44.40 OK
r-release-linux-x86_64 0.6-1 1.47 33.12 34.59 OK
r-release-osx-x86_64-mavericks 0.6-1 OK
r-release-osx-x86_64-snowleopard 0.6-1 OK
r-release-windows-ix86+x86_64 0.6-1 5.00 46.00 51.00 OK
r-oldrel-windows-ix86+x86_64 0.6-1 5.00 50.00 55.00 NOTE

Check Details

Version: 0.6-1
Check: R code for possible problems
Result: NOTE
    ModelMats: no visible global function definition for ‘splineDesign’
    dynCJM.coxph: no visible global function definition for ‘coxph’
    fitted.JMbayes: no visible global function definition for
     ‘splineDesign’
    hMats: no visible global function definition for ‘splineDesign’
    initSurvival: no visible global function definition for ‘coxph’
    jointModelBayes: no visible global function definition for ‘pdMatrix’
    jointModelBayes: no visible global function definition for
     ‘splineDesign’
    jointModelBayes: no visible global function definition for ‘getVarCov’
    survPriors: no visible global function definition for ‘survreg’
    survivalFun : ff: no visible global function definition for
     ‘splineDesign’
Flavors: r-devel-linux-x86_64-debian-clang, r-devel-linux-x86_64-debian-gcc, r-devel-linux-x86_64-fedora-clang, r-devel-linux-x86_64-fedora-gcc, r-devel-osx-x86_64-clang, r-devel-windows-ix86+x86_64

Version: 0.6-1
Check: R code for possible problems
Result: NOTE
    fastSumID2: no visible global function definition for 'anyNA'
Flavor: r-oldrel-windows-ix86+x86_64