CRAN Package Check Results for Package JMbayes

Last updated on 2015-02-28 12:51:15.

Flavor Version Tinstall Tcheck Ttotal Status Flags
r-devel-linux-x86_64-debian-clang 0.6-1 1.31 31.16 32.48 NOTE
r-devel-linux-x86_64-debian-gcc 0.6-1 1.73 29.69 31.42 NOTE
r-devel-linux-x86_64-fedora-clang 0.6-1 60.51 NOTE
r-devel-linux-x86_64-fedora-gcc 0.6-1 50.92 NOTE
r-devel-osx-x86_64-clang 0.6-1 59.67 NOTE
r-devel-windows-ix86+x86_64 0.6-1 7.00 45.00 52.00 NOTE
r-patched-linux-x86_64 0.6-1 1.76 34.02 35.78 NOTE
r-patched-solaris-sparc 0.6-1 404.80 NOTE
r-patched-solaris-x86 0.6-1 80.70 NOTE
r-release-linux-ix86 0.6-1 1.99 45.80 47.79 NOTE
r-release-linux-x86_64 0.6-1 1.56 34.24 35.80 NOTE
r-release-osx-x86_64-mavericks 0.6-1 NOTE
r-release-osx-x86_64-snowleopard 0.6-1 OK
r-release-windows-ix86+x86_64 0.6-1 7.00 50.00 57.00 NOTE
r-oldrel-windows-ix86+x86_64 0.6-1 5.00 51.00 56.00 NOTE

Check Details

Version: 0.6-1
Check: dependencies in R code
Result: NOTE
    'library' or 'require' call to ‘xtable’ in package code.
     Please use :: or requireNamespace() instead.
     See section 'Suggested packages' in the 'Writing R Extensions' manual.
Flavors: r-devel-linux-x86_64-debian-clang, r-devel-linux-x86_64-debian-gcc, r-devel-linux-x86_64-fedora-clang, r-devel-linux-x86_64-fedora-gcc, r-devel-osx-x86_64-clang, r-devel-windows-ix86+x86_64, r-patched-linux-x86_64, r-patched-solaris-sparc, r-patched-solaris-x86

Version: 0.6-1
Check: R code for possible problems
Result: NOTE
    ModelMats: no visible global function definition for ‘splineDesign’
    dynCJM.coxph: no visible global function definition for ‘coxph’
    fitted.JMbayes: no visible global function definition for
     ‘splineDesign’
    hMats: no visible global function definition for ‘splineDesign’
    initSurvival: no visible global function definition for ‘coxph’
    jointModelBayes: no visible global function definition for ‘pdMatrix’
    jointModelBayes: no visible global function definition for
     ‘splineDesign’
    jointModelBayes: no visible global function definition for ‘getVarCov’
    survPriors: no visible global function definition for ‘survreg’
    survivalFun : ff: no visible global function definition for
     ‘splineDesign’
Flavors: r-devel-linux-x86_64-debian-clang, r-devel-linux-x86_64-debian-gcc, r-devel-linux-x86_64-fedora-clang, r-devel-linux-x86_64-fedora-gcc, r-devel-osx-x86_64-clang, r-devel-windows-ix86+x86_64, r-patched-linux-x86_64, r-patched-solaris-sparc, r-patched-solaris-x86, r-release-linux-ix86, r-release-linux-x86_64, r-release-osx-x86_64-mavericks, r-release-windows-ix86+x86_64

Version: 0.6-1
Check: R code for possible problems
Result: NOTE
    fastSumID2: no visible global function definition for 'anyNA'
Flavor: r-oldrel-windows-ix86+x86_64