CRAN Package Check Results for Package JOP

Last updated on 2015-05-05 21:46:41.

Flavor Version Tinstall Tcheck Ttotal Status Flags
r-devel-linux-x86_64-debian-clang 3.6 0.64 18.05 18.69 NOTE
r-devel-linux-x86_64-debian-gcc 3.6 0.63 17.67 18.30 NOTE
r-devel-linux-x86_64-fedora-clang 3.6 36.22 NOTE
r-devel-linux-x86_64-fedora-gcc 3.6 32.87 NOTE
r-devel-osx-x86_64-clang 3.6 36.78 NOTE
r-devel-windows-ix86+x86_64 3.6 2.00 31.00 33.00 NOTE
r-patched-linux-x86_64 3.6 0.76 17.46 18.22 NOTE
r-patched-solaris-sparc 3.6 239.30 NOTE
r-patched-solaris-x86 3.6 46.70 NOTE
r-release-linux-x86_64 3.6 0.63 17.54 18.17 NOTE
r-release-osx-x86_64-mavericks 3.6 NOTE
r-release-osx-x86_64-snowleopard 3.6 NOTE
r-release-windows-ix86+x86_64 3.6 3.00 39.00 42.00 NOTE
r-oldrel-windows-ix86+x86_64 3.6 5.00 50.00 55.00 NOTE

Check Details

Version: 3.6
Check: dependencies in R code
Result: NOTE
    Packages in Depends field not imported from:
     ‘Rsolnp’ ‘dglm’
     These packages need to be imported from (in the NAMESPACE file)
     for when this namespace is loaded but not attached.
Flavors: r-devel-linux-x86_64-debian-clang, r-devel-linux-x86_64-debian-gcc, r-devel-linux-x86_64-fedora-clang, r-devel-linux-x86_64-fedora-gcc, r-devel-osx-x86_64-clang, r-devel-windows-ix86+x86_64, r-patched-linux-x86_64, r-patched-solaris-sparc, r-patched-solaris-x86, r-release-linux-x86_64, r-release-osx-x86_64-mavericks, r-release-osx-x86_64-snowleopard, r-release-windows-ix86+x86_64, r-oldrel-windows-ix86+x86_64

Version: 3.6
Check: R code for possible problems
Result: NOTE
    JOP: no visible global function definition for ‘dglm’
    JOP: no visible global function definition for ‘gosolnp’
    JOP: no visible global function definition for ‘solnp’
Flavors: r-devel-linux-x86_64-debian-clang, r-devel-linux-x86_64-debian-gcc, r-devel-linux-x86_64-fedora-clang, r-devel-linux-x86_64-fedora-gcc, r-devel-osx-x86_64-clang, r-devel-windows-ix86+x86_64, r-patched-linux-x86_64, r-patched-solaris-sparc, r-patched-solaris-x86, r-release-linux-x86_64, r-release-osx-x86_64-mavericks, r-release-osx-x86_64-snowleopard, r-release-windows-ix86+x86_64, r-oldrel-windows-ix86+x86_64