CRAN Package Check Results for Package JOP

Last updated on 2014-04-18 09:49:20.

Flavor Version Tinstall Tcheck Ttotal Status Flags
r-devel-linux-x86_64-debian-clang 3.6 0.83 21.20 22.03 NOTE
r-devel-linux-x86_64-debian-gcc NOTE
r-devel-linux-x86_64-fedora-clang 3.6 41.21 NOTE
r-devel-linux-x86_64-fedora-gcc 3.6 39.55 NOTE
r-devel-macosx-x86_64-clang 3.6 41.02 NOTE
r-devel-macosx-x86_64-gcc 3.6 NOTE
r-devel-windows-ix86+x86_64 3.6 4.00 35.00 39.00 NOTE
r-patched-linux-x86_64 3.6 0.76 21.18 21.94 NOTE
r-patched-solaris-sparc 3.6 231.50 NOTE
r-patched-solaris-x86 3.6 52.10 NOTE
r-release-linux-ix86 3.6 3.00 37.00 40.00 NOTE
r-release-linux-x86_64 3.6 0.74 20.78 21.52 NOTE
r-release-macosx-x86_64 3.6 OK
r-release-windows-ix86+x86_64 3.6 4.00 44.00 48.00 NOTE
r-oldrel-windows-ix86+x86_64 3.6 4.00 36.00 40.00 NOTE

Check Details

Version: 3.6
Check: dependencies in R code
Result: NOTE
    Packages in Depends field not imported from:
     ‘Rsolnp’ ‘dglm’
     These packages need to be imported from (in the NAMESPACE file)
     for when this namespace is loaded but not attached.
    See the information on DESCRIPTION files in the chapter ‘Creating R
    packages’ of the ‘Writing R Extensions’ manual.
Flavors: r-devel-linux-x86_64-debian-clang, r-devel-linux-x86_64-debian-gcc, r-devel-linux-x86_64-fedora-clang, r-devel-linux-x86_64-fedora-gcc, r-devel-macosx-x86_64-clang, r-devel-macosx-x86_64-gcc, r-devel-windows-ix86+x86_64, r-patched-linux-x86_64, r-patched-solaris-sparc, r-patched-solaris-x86, r-release-linux-ix86, r-release-linux-x86_64, r-release-windows-ix86+x86_64, r-oldrel-windows-ix86+x86_64