CRAN Package Check Results for Package JOP

Last updated on 2015-01-30 08:51:27.

Flavor Version Tinstall Tcheck Ttotal Status Flags
r-devel-linux-x86_64-debian-clang 3.6 0.69 18.32 19.00 NOTE
r-devel-linux-x86_64-debian-gcc 3.6 0.75 18.08 18.83 NOTE
r-devel-linux-x86_64-fedora-clang 3.6 38.98 NOTE
r-devel-linux-x86_64-fedora-gcc 3.6 35.80 NOTE
r-devel-osx-x86_64-clang 3.6 41.02 NOTE
r-devel-windows-ix86+x86_64 3.6 4.00 31.00 35.00 NOTE
r-patched-linux-x86_64 3.6 0.75 20.98 21.72 NOTE
r-patched-solaris-sparc 3.6 248.50 NOTE
r-patched-solaris-x86 3.6 54.30 NOTE
r-release-linux-ix86 3.6 1.02 26.52 27.54 NOTE
r-release-linux-x86_64 3.6 0.74 20.26 21.00 NOTE
r-release-osx-x86_64-mavericks 3.6 NOTE
r-release-osx-x86_64-snowleopard 3.6 OK
r-release-windows-ix86+x86_64 3.6 3.00 38.00 41.00 NOTE
r-oldrel-windows-ix86+x86_64 3.6 4.00 36.00 40.00 NOTE

Check Details

Version: 3.6
Check: dependencies in R code
Result: NOTE
    Packages in Depends field not imported from:
     ‘Rsolnp’ ‘dglm’
     These packages need to be imported from (in the NAMESPACE file)
     for when this namespace is loaded but not attached.
Flavors: r-devel-linux-x86_64-debian-clang, r-devel-linux-x86_64-debian-gcc, r-devel-linux-x86_64-fedora-clang, r-devel-linux-x86_64-fedora-gcc, r-devel-osx-x86_64-clang, r-devel-windows-ix86+x86_64

Version: 3.6
Check: R code for possible problems
Result: NOTE
    JOP: no visible global function definition for ‘dglm’
    JOP: no visible global function definition for ‘gosolnp’
    JOP: no visible global function definition for ‘solnp’
Flavors: r-devel-linux-x86_64-debian-clang, r-devel-linux-x86_64-debian-gcc, r-devel-linux-x86_64-fedora-clang, r-devel-linux-x86_64-fedora-gcc, r-devel-osx-x86_64-clang, r-devel-windows-ix86+x86_64, r-patched-linux-x86_64, r-patched-solaris-sparc, r-patched-solaris-x86, r-release-linux-ix86, r-release-linux-x86_64, r-release-osx-x86_64-mavericks, r-release-windows-ix86+x86_64

Version: 3.6
Check: dependencies in R code
Result: NOTE
    Packages in Depends field not imported from:
     ‘Rsolnp’ ‘dglm’
     These packages need to be imported from (in the NAMESPACE file)
     for when this namespace is loaded but not attached.
    See the information on DESCRIPTION files in the chapter ‘Creating R
    packages’ of the ‘Writing R Extensions’ manual.
Flavors: r-patched-linux-x86_64, r-patched-solaris-sparc, r-patched-solaris-x86, r-release-linux-ix86, r-release-linux-x86_64, r-release-osx-x86_64-mavericks, r-release-windows-ix86+x86_64, r-oldrel-windows-ix86+x86_64