CRAN Package Check Results for Package JOP

Last updated on 2015-03-01 03:48:37.

Flavor Version Tinstall Tcheck Ttotal Status Flags
r-devel-linux-x86_64-debian-clang 3.6 0.62 17.86 18.48 NOTE
r-devel-linux-x86_64-debian-gcc 3.6 0.64 17.52 18.16 NOTE
r-devel-linux-x86_64-fedora-clang 3.6 37.22 NOTE
r-devel-linux-x86_64-fedora-gcc 3.6 32.71 NOTE
r-devel-osx-x86_64-clang 3.6 37.54 NOTE
r-devel-windows-ix86+x86_64 3.6 5.00 30.00 35.00 NOTE
r-patched-linux-x86_64 3.6 1.14 20.98 22.12 NOTE
r-patched-solaris-sparc 3.6 248.50 NOTE
r-patched-solaris-x86 3.6 54.00 NOTE
r-release-linux-ix86 3.6 1.09 29.48 30.57 NOTE
r-release-linux-x86_64 3.6 0.85 20.44 21.28 NOTE
r-release-osx-x86_64-mavericks 3.6 NOTE
r-release-osx-x86_64-snowleopard 3.6 OK
r-release-windows-ix86+x86_64 3.6 5.00 38.00 43.00 NOTE
r-oldrel-windows-ix86+x86_64 3.6 5.00 60.00 65.00 NOTE

Check Details

Version: 3.6
Check: dependencies in R code
Result: NOTE
    Packages in Depends field not imported from:
     ‘Rsolnp’ ‘dglm’
     These packages need to be imported from (in the NAMESPACE file)
     for when this namespace is loaded but not attached.
Flavors: r-devel-linux-x86_64-debian-clang, r-devel-linux-x86_64-debian-gcc, r-devel-linux-x86_64-fedora-clang, r-devel-linux-x86_64-fedora-gcc, r-devel-osx-x86_64-clang, r-devel-windows-ix86+x86_64, r-patched-linux-x86_64, r-patched-solaris-x86

Version: 3.6
Check: R code for possible problems
Result: NOTE
    JOP: no visible global function definition for ‘dglm’
    JOP: no visible global function definition for ‘gosolnp’
    JOP: no visible global function definition for ‘solnp’
Flavors: r-devel-linux-x86_64-debian-clang, r-devel-linux-x86_64-debian-gcc, r-devel-linux-x86_64-fedora-clang, r-devel-linux-x86_64-fedora-gcc, r-devel-osx-x86_64-clang, r-devel-windows-ix86+x86_64, r-patched-linux-x86_64, r-patched-solaris-sparc, r-patched-solaris-x86, r-release-linux-ix86, r-release-linux-x86_64, r-release-osx-x86_64-mavericks, r-release-windows-ix86+x86_64

Version: 3.6
Check: dependencies in R code
Result: NOTE
    Packages in Depends field not imported from:
     ‘Rsolnp’ ‘dglm’
     These packages need to be imported from (in the NAMESPACE file)
     for when this namespace is loaded but not attached.
    See the information on DESCRIPTION files in the chapter ‘Creating R
    packages’ of the ‘Writing R Extensions’ manual.
Flavors: r-patched-solaris-sparc, r-release-linux-ix86, r-release-linux-x86_64, r-release-osx-x86_64-mavericks, r-release-windows-ix86+x86_64, r-oldrel-windows-ix86+x86_64