CRAN Package Check Results for Package JOP

Last updated on 2015-07-05 22:47:31.

Flavor Version Tinstall Tcheck Ttotal Status Flags
r-devel-linux-x86_64-debian-clang 3.6 0.60 16.50 17.11 NOTE
r-devel-linux-x86_64-debian-gcc 3.6 0.60 16.27 16.87 NOTE
r-devel-linux-x86_64-fedora-clang 3.6 32.86 NOTE
r-devel-linux-x86_64-fedora-gcc 3.6 30.80 NOTE
r-devel-osx-x86_64-clang 3.6 33.49 NOTE
r-devel-windows-ix86+x86_64 3.6 5.00 46.00 51.00 NOTE
r-patched-linux-x86_64 3.6 0.62 17.55 18.18 NOTE
r-patched-solaris-sparc 3.6 209.80 NOTE
r-patched-solaris-x86 3.6 47.40 NOTE
r-release-linux-x86_64 3.6 0.74 17.67 18.42 NOTE
r-release-osx-x86_64-mavericks 3.6 NOTE
r-release-windows-ix86+x86_64 3.6 6.00 47.00 53.00 NOTE
r-oldrel-windows-ix86+x86_64 3.6 6.00 38.00 44.00 NOTE

Check Details

Version: 3.6
Check: dependencies in R code
Result: NOTE
    Packages in Depends field not imported from:
     ‘Rsolnp’ ‘dglm’
     These packages need to be imported from (in the NAMESPACE file)
     for when this namespace is loaded but not attached.
Flavors: r-devel-linux-x86_64-debian-clang, r-devel-linux-x86_64-debian-gcc, r-devel-linux-x86_64-fedora-clang, r-devel-linux-x86_64-fedora-gcc, r-devel-osx-x86_64-clang, r-devel-windows-ix86+x86_64, r-patched-linux-x86_64, r-patched-solaris-sparc, r-patched-solaris-x86, r-release-linux-x86_64, r-release-osx-x86_64-mavericks, r-release-windows-ix86+x86_64, r-oldrel-windows-ix86+x86_64

Version: 3.6
Check: R code for possible problems
Result: NOTE
    JOP: Error while checking: invalid ‘envir’ argument
    locate: no visible global function definition for ‘gray’
    locate: no visible global function definition for ‘flush.console’
    locate: no visible global function definition for ‘plot’
    locate: no visible global function definition for ‘locator’
    locate: no visible global function definition for ‘par’
    locate: no visible global function definition for ‘matplot’
    locate: no visible global function definition for ‘mtext’
    locate: no visible global function definition for ‘axis’
    locate: no visible global function definition for ‘abline’
    locate: no visible global function definition for ‘points’
    locate: no visible global function definition for ‘legend’
    locate: no visible global function definition for ‘polygon’
    locate: no visible global function definition for ‘rgb’
    locate: no visible global function definition for ‘col2rgb’
    locate: no visible global function definition for ‘lines’
    plot.JOP: no visible global function definition for ‘gray’
    plot.JOP: no visible global function definition for ‘par’
    plot.JOP: no visible global function definition for ‘matplot’
    plot.JOP: no visible global function definition for ‘mtext’
    plot.JOP: no visible global function definition for ‘axis’
    plot.JOP: no visible global function definition for ‘legend’
    plot.JOP: no visible global function definition for ‘polygon’
    plot.JOP: no visible global function definition for ‘rgb’
    plot.JOP: no visible global function definition for ‘col2rgb’
    plot.JOP: no visible global function definition for ‘lines’
    Undefined global functions or variables:
     abline axis col2rgb flush.console gray legend lines locator matplot
     mtext par plot points polygon rgb
Flavors: r-devel-linux-x86_64-debian-clang, r-devel-linux-x86_64-debian-gcc, r-devel-linux-x86_64-fedora-clang, r-devel-linux-x86_64-fedora-gcc

Version: 3.6
Check: R code for possible problems
Result: NOTE
    JOP: no visible global function definition for ‘dglm’
    JOP: no visible global function definition for ‘gosolnp’
    JOP: no visible global function definition for ‘solnp’
    Undefined global functions or variables:
     dglm gosolnp solnp
Flavor: r-devel-osx-x86_64-clang

Version: 3.6
Check: R code for possible problems
Result: NOTE
    JOP: no visible global function definition for 'gaussian'
    JOP: no visible global function definition for 'as.formula'
    JOP: no visible global function definition for 'capture.output'
    JOP: no visible global function definition for 'dglm'
    JOP: no visible global function definition for 'formula'
    JOP: no visible global function definition for 'update.formula'
    JOP: no visible global function definition for 'gosolnp'
    JOP: no visible global function definition for 'txtProgressBar'
    JOP: no visible global function definition for 'solnp'
    JOP: no visible global function definition for 'setTxtProgressBar'
    JOP: no visible global function definition for 'plot'
    locate: no visible global function definition for 'gray'
    locate: no visible global function definition for 'flush.console'
    locate: no visible global function definition for 'plot'
    locate: no visible global function definition for 'locator'
    locate: no visible global function definition for 'par'
    locate: no visible global function definition for 'matplot'
    locate: no visible global function definition for 'mtext'
    locate: no visible global function definition for 'axis'
    locate: no visible global function definition for 'abline'
    locate: no visible global function definition for 'points'
    locate: no visible global function definition for 'legend'
    locate: no visible global function definition for 'polygon'
    locate: no visible global function definition for 'rgb'
    locate: no visible global function definition for 'col2rgb'
    locate: no visible global function definition for 'lines'
    plot.JOP: no visible global function definition for 'gray'
    plot.JOP: no visible global function definition for 'par'
    plot.JOP: no visible global function definition for 'matplot'
    plot.JOP: no visible global function definition for 'mtext'
    plot.JOP: no visible global function definition for 'axis'
    plot.JOP: no visible global function definition for 'legend'
    plot.JOP: no visible global function definition for 'polygon'
    plot.JOP: no visible global function definition for 'rgb'
    plot.JOP: no visible global function definition for 'col2rgb'
    plot.JOP: no visible global function definition for 'lines'
    Undefined global functions or variables:
     abline as.formula axis capture.output col2rgb dglm flush.console
     formula gaussian gosolnp gray legend lines locator matplot mtext par
     plot points polygon rgb setTxtProgressBar solnp txtProgressBar
     update.formula
Flavor: r-devel-windows-ix86+x86_64

Version: 3.6
Check: R code for possible problems
Result: NOTE
    JOP: no visible global function definition for ‘dglm’
    JOP: no visible global function definition for ‘gosolnp’
    JOP: no visible global function definition for ‘solnp’
Flavors: r-patched-linux-x86_64, r-patched-solaris-sparc, r-patched-solaris-x86, r-release-linux-x86_64, r-release-osx-x86_64-mavericks, r-release-windows-ix86+x86_64, r-oldrel-windows-ix86+x86_64