CRAN Package Check Results for Package JOP

Last updated on 2014-09-02 18:49:29.

Flavor Version Tinstall Tcheck Ttotal Status Flags
r-devel-linux-x86_64-debian-clang 3.6 0.63 19.00 19.63 NOTE
r-devel-linux-x86_64-debian-gcc 3.6 0.66 18.54 19.19 NOTE
r-devel-linux-x86_64-fedora-clang 3.6 39.57 NOTE
r-devel-linux-x86_64-fedora-gcc 3.6 37.53 NOTE
r-devel-osx-x86_64-clang 3.6 36.87 NOTE
r-devel-windows-ix86+x86_64 3.6 3.00 33.00 36.00 NOTE
r-patched-linux-x86_64 3.6 0.70 20.02 20.72 NOTE
r-patched-solaris-sparc 3.6 231.30 NOTE
r-patched-solaris-x86 3.6 51.10 NOTE
r-release-linux-ix86 3.6 1.13 27.18 28.31 NOTE
r-release-linux-x86_64 3.6 0.72 20.14 20.86 NOTE
r-release-osx-x86_64-mavericks 3.6 NOTE
r-release-osx-x86_64-snowleopard 3.6 OK
r-release-windows-ix86+x86_64 3.6 4.00 36.00 40.00 NOTE
r-oldrel-windows-ix86+x86_64 3.6 5.00 37.00 42.00 NOTE

Check Details

Version: 3.6
Check: dependencies in R code
Result: NOTE
    Packages in Depends field not imported from:
     ‘Rsolnp’ ‘dglm’
     These packages need to be imported from (in the NAMESPACE file)
     for when this namespace is loaded but not attached.
    See the information on DESCRIPTION files in the chapter ‘Creating R
    packages’ of the ‘Writing R Extensions’ manual.
Flavors: r-devel-linux-x86_64-debian-clang, r-devel-linux-x86_64-debian-gcc, r-devel-linux-x86_64-fedora-clang, r-devel-linux-x86_64-fedora-gcc, r-devel-osx-x86_64-clang, r-devel-windows-ix86+x86_64, r-patched-linux-x86_64, r-patched-solaris-sparc, r-patched-solaris-x86, r-release-linux-ix86, r-release-linux-x86_64, r-release-osx-x86_64-mavericks, r-release-windows-ix86+x86_64, r-oldrel-windows-ix86+x86_64

Version: 3.6
Check: R code for possible problems
Result: NOTE
    JOP: no visible global function definition for ‘dglm’
    JOP: no visible global function definition for ‘gosolnp’
    JOP: no visible global function definition for ‘solnp’
Flavors: r-devel-linux-x86_64-debian-clang, r-devel-linux-x86_64-debian-gcc, r-devel-linux-x86_64-fedora-clang, r-devel-linux-x86_64-fedora-gcc, r-devel-osx-x86_64-clang, r-devel-windows-ix86+x86_64