CRAN Package Check Results for Package JOP

Last updated on 2014-07-23 15:47:46.

Flavor Version Tinstall Tcheck Ttotal Status Flags
r-devel-linux-x86_64-debian-clang 3.6 0.64 20.11 20.76 NOTE
r-devel-linux-x86_64-debian-gcc 3.6 0.64 20.48 21.12 NOTE
r-devel-linux-x86_64-fedora-clang 3.6 42.03 NOTE
r-devel-linux-x86_64-fedora-gcc 3.6 40.28 NOTE
r-devel-osx-x86_64-clang 3.6 39.57 NOTE
r-devel-windows-ix86+x86_64 3.6 3.00 33.00 36.00 NOTE
r-patched-linux-x86_64 3.6 0.74 19.66 20.39 NOTE
r-patched-solaris-sparc 3.6 231.50 NOTE
r-patched-solaris-x86 3.6 50.60 NOTE
r-release-linux-ix86 3.6 1.04 26.94 27.97 NOTE
r-release-linux-x86_64 3.6 0.77 20.20 20.97 NOTE
r-release-osx-x86_64-mavericks 3.6 NOTE
r-release-osx-x86_64-snowleopard 3.6 OK
r-release-windows-ix86+x86_64 3.6 3.00 34.00 37.00 NOTE
r-oldrel-windows-ix86+x86_64 3.6 4.00 34.00 38.00 NOTE

Check Details

Version: 3.6
Check: dependencies in R code
Result: NOTE
    Packages in Depends field not imported from:
     ‘Rsolnp’ ‘dglm’
     These packages need to be imported from (in the NAMESPACE file)
     for when this namespace is loaded but not attached.
    See the information on DESCRIPTION files in the chapter ‘Creating R
    packages’ of the ‘Writing R Extensions’ manual.
Flavors: r-devel-linux-x86_64-debian-clang, r-devel-linux-x86_64-debian-gcc, r-devel-linux-x86_64-fedora-clang, r-devel-linux-x86_64-fedora-gcc, r-devel-osx-x86_64-clang, r-devel-windows-ix86+x86_64, r-patched-linux-x86_64, r-patched-solaris-sparc, r-patched-solaris-x86, r-release-linux-ix86, r-release-linux-x86_64, r-release-osx-x86_64-mavericks, r-release-windows-ix86+x86_64, r-oldrel-windows-ix86+x86_64