CRAN Package Check Results for Package JOP

Last updated on 2014-10-23 21:46:39.

Flavor Version Tinstall Tcheck Ttotal Status Flags
r-devel-linux-x86_64-debian-clang 3.6 0.71 19.89 20.60 NOTE
r-devel-linux-x86_64-debian-gcc 3.6 0.69 19.60 20.29 NOTE
r-devel-linux-x86_64-fedora-clang 3.6 41.85 NOTE
r-devel-linux-x86_64-fedora-gcc 3.6 38.01 NOTE
r-devel-osx-x86_64-clang 3.6 40.89 NOTE
r-devel-windows-ix86+x86_64 3.6 3.00 36.00 39.00 NOTE
r-patched-linux-x86_64 3.6 0.73 20.39 21.12 NOTE
r-patched-solaris-sparc 3.6 231.70 NOTE
r-patched-solaris-x86 3.6 52.60 NOTE
r-release-linux-ix86 3.6 1.09 27.44 28.54 NOTE
r-release-linux-x86_64 3.6 0.72 20.62 21.34 NOTE
r-release-osx-x86_64-mavericks 3.6 NOTE
r-release-osx-x86_64-snowleopard 3.6 OK
r-release-windows-ix86+x86_64 3.6 3.00 35.00 38.00 NOTE
r-oldrel-windows-ix86+x86_64 3.6 4.00 36.00 40.00 NOTE

Check Details

Version: 3.6
Check: dependencies in R code
Result: NOTE
    Packages in Depends field not imported from:
     ‘Rsolnp’ ‘dglm’
     These packages need to be imported from (in the NAMESPACE file)
     for when this namespace is loaded but not attached.
    See the information on DESCRIPTION files in the chapter ‘Creating R
    packages’ of the ‘Writing R Extensions’ manual.
Flavors: r-devel-linux-x86_64-debian-clang, r-devel-linux-x86_64-debian-gcc, r-devel-linux-x86_64-fedora-clang, r-devel-linux-x86_64-fedora-gcc, r-devel-osx-x86_64-clang, r-devel-windows-ix86+x86_64, r-patched-linux-x86_64, r-patched-solaris-sparc, r-patched-solaris-x86, r-release-linux-ix86, r-release-linux-x86_64, r-release-osx-x86_64-mavericks, r-release-windows-ix86+x86_64, r-oldrel-windows-ix86+x86_64

Version: 3.6
Check: R code for possible problems
Result: NOTE
    JOP: no visible global function definition for ‘dglm’
    JOP: no visible global function definition for ‘gosolnp’
    JOP: no visible global function definition for ‘solnp’
Flavors: r-devel-linux-x86_64-debian-clang, r-devel-linux-x86_64-debian-gcc, r-devel-linux-x86_64-fedora-clang, r-devel-linux-x86_64-fedora-gcc, r-devel-osx-x86_64-clang, r-devel-windows-ix86+x86_64, r-patched-linux-x86_64, r-patched-solaris-sparc, r-patched-solaris-x86