CRAN Package Check Results for Package JOP

Last updated on 2014-12-21 09:51:29.

Flavor Version Tinstall Tcheck Ttotal Status Flags
r-devel-linux-x86_64-debian-clang 3.6 0.70 19.82 20.52 NOTE
r-devel-linux-x86_64-debian-gcc 3.6 0.69 19.62 20.30 NOTE
r-devel-linux-x86_64-fedora-clang 3.6 42.65 NOTE
r-devel-linux-x86_64-fedora-gcc 3.6 39.36 NOTE
r-devel-osx-x86_64-clang 3.6 40.36 NOTE
r-devel-windows-ix86+x86_64 3.6 4.00 35.00 39.00 NOTE
r-patched-linux-x86_64 3.6 0.75 20.32 21.06 NOTE
r-patched-solaris-sparc 3.6 231.70 NOTE
r-patched-solaris-x86 3.6 53.30 NOTE
r-release-linux-ix86 3.6 1.04 26.50 27.54 NOTE
r-release-linux-x86_64 3.6 0.73 21.03 21.76 NOTE
r-release-osx-x86_64-mavericks 3.6 NOTE
r-release-osx-x86_64-snowleopard 3.6 OK
r-release-windows-ix86+x86_64 3.6 4.00 38.00 42.00 NOTE
r-oldrel-windows-ix86+x86_64 3.6 4.00 36.00 40.00 NOTE

Check Details

Version: 3.6
Check: dependencies in R code
Result: NOTE
    Packages in Depends field not imported from:
     ‘Rsolnp’ ‘dglm’
     These packages need to be imported from (in the NAMESPACE file)
     for when this namespace is loaded but not attached.
    See the information on DESCRIPTION files in the chapter ‘Creating R
    packages’ of the ‘Writing R Extensions’ manual.
Flavors: r-devel-linux-x86_64-debian-clang, r-devel-linux-x86_64-debian-gcc, r-devel-linux-x86_64-fedora-clang, r-devel-linux-x86_64-fedora-gcc, r-devel-osx-x86_64-clang, r-devel-windows-ix86+x86_64, r-patched-linux-x86_64, r-patched-solaris-sparc, r-patched-solaris-x86, r-release-linux-ix86, r-release-linux-x86_64, r-release-osx-x86_64-mavericks, r-release-windows-ix86+x86_64, r-oldrel-windows-ix86+x86_64

Version: 3.6
Check: R code for possible problems
Result: NOTE
    JOP: no visible global function definition for ‘dglm’
    JOP: no visible global function definition for ‘gosolnp’
    JOP: no visible global function definition for ‘solnp’
Flavors: r-devel-linux-x86_64-debian-clang, r-devel-linux-x86_64-debian-gcc, r-devel-linux-x86_64-fedora-clang, r-devel-linux-x86_64-fedora-gcc, r-devel-osx-x86_64-clang, r-devel-windows-ix86+x86_64, r-patched-linux-x86_64, r-patched-solaris-sparc, r-patched-solaris-x86, r-release-linux-ix86, r-release-linux-x86_64, r-release-windows-ix86+x86_64