Last updated on 2023-04-01 04:56:20 CEST.
Flavor | Version | Tinstall | Tcheck | Ttotal | Status | Flags |
---|---|---|---|---|---|---|
r-devel-linux-x86_64-debian-clang | 2.1.0 | 23.07 | 57.23 | 80.30 | OK | |
r-devel-linux-x86_64-debian-gcc | 2.1.0 | 17.15 | 45.71 | 62.86 | OK | |
r-devel-linux-x86_64-fedora-clang | 2.1.0 | 106.70 | NOTE | |||
r-devel-linux-x86_64-fedora-gcc | 2.1.0 | 115.60 | NOTE | |||
r-devel-windows-x86_64 | 2.1.0 | 44.00 | 146.00 | 190.00 | OK | |
r-patched-linux-x86_64 | 2.1.0 | 15.60 | 56.34 | 71.94 | OK | |
r-release-linux-x86_64 | 2.1.0 | 17.39 | 55.86 | 73.25 | OK | |
r-release-macos-arm64 | 2.1.0 | 45.00 | NOTE | |||
r-release-macos-x86_64 | 2.1.0 | 49.00 | NOTE | |||
r-release-windows-x86_64 | 2.1.0 | 38.00 | 140.00 | 178.00 | OK | |
r-oldrel-macos-arm64 | 2.1.0 | 66.00 | NOTE | |||
r-oldrel-macos-x86_64 | 2.1.0 | 72.00 | NOTE | |||
r-oldrel-windows-ix86+x86_64 | 2.1.0 | 47.00 | 123.00 | 170.00 | OK |
Version: 2.1.0
Check: dependencies in R code
Result: NOTE
Namespace in Imports field not imported from: ‘doParallel’
All declared Imports should be used.
Flavors: r-devel-linux-x86_64-fedora-clang, r-devel-linux-x86_64-fedora-gcc, r-release-macos-arm64, r-release-macos-x86_64, r-oldrel-macos-arm64, r-oldrel-macos-x86_64