CRAN Package Check Results for Package JPSurv

Last updated on 2014-08-21 07:49:14.

Flavor Version Tinstall Tcheck Ttotal Status Flags
r-devel-linux-x86_64-debian-clang 1.0.1 0.60 13.08 13.68 OK
r-devel-linux-x86_64-debian-gcc 1.0.1 0.50 12.81 13.31 OK
r-devel-linux-x86_64-fedora-clang 1.0.1 28.90 NOTE
r-devel-linux-x86_64-fedora-gcc 1.0.1 25.76 NOTE
r-devel-osx-x86_64-clang 1.0.1 27.73 OK
r-devel-windows-ix86+x86_64 1.0.1 2.00 23.00 25.00 OK
r-patched-linux-x86_64 1.0.1 0.50 13.01 13.51 OK
r-patched-solaris-sparc 1.0.1 154.70 OK
r-patched-solaris-x86 1.0.1 37.60 OK
r-release-linux-ix86 1.0.1 0.87 19.13 20.00 OK
r-release-linux-x86_64 1.0.1 0.52 13.30 13.82 OK
r-release-osx-x86_64-mavericks 1.0.1 OK
r-release-windows-ix86+x86_64 1.0.1 3.00 23.00 26.00 OK
r-oldrel-windows-ix86+x86_64 1.0.1 2.00 26.00 28.00 OK

Check Details

Version: 1.0.1
Check: Rd line widths
Result: NOTE
    Rd file 'aapc.Rd':
     \examples lines wider than 100 characters:
     # Fit the survival join point model with zero join points, i.e., fit the proportional hazard relative survival model.
    
    Rd file 'joinpoint.Rd':
     \examples lines wider than 100 characters:
     # Fit the survival join point model with zero join points, i.e., fit the proportional hazard relative survival model.
     fit2 = joinpoint(~Year, data=prostate, Site_and_age_for_total_stage == 18 & Sex == 1, numJPoints = 0);
    
    These lines will be truncated in the PDF manual.
Flavors: r-devel-linux-x86_64-fedora-clang, r-devel-linux-x86_64-fedora-gcc