CRAN Package Check Results for Package JPSurv

Last updated on 2014-10-23 05:46:44.

Flavor Version Tinstall Tcheck Ttotal Status Flags
r-devel-linux-x86_64-debian-clang 1.0.1 0.58 13.32 13.90 NOTE
r-devel-linux-x86_64-debian-gcc 1.0.1 0.65 13.10 13.75 NOTE
r-devel-linux-x86_64-fedora-clang 1.0.1 28.98 NOTE
r-devel-linux-x86_64-fedora-gcc 1.0.1 25.59 NOTE
r-devel-osx-x86_64-clang 1.0.1 29.99 OK
r-devel-windows-ix86+x86_64 1.0.1 2.00 21.00 23.00 OK
r-patched-linux-x86_64 1.0.1 0.59 13.85 14.44 NOTE
r-patched-solaris-sparc 1.0.1 154.70 OK
r-patched-solaris-x86 1.0.1 39.00 OK
r-release-linux-ix86 1.0.1 0.87 19.45 20.32 OK
r-release-linux-x86_64 1.0.1 0.52 14.53 15.06 NOTE
r-release-osx-x86_64-mavericks 1.0.1 OK
r-release-windows-ix86+x86_64 1.0.1 3.00 23.00 26.00 OK
r-oldrel-windows-ix86+x86_64 1.0.1 2.00 26.00 28.00 OK

Check Details

Version: 1.0.1
Check: Rd line widths
Result: NOTE
    Rd file 'aapc.Rd':
     \examples lines wider than 100 characters:
     # Fit the survival join point model with zero join points, i.e., fit the proportional hazard relative survival model.
    
    Rd file 'joinpoint.Rd':
     \examples lines wider than 100 characters:
     # Fit the survival join point model with zero join points, i.e., fit the proportional hazard relative survival model.
     fit2 = joinpoint(~Year, data=prostate, Site_and_age_for_total_stage == 18 & Sex == 1, numJPoints = 0);
    
    These lines will be truncated in the PDF manual.
Flavors: r-devel-linux-x86_64-debian-clang, r-devel-linux-x86_64-debian-gcc, r-devel-linux-x86_64-fedora-clang, r-devel-linux-x86_64-fedora-gcc, r-patched-linux-x86_64, r-release-linux-x86_64