CRAN Package Check Results for Package JPSurv

Last updated on 2014-11-26 03:47:58.

Flavor Version Tinstall Tcheck Ttotal Status Flags
r-devel-linux-x86_64-debian-clang 1.0.1 0.56 13.11 13.67 NOTE
r-devel-linux-x86_64-debian-gcc 1.0.1 0.56 13.99 14.55 NOTE
r-devel-linux-x86_64-fedora-clang 1.0.1 29.61 NOTE
r-devel-linux-x86_64-fedora-gcc 1.0.1 27.39 NOTE
r-devel-osx-x86_64-clang 1.0.1 30.18 OK
r-devel-windows-ix86+x86_64 1.0.1 2.00 21.00 23.00 OK
r-patched-linux-x86_64 1.0.1 0.58 14.08 14.66 NOTE
r-patched-solaris-sparc 1.0.1 154.70 OK
r-patched-solaris-x86 1.0.1 38.50 OK
r-release-linux-ix86 1.0.1 0.84 19.07 19.91 OK
r-release-linux-x86_64 1.0.1 0.57 13.65 14.22 NOTE
r-release-osx-x86_64-mavericks 1.0.1 OK
r-release-windows-ix86+x86_64 1.0.1 2.00 24.00 26.00 OK
r-oldrel-windows-ix86+x86_64 1.0.1 2.00 26.00 28.00 OK

Check Details

Version: 1.0.1
Check: Rd line widths
Result: NOTE
    Rd file 'aapc.Rd':
     \examples lines wider than 100 characters:
     # Fit the survival join point model with zero join points, i.e., fit the proportional hazard relative survival model.
    
    Rd file 'joinpoint.Rd':
     \examples lines wider than 100 characters:
     # Fit the survival join point model with zero join points, i.e., fit the proportional hazard relative survival model.
     fit2 = joinpoint(~Year, data=prostate, Site_and_age_for_total_stage == 18 & Sex == 1, numJPoints = 0);
    
    These lines will be truncated in the PDF manual.
Flavors: r-devel-linux-x86_64-debian-clang, r-devel-linux-x86_64-debian-gcc, r-devel-linux-x86_64-fedora-clang, r-devel-linux-x86_64-fedora-gcc, r-patched-linux-x86_64, r-release-linux-x86_64