CRAN Package Check Results for Package JPSurv

Last updated on 2015-05-25 11:48:25.

Flavor Version Tinstall Tcheck Ttotal Status Flags
r-devel-linux-x86_64-debian-clang 1.0.1 0.56 13.49 14.06 NOTE
r-devel-linux-x86_64-debian-gcc 1.0.1 0.60 12.50 13.10 NOTE
r-devel-linux-x86_64-fedora-clang 1.0.1 25.08 NOTE
r-devel-linux-x86_64-fedora-gcc 1.0.1 24.15 NOTE
r-devel-osx-x86_64-clang 1.0.1 27.62 NOTE
r-devel-windows-ix86+x86_64 1.0.1 2.00 21.00 23.00 OK
r-patched-linux-x86_64 1.0.1 0.59 12.92 13.51 NOTE
r-patched-solaris-sparc 1.0.1 149.80 NOTE
r-patched-solaris-x86 1.0.1 35.50 NOTE
r-release-linux-x86_64 1.0.1 0.53 12.61 13.14 NOTE
r-release-osx-x86_64-mavericks 1.0.1 OK
r-release-osx-x86_64-snowleopard 1.0.1 OK
r-release-windows-ix86+x86_64 1.0.1 2.00 24.00 26.00 OK
r-oldrel-windows-ix86+x86_64 1.0.1 4.00 30.00 34.00 OK

Check Details

Version: 1.0.1
Check: S3 generic/method consistency
Result: NOTE
    Found the following apparent S3 methods exported but not registered:
     plot.joinpoint predict.joinpoint print.joinpoint summary.joinpoint
    See section ‘Registering S3 methods’ in the ‘Writing R Extensions’
    manual.
Flavors: r-devel-linux-x86_64-debian-clang, r-devel-linux-x86_64-debian-gcc, r-devel-linux-x86_64-fedora-clang, r-devel-linux-x86_64-fedora-gcc, r-devel-osx-x86_64-clang, r-patched-linux-x86_64, r-patched-solaris-sparc, r-patched-solaris-x86, r-release-linux-x86_64

Version: 1.0.1
Check: Rd line widths
Result: NOTE
    Rd file 'aapc.Rd':
     \examples lines wider than 100 characters:
     # Fit the survival join point model with zero join points, i.e., fit the proportional hazard relative survival model.
    
    Rd file 'joinpoint.Rd':
     \examples lines wider than 100 characters:
     # Fit the survival join point model with zero join points, i.e., fit the proportional hazard relative survival model.
     fit2 = joinpoint(~Year, data=prostate, Site_and_age_for_total_stage == 18 & Sex == 1, numJPoints = 0);
    
    These lines will be truncated in the PDF manual.
Flavors: r-devel-linux-x86_64-debian-clang, r-devel-linux-x86_64-debian-gcc, r-devel-linux-x86_64-fedora-clang, r-devel-linux-x86_64-fedora-gcc, r-patched-linux-x86_64, r-release-linux-x86_64