CRAN Package Check Results for Package JPSurv

Last updated on 2015-01-28 05:48:47.

Flavor Version Tinstall Tcheck Ttotal Status Flags
r-devel-linux-x86_64-debian-clang 1.0.1 0.54 12.88 13.43 NOTE
r-devel-linux-x86_64-debian-gcc 1.0.1 0.59 12.62 13.21 NOTE
r-devel-linux-x86_64-fedora-clang 1.0.1 28.94 NOTE
r-devel-linux-x86_64-fedora-gcc 1.0.1 28.75 NOTE
r-devel-osx-x86_64-clang 1.0.1 29.98 NOTE
r-devel-windows-ix86+x86_64 1.0.1 2.00 22.00 24.00 OK
r-patched-linux-x86_64 1.0.1 0.58 13.66 14.24 NOTE
r-patched-solaris-sparc 1.0.1 162.30 OK
r-patched-solaris-x86 1.0.1 39.00 OK
r-release-linux-ix86 1.0.1 0.83 19.03 19.86 OK
r-release-linux-x86_64 1.0.1 0.58 13.72 14.30 NOTE
r-release-osx-x86_64-mavericks 1.0.1 OK
r-release-windows-ix86+x86_64 1.0.1 2.00 24.00 26.00 OK
r-oldrel-windows-ix86+x86_64 1.0.1 2.00 26.00 28.00 OK

Check Details

Version: 1.0.1
Check: S3 generic/method consistency
Result: NOTE
    Found the following apparent S3 methods exported but not registered:
     print.joinpoint summary.joinpoint plot.joinpoint predict.joinpoint
    See section ‘Registering S3 methods’ in the ‘Writing R Extensions’
    manual.
Flavors: r-devel-linux-x86_64-debian-clang, r-devel-linux-x86_64-debian-gcc, r-devel-linux-x86_64-fedora-clang, r-devel-linux-x86_64-fedora-gcc, r-devel-osx-x86_64-clang

Version: 1.0.1
Check: Rd line widths
Result: NOTE
    Rd file 'aapc.Rd':
     \examples lines wider than 100 characters:
     # Fit the survival join point model with zero join points, i.e., fit the proportional hazard relative survival model.
    
    Rd file 'joinpoint.Rd':
     \examples lines wider than 100 characters:
     # Fit the survival join point model with zero join points, i.e., fit the proportional hazard relative survival model.
     fit2 = joinpoint(~Year, data=prostate, Site_and_age_for_total_stage == 18 & Sex == 1, numJPoints = 0);
    
    These lines will be truncated in the PDF manual.
Flavors: r-devel-linux-x86_64-debian-clang, r-devel-linux-x86_64-debian-gcc, r-devel-linux-x86_64-fedora-clang, r-devel-linux-x86_64-fedora-gcc, r-patched-linux-x86_64, r-release-linux-x86_64