CRAN Package Check Results for Package JPSurv

Last updated on 2015-08-04 16:48:32.

Flavor Version Tinstall Tcheck Ttotal Status Flags
r-devel-linux-x86_64-debian-clang 1.0.1 0.59 12.41 13.00 NOTE
r-devel-linux-x86_64-debian-gcc 1.0.1 0.48 11.84 12.32 NOTE
r-devel-linux-x86_64-fedora-clang 1.0.1 25.38 NOTE
r-devel-linux-x86_64-fedora-gcc 1.0.1 22.64 NOTE
r-devel-osx-x86_64-clang 1.0.1 24.34 NOTE
r-devel-windows-ix86+x86_64 1.0.1 3.00 20.00 23.00 NOTE
r-patched-linux-x86_64 1.0.1 0.55 12.11 12.66 NOTE
r-patched-solaris-sparc 1.0.1 163.10 NOTE
r-patched-solaris-x86 1.0.1 35.70 NOTE
r-release-linux-x86_64 1.0.1 0.52 12.30 12.81 NOTE
r-release-osx-x86_64-mavericks 1.0.1 OK
r-release-windows-ix86+x86_64 1.0.1 3.00 23.00 26.00 OK
r-oldrel-windows-ix86+x86_64 1.0.1 4.00 30.00 34.00 OK

Check Details

Version: 1.0.1
Check: S3 generic/method consistency
Result: NOTE
    Found the following apparent S3 methods exported but not registered:
     plot.joinpoint predict.joinpoint print.joinpoint summary.joinpoint
    See section ‘Registering S3 methods’ in the ‘Writing R Extensions’
    manual.
Flavors: r-devel-linux-x86_64-debian-clang, r-devel-linux-x86_64-debian-gcc, r-devel-linux-x86_64-fedora-clang, r-devel-linux-x86_64-fedora-gcc, r-devel-osx-x86_64-clang, r-patched-linux-x86_64, r-patched-solaris-sparc, r-patched-solaris-x86, r-release-linux-x86_64

Version: 1.0.1
Check: R code for possible problems
Result: NOTE
    CoxFit : GetEstimate: no visible global function definition for ‘lm’
    CoxFit : GetEstimate: no visible global function definition for ‘vcov’
    CoxModel_Year: no visible global function definition for ‘model.frame’
    CoxModel_Year: no visible global function definition for ‘model.matrix’
    joinpoint: no visible global function definition for ‘as.formula’
    joinpoint: no visible global function definition for ‘model.frame’
    joinpoint: no visible global function definition for ‘model.matrix’
    joinpoint : plot.surv: no visible global function definition for
     ‘predict’
    joinpoint : plot.surv: no visible global function definition for ‘plot’
    joinpoint : plot.surv: no visible global function definition for
     ‘lines’
    joinpoint : plot.surv: no visible global function definition for
     ‘legend’
    read.seerstat: no visible global function definition for ‘read.table’
    Undefined global functions or variables:
     as.formula legend lines lm model.frame model.matrix plot predict
     read.table vcov
    Consider adding
     importFrom("graphics", "legend", "lines", "plot")
     importFrom("stats", "as.formula", "lm", "model.frame", "model.matrix",
     "predict", "vcov")
     importFrom("utils", "read.table")
    to your NAMESPACE.
Flavors: r-devel-linux-x86_64-debian-clang, r-devel-linux-x86_64-debian-gcc, r-devel-linux-x86_64-fedora-clang, r-devel-linux-x86_64-fedora-gcc, r-devel-windows-ix86+x86_64

Version: 1.0.1
Check: Rd line widths
Result: NOTE
    Rd file 'aapc.Rd':
     \examples lines wider than 100 characters:
     # Fit the survival join point model with zero join points, i.e., fit the proportional hazard relative survival model.
    
    Rd file 'joinpoint.Rd':
     \examples lines wider than 100 characters:
     # Fit the survival join point model with zero join points, i.e., fit the proportional hazard relative survival model.
     fit2 = joinpoint(~Year, data=prostate, Site_and_age_for_total_stage == 18 & Sex == 1, numJPoints = 0);
    
    These lines will be truncated in the PDF manual.
Flavors: r-devel-linux-x86_64-debian-clang, r-devel-linux-x86_64-debian-gcc, r-devel-linux-x86_64-fedora-clang, r-devel-linux-x86_64-fedora-gcc, r-patched-linux-x86_64, r-release-linux-x86_64