CRAN Package Check Results for Package JPSurv

Last updated on 2015-03-03 03:48:57.

Flavor Version Tinstall Tcheck Ttotal Status Flags
r-devel-linux-x86_64-debian-clang 1.0.1 0.62 12.66 13.28 NOTE
r-devel-linux-x86_64-debian-gcc 1.0.1 0.51 12.80 13.31 NOTE
r-devel-linux-x86_64-fedora-clang 1.0.1 26.50 NOTE
r-devel-linux-x86_64-fedora-gcc 1.0.1 22.61 NOTE
r-devel-osx-x86_64-clang 1.0.1 29.03 NOTE
r-devel-windows-ix86+x86_64 1.0.1 5.00 21.00 26.00 OK
r-patched-linux-x86_64 1.0.1 0.66 14.35 15.01 NOTE
r-patched-solaris-sparc 1.0.1 162.30 OK
r-patched-solaris-x86 1.0.1 39.50 OK
r-release-linux-ix86 1.0.1 0.92 21.52 22.44 NOTE
r-release-linux-x86_64 1.0.1 0.71 13.86 14.57 NOTE
r-release-osx-x86_64-mavericks 1.0.1 OK
r-release-windows-ix86+x86_64 1.0.1 2.00 24.00 26.00 OK
r-oldrel-windows-ix86+x86_64 1.0.1 2.00 26.00 28.00 OK

Check Details

Version: 1.0.1
Check: S3 generic/method consistency
Result: NOTE
    Found the following apparent S3 methods exported but not registered:
     plot.joinpoint predict.joinpoint print.joinpoint summary.joinpoint
    See section ‘Registering S3 methods’ in the ‘Writing R Extensions’
    manual.
Flavors: r-devel-linux-x86_64-debian-clang, r-devel-linux-x86_64-debian-gcc, r-devel-linux-x86_64-fedora-clang, r-devel-linux-x86_64-fedora-gcc, r-devel-osx-x86_64-clang

Version: 1.0.1
Check: Rd line widths
Result: NOTE
    Rd file 'aapc.Rd':
     \examples lines wider than 100 characters:
     # Fit the survival join point model with zero join points, i.e., fit the proportional hazard relative survival model.
    
    Rd file 'joinpoint.Rd':
     \examples lines wider than 100 characters:
     # Fit the survival join point model with zero join points, i.e., fit the proportional hazard relative survival model.
     fit2 = joinpoint(~Year, data=prostate, Site_and_age_for_total_stage == 18 & Sex == 1, numJPoints = 0);
    
    These lines will be truncated in the PDF manual.
Flavors: r-devel-linux-x86_64-debian-clang, r-devel-linux-x86_64-debian-gcc, r-devel-linux-x86_64-fedora-clang, r-devel-linux-x86_64-fedora-gcc, r-patched-linux-x86_64, r-release-linux-ix86, r-release-linux-x86_64