CRAN Package Check Results for Package JSconsole

Last updated on 2023-02-07 07:54:05 CET.

Flavor Version Tinstall Tcheck Ttotal Status Flags
r-devel-linux-x86_64-debian-clang 0.1.0 3.23 27.75 30.98 NOTE
r-devel-linux-x86_64-debian-gcc 0.1.0 2.15 21.69 23.84 NOTE
r-devel-linux-x86_64-fedora-clang 0.1.0 39.52 NOTE
r-devel-linux-x86_64-fedora-gcc 0.1.0 37.69 NOTE
r-devel-windows-x86_64 0.1.0 8.00 51.00 59.00 NOTE
r-patched-linux-x86_64 0.1.0 1.97 27.73 29.70 NOTE
r-release-linux-x86_64 0.1.0 2.06 28.42 30.48 NOTE
r-release-macos-arm64 0.1.0 16.00 NOTE
r-release-macos-x86_64 0.1.0 22.00 NOTE
r-release-windows-x86_64 0.1.0 10.00 58.00 68.00 NOTE
r-oldrel-macos-arm64 0.1.0 18.00 NOTE
r-oldrel-macos-x86_64 0.1.0 28.00 NOTE
r-oldrel-windows-ix86+x86_64 0.1.0 10.00 65.00 75.00 NOTE

Check Details

Version: 0.1.0
Check: LazyData
Result: NOTE
     'LazyData' is specified without a 'data' directory
Flavors: r-devel-linux-x86_64-debian-clang, r-devel-linux-x86_64-debian-gcc, r-devel-linux-x86_64-fedora-clang, r-devel-linux-x86_64-fedora-gcc, r-devel-windows-x86_64, r-patched-linux-x86_64, r-release-linux-x86_64, r-release-macos-arm64, r-release-macos-x86_64, r-release-windows-x86_64, r-oldrel-macos-arm64, r-oldrel-macos-x86_64, r-oldrel-windows-ix86+x86_64