Last updated on 2025-01-14 02:48:27 CET.
Flavor | Version | Tinstall | Tcheck | Ttotal | Status | Flags |
---|---|---|---|---|---|---|
r-devel-linux-x86_64-debian-clang | 1.4.1 | 21.98 | 232.01 | 253.99 | NOTE | |
r-devel-linux-x86_64-debian-gcc | 1.4.1 | 17.34 | 161.10 | 178.44 | NOTE | |
r-devel-linux-x86_64-fedora-clang | 1.4.1 | 415.14 | OK | |||
r-devel-linux-x86_64-fedora-gcc | 1.4.1 | 395.58 | OK | |||
r-devel-windows-x86_64 | 1.4.1 | 24.00 | 229.00 | 253.00 | NOTE | |
r-patched-linux-x86_64 | 1.4.1 | 30.56 | 214.67 | 245.23 | OK | |
r-release-linux-x86_64 | 1.4.1 | 21.25 | 214.17 | 235.42 | OK | |
r-release-macos-arm64 | 1.4.1 | 109.00 | OK | |||
r-release-macos-x86_64 | 1.4.1 | 167.00 | OK | |||
r-release-windows-x86_64 | 1.4.1 | 23.00 | 225.00 | 248.00 | OK | |
r-oldrel-macos-arm64 | 1.4.1 | 81.00 | OK | |||
r-oldrel-macos-x86_64 | 1.4.1 | 207.00 | OK | |||
r-oldrel-windows-x86_64 | 1.4.1 | 32.00 | 300.00 | 332.00 | OK |
Version: 1.4.1
Check: Rd cross-references
Result: NOTE
Found the following Rd file(s) with Rd \link{} targets missing package
anchors:
gglikert.Rd: geom_point
scoring.Rd: omega
Please provide package anchors for all Rd \link{} targets not in the
package itself and the base packages.
Flavors: r-devel-linux-x86_64-debian-clang, r-devel-linux-x86_64-debian-gcc, r-devel-windows-x86_64