CRAN Package Check Results for Package JavaGD

Last updated on 2014-11-23 12:46:33.

Flavor Version Tinstall Tcheck Ttotal Status Flags
r-devel-linux-x86_64-debian-clang 0.6-1 2.84 8.97 11.82 NOTE
r-devel-linux-x86_64-debian-gcc 0.6-1 2.68 8.70 11.38 NOTE
r-devel-linux-x86_64-fedora-clang 0.6-1 24.48 NOTE
r-devel-linux-x86_64-fedora-gcc 0.6-1 21.27 NOTE
r-devel-osx-x86_64-clang 0.6-1 28.96 NOTE
r-devel-windows-ix86+x86_64 0.6-1 12.00 20.00 32.00 NOTE
r-patched-linux-x86_64 0.6-1 2.79 8.82 11.60 NOTE
r-patched-solaris-sparc 0.6-1 120.00 NOTE
r-patched-solaris-x86 0.6-1 35.30 NOTE
r-release-linux-ix86 0.6-1 4.71 14.15 18.86 NOTE
r-release-linux-x86_64 0.6-1 2.76 8.89 11.65 NOTE
r-release-osx-x86_64-mavericks 0.6-1 OK
r-release-windows-ix86+x86_64 0.6-1 12.00 21.00 33.00 NOTE
r-oldrel-windows-ix86+x86_64 0.6-1 11.00 22.00 33.00 OK

Check Details

Version: 0.6-1
Check: top-level files
Result: NOTE
    Non-standard files/directories found at top level:
     ‘getsp.class’ ‘getsp.java’ ‘version’
Flavors: r-devel-linux-x86_64-debian-clang, r-devel-linux-x86_64-debian-gcc, r-devel-linux-x86_64-fedora-clang, r-devel-linux-x86_64-fedora-gcc, r-patched-linux-x86_64, r-release-linux-x86_64

Version: 0.6-1
Check: R code for possible problems
Result: NOTE
    .getJavaGDObject: no visible global function definition for ‘.jmkref’
    JavaGD: no visible global function definition for ‘.jinit’
Flavors: r-devel-linux-x86_64-debian-clang, r-devel-linux-x86_64-debian-gcc, r-devel-linux-x86_64-fedora-clang, r-devel-linux-x86_64-fedora-gcc, r-devel-osx-x86_64-clang, r-devel-windows-ix86+x86_64, r-patched-linux-x86_64, r-patched-solaris-sparc, r-patched-solaris-x86, r-release-linux-ix86, r-release-linux-x86_64, r-release-windows-ix86+x86_64