CRAN Package Check Results for Package JavaGD

Last updated on 2014-07-24 16:48:00.

Flavor Version Tinstall Tcheck Ttotal Status Flags
r-devel-linux-x86_64-debian-clang 0.6-1 2.64 8.64 11.28 OK
r-devel-linux-x86_64-debian-gcc 0.6-1 2.64 8.46 11.10 OK
r-devel-linux-x86_64-fedora-clang 0.6-1 21.46 NOTE
r-devel-linux-x86_64-fedora-gcc 0.6-1 20.28 NOTE
r-devel-osx-x86_64-clang 0.6-1 27.04 OK
r-devel-windows-ix86+x86_64 0.6-1 11.00 22.00 33.00 OK
r-patched-linux-x86_64 0.6-1 2.63 8.98 11.61 OK
r-patched-solaris-sparc 0.6-1 113.70 OK
r-patched-solaris-x86 0.6-1 25.00 OK
r-release-linux-ix86 0.6-1 4.66 14.61 19.27 OK
r-release-linux-x86_64 0.6-1 2.63 9.13 11.76 OK
r-release-osx-x86_64-mavericks 0.6-1 OK
r-release-windows-ix86+x86_64 0.6-1 17.00 22.00 39.00 OK
r-oldrel-windows-ix86+x86_64 0.6-1 11.00 22.00 33.00 OK

Check Details

Version: 0.6-1
Check: top-level files
Result: NOTE
    Non-standard files/directories found at top level:
     ‘getsp.class’ ‘getsp.java’ ‘version’
Flavors: r-devel-linux-x86_64-fedora-clang, r-devel-linux-x86_64-fedora-gcc