CRAN Package Check Results for Package JavaGD

Last updated on 2014-09-16 08:49:47.

Flavor Version Tinstall Tcheck Ttotal Status Flags
r-devel-linux-x86_64-debian-clang 0.6-1 2.86 8.95 11.81 NOTE
r-devel-linux-x86_64-debian-gcc 0.6-1 2.65 8.74 11.38 NOTE
r-devel-linux-x86_64-fedora-clang 0.6-1 20.55 NOTE
r-devel-linux-x86_64-fedora-gcc 0.6-1 19.94 NOTE
r-devel-osx-x86_64-clang 0.6-1 25.84 NOTE
r-devel-windows-ix86+x86_64 0.6-1 10.00 21.00 31.00 NOTE
r-patched-linux-x86_64 0.6-1 2.67 8.91 11.58 OK
r-patched-solaris-sparc 0.6-1 126.30 OK
r-patched-solaris-x86 0.6-1 36.40 OK
r-release-linux-ix86 0.6-1 4.64 14.78 19.42 OK
r-release-linux-x86_64 0.6-1 2.74 9.12 11.86 NOTE
r-release-osx-x86_64-mavericks 0.6-1 OK
r-release-windows-ix86+x86_64 0.6-1 17.00 22.00 39.00 OK
r-oldrel-windows-ix86+x86_64 0.6-1 11.00 22.00 33.00 OK

Check Details

Version: 0.6-1
Check: top-level files
Result: NOTE
    Non-standard files/directories found at top level:
     ‘getsp.class’ ‘getsp.java’ ‘version’
Flavors: r-devel-linux-x86_64-debian-clang, r-devel-linux-x86_64-debian-gcc, r-devel-linux-x86_64-fedora-clang, r-devel-linux-x86_64-fedora-gcc, r-release-linux-x86_64

Version: 0.6-1
Check: R code for possible problems
Result: NOTE
    .getJavaGDObject: no visible global function definition for ‘.jmkref’
    JavaGD: no visible global function definition for ‘.jinit’
Flavors: r-devel-linux-x86_64-debian-clang, r-devel-linux-x86_64-debian-gcc, r-devel-linux-x86_64-fedora-clang, r-devel-linux-x86_64-fedora-gcc, r-devel-osx-x86_64-clang, r-devel-windows-ix86+x86_64