CRAN Package Check Results for Package JavaGD

Last updated on 2016-05-03 03:51:35.

Flavor Version Tinstall Tcheck Ttotal Status Flags
r-devel-linux-x86_64-debian-gcc 0.6-1 2.81 8.39 11.20 NOTE
r-devel-linux-x86_64-fedora-clang 0.6-1 18.14 NOTE
r-devel-linux-x86_64-fedora-gcc 0.6-1 17.10 NOTE
r-devel-osx-x86_64-clang 0.6-1 27.62 NOTE
r-devel-windows-ix86+x86_64 0.6-1 12.00 26.00 38.00 NOTE
r-patched-linux-x86_64 0.6-1 2.85 8.25 11.09 NOTE
r-patched-solaris-sparc 0.6-1 103.60 NOTE
r-patched-solaris-x86 0.6-1 25.50 NOTE
r-release-linux-x86_64 0.6-1 2.76 8.69 11.46 NOTE
r-release-osx-x86_64-mavericks 0.6-1 NOTE
r-release-windows-ix86+x86_64 0.6-1 18.00 20.00 38.00 NOTE
r-oldrel-windows-ix86+x86_64 0.6-1 21.00 21.00 42.00 NOTE

Check Details

Version: 0.6-1
Check: top-level files
Result: NOTE
    Non-standard files/directories found at top level:
     ‘getsp.class’ ‘getsp.java’ ‘version’
Flavors: r-devel-linux-x86_64-debian-gcc, r-devel-linux-x86_64-fedora-clang, r-devel-linux-x86_64-fedora-gcc, r-patched-linux-x86_64, r-release-linux-x86_64

Version: 0.6-1
Check: R code for possible problems
Result: NOTE
    .getJavaGDObject: no visible global function definition for ‘.jmkref’
    .javaGD.copy.device: no visible global function definition for
     ‘dev.cur’
    .javaGD.copy.device: no visible binding for global variable ‘pdf’
    .javaGD.copy.device: no visible global function definition for
     ‘dev.set’
    .javaGD.copy.device: no visible global function definition for
     ‘dev.copy’
    .javaGD.copy.device: no visible global function definition for ‘par’
    .javaGD.copy.device: no visible global function definition for
     ‘dev.off’
    .javaGD.get.size: no visible global function definition for ‘dev.cur’
    .javaGD.resize: no visible global function definition for ‘dev.cur’
    JavaGD: no visible global function definition for ‘.jinit’
    Undefined global functions or variables:
     .jinit .jmkref dev.copy dev.cur dev.off dev.set par pdf
    Consider adding
     importFrom("grDevices", "dev.copy", "dev.cur", "dev.off", "dev.set",
     "pdf")
     importFrom("graphics", "par")
    to your NAMESPACE file.
Flavors: r-devel-linux-x86_64-debian-gcc, r-devel-linux-x86_64-fedora-clang, r-devel-linux-x86_64-fedora-gcc, r-devel-osx-x86_64-clang, r-devel-windows-ix86+x86_64, r-patched-linux-x86_64, r-patched-solaris-sparc, r-patched-solaris-x86

Version: 0.6-1
Check: for GNU extensions in Makefiles
Result: NOTE
    GNU make is a SystemRequirements.
Flavors: r-devel-linux-x86_64-debian-gcc, r-devel-linux-x86_64-fedora-clang, r-devel-linux-x86_64-fedora-gcc, r-devel-osx-x86_64-clang, r-devel-windows-ix86+x86_64, r-patched-linux-x86_64, r-patched-solaris-sparc, r-patched-solaris-x86, r-release-linux-x86_64, r-release-osx-x86_64-mavericks, r-release-windows-ix86+x86_64, r-oldrel-windows-ix86+x86_64

Version: 0.6-1
Check: R code for possible problems
Result: NOTE
    .getJavaGDObject: no visible global function definition for ‘.jmkref’
    JavaGD: no visible global function definition for ‘.jinit’
Flavors: r-release-linux-x86_64, r-release-osx-x86_64-mavericks, r-release-windows-ix86+x86_64, r-oldrel-windows-ix86+x86_64