CRAN Package Check Results for Package JavaGD

Last updated on 2015-02-01 10:46:55.

Flavor Version Tinstall Tcheck Ttotal Status Flags
r-devel-linux-x86_64-debian-clang 0.6-1 2.86 8.01 10.87 NOTE
r-devel-linux-x86_64-debian-gcc 0.6-1 2.70 8.02 10.72 NOTE
r-devel-linux-x86_64-fedora-clang 0.6-1 23.23 NOTE
r-devel-linux-x86_64-fedora-gcc 0.6-1 19.83 NOTE
r-devel-osx-x86_64-clang 0.6-1 36.23 NOTE
r-devel-windows-ix86+x86_64 0.6-1 12.00 21.00 33.00 NOTE
r-patched-linux-x86_64 0.6-1 2.76 9.08 11.84 NOTE
r-patched-solaris-sparc 0.6-1 127.10 NOTE
r-patched-solaris-x86 0.6-1 39.20 NOTE
r-release-linux-ix86 0.6-1 4.68 14.70 19.38 NOTE
r-release-linux-x86_64 0.6-1 2.83 9.62 12.45 NOTE
r-release-osx-x86_64-mavericks 0.6-1 NOTE
r-release-windows-ix86+x86_64 0.6-1 12.00 21.00 33.00 NOTE
r-oldrel-windows-ix86+x86_64 0.6-1 11.00 22.00 33.00 OK

Check Details

Version: 0.6-1
Check: top-level files
Result: NOTE
    Non-standard files/directories found at top level:
     ‘getsp.class’ ‘getsp.java’ ‘version’
Flavors: r-devel-linux-x86_64-debian-clang, r-devel-linux-x86_64-debian-gcc, r-devel-linux-x86_64-fedora-clang, r-devel-linux-x86_64-fedora-gcc, r-patched-linux-x86_64, r-release-linux-ix86, r-release-linux-x86_64

Version: 0.6-1
Check: R code for possible problems
Result: NOTE
    .getJavaGDObject: no visible global function definition for ‘.jmkref’
    JavaGD: no visible global function definition for ‘.jinit’
Flavors: r-devel-linux-x86_64-debian-clang, r-devel-linux-x86_64-debian-gcc, r-devel-linux-x86_64-fedora-clang, r-devel-linux-x86_64-fedora-gcc, r-devel-osx-x86_64-clang, r-devel-windows-ix86+x86_64, r-patched-linux-x86_64, r-patched-solaris-sparc, r-patched-solaris-x86, r-release-linux-ix86, r-release-linux-x86_64, r-release-osx-x86_64-mavericks, r-release-windows-ix86+x86_64

Version: 0.6-1
Check: for GNU extensions in Makefiles
Result: NOTE
    GNU make is a SystemRequirements.
Flavors: r-devel-linux-x86_64-debian-clang, r-devel-linux-x86_64-debian-gcc, r-devel-linux-x86_64-fedora-clang, r-devel-linux-x86_64-fedora-gcc, r-devel-osx-x86_64-clang, r-devel-windows-ix86+x86_64, r-patched-linux-x86_64, r-patched-solaris-x86, r-release-osx-x86_64-mavericks