CRAN Package Check Results for Package JavaGD

Last updated on 2014-12-19 20:48:18.

Flavor Version Tinstall Tcheck Ttotal Status Flags
r-devel-linux-x86_64-debian-clang 0.6-1 2.90 8.82 11.72 NOTE
r-devel-linux-x86_64-debian-gcc 0.6-1 2.71 9.61 12.32 NOTE
r-devel-linux-x86_64-fedora-clang 0.6-1 23.73 NOTE
r-devel-linux-x86_64-fedora-gcc 0.6-1 21.26 NOTE
r-devel-osx-x86_64-clang 0.6-1 27.99 NOTE
r-devel-windows-ix86+x86_64 0.6-1 19.00 26.00 45.00 NOTE
r-patched-linux-x86_64 0.6-1 2.80 8.74 11.54 NOTE
r-patched-solaris-sparc 0.6-1 120.00 NOTE
r-patched-solaris-x86 0.6-1 39.00 NOTE
r-release-linux-ix86 0.6-1 4.60 13.97 18.57 NOTE
r-release-linux-x86_64 0.6-1 2.66 8.78 11.44 NOTE
r-release-osx-x86_64-mavericks 0.6-1 OK
r-release-windows-ix86+x86_64 0.6-1 12.00 21.00 33.00 NOTE
r-oldrel-windows-ix86+x86_64 0.6-1 11.00 22.00 33.00 OK

Check Details

Version: 0.6-1
Check: top-level files
Result: NOTE
    Non-standard files/directories found at top level:
     ‘getsp.class’ ‘getsp.java’ ‘version’
Flavors: r-devel-linux-x86_64-debian-clang, r-devel-linux-x86_64-debian-gcc, r-devel-linux-x86_64-fedora-clang, r-devel-linux-x86_64-fedora-gcc, r-patched-linux-x86_64, r-release-linux-x86_64

Version: 0.6-1
Check: R code for possible problems
Result: NOTE
    .getJavaGDObject: no visible global function definition for ‘.jmkref’
    JavaGD: no visible global function definition for ‘.jinit’
Flavors: r-devel-linux-x86_64-debian-clang, r-devel-linux-x86_64-debian-gcc, r-devel-linux-x86_64-fedora-clang, r-devel-linux-x86_64-fedora-gcc, r-devel-osx-x86_64-clang, r-devel-windows-ix86+x86_64, r-patched-linux-x86_64, r-patched-solaris-sparc, r-patched-solaris-x86, r-release-linux-ix86, r-release-linux-x86_64, r-release-windows-ix86+x86_64