CRAN Package Check Results for Package JavaGD

Last updated on 2014-04-24 23:48:05.

Flavor Version Tinstall Tcheck Ttotal Status Flags
r-devel-linux-x86_64-debian-clang 0.6-1 2.84 9.48 12.32 OK
r-devel-linux-x86_64-debian-gcc 0.6-1 2.64 9.77 12.42 OK
r-devel-linux-x86_64-fedora-clang 0.6-1 21.78 NOTE
r-devel-linux-x86_64-fedora-gcc 0.6-1 21.03 NOTE
r-devel-osx-x86_64-clang 0.6-1 28.08 OK
r-devel-osx-x86_64-gcc 0.6-1 OK
r-devel-windows-ix86+x86_64 0.6-1 9.00 20.00 29.00 OK
r-patched-linux-x86_64 0.6-1 2.63 9.36 12.00 OK
r-patched-solaris-sparc 0.6-1 128.10 OK
r-patched-solaris-x86 0.6-1 38.30 OK
r-release-linux-ix86 0.6-1 7.00 22.00 29.00 OK
r-release-linux-x86_64 0.6-1 2.62 9.57 12.19 OK
r-release-osx-x86_64-mavericks 0.6-1 OK
r-release-windows-ix86+x86_64 0.6-1 23.00 29.00 52.00 OK
r-oldrel-windows-ix86+x86_64 0.6-1 11.00 22.00 33.00 OK

Check Details

Version: 0.6-1
Check: top-level files
Result: NOTE
    Non-standard files/directories found at top level:
     ‘getsp.class’ ‘getsp.java’ ‘version’
Flavors: r-devel-linux-x86_64-fedora-clang, r-devel-linux-x86_64-fedora-gcc