CRAN Package Check Results for Package JavaGD

Last updated on 2015-05-28 07:48:56.

Flavor Version Tinstall Tcheck Ttotal Status Flags
r-devel-linux-x86_64-debian-clang 0.6-1 2.82 8.50 11.32 NOTE
r-devel-linux-x86_64-debian-gcc 0.6-1 2.62 8.12 10.75 NOTE
r-devel-linux-x86_64-fedora-clang 0.6-1 20.06 NOTE
r-devel-linux-x86_64-fedora-gcc 0.6-1 19.07 NOTE
r-devel-osx-x86_64-clang 0.6-1 27.41 NOTE
r-devel-windows-ix86+x86_64 0.6-1 11.00 20.00 31.00 NOTE
r-patched-linux-x86_64 0.6-1 2.58 8.08 10.66 NOTE
r-patched-solaris-sparc 0.6-1 114.10 NOTE
r-patched-solaris-x86 0.6-1 36.70 NOTE
r-release-linux-x86_64 0.6-1 2.66 8.51 11.17 NOTE
r-release-osx-x86_64-mavericks 0.6-1 NOTE
r-release-osx-x86_64-snowleopard 0.6-1 NOTE
r-release-windows-ix86+x86_64 0.6-1 8.00 20.00 28.00 NOTE
r-oldrel-windows-ix86+x86_64 0.6-1 17.00 26.00 43.00 NOTE

Check Details

Version: 0.6-1
Check: top-level files
Result: NOTE
    Non-standard files/directories found at top level:
     ‘getsp.class’ ‘getsp.java’ ‘version’
Flavors: r-devel-linux-x86_64-debian-clang, r-devel-linux-x86_64-debian-gcc, r-devel-linux-x86_64-fedora-clang, r-devel-linux-x86_64-fedora-gcc, r-patched-linux-x86_64, r-release-linux-x86_64

Version: 0.6-1
Check: R code for possible problems
Result: NOTE
    .getJavaGDObject: no visible global function definition for ‘.jmkref’
    JavaGD: no visible global function definition for ‘.jinit’
Flavors: r-devel-linux-x86_64-debian-clang, r-devel-linux-x86_64-debian-gcc, r-devel-linux-x86_64-fedora-clang, r-devel-linux-x86_64-fedora-gcc, r-devel-osx-x86_64-clang, r-devel-windows-ix86+x86_64, r-patched-linux-x86_64, r-patched-solaris-sparc, r-patched-solaris-x86, r-release-linux-x86_64, r-release-osx-x86_64-mavericks, r-release-osx-x86_64-snowleopard, r-release-windows-ix86+x86_64, r-oldrel-windows-ix86+x86_64

Version: 0.6-1
Check: for GNU extensions in Makefiles
Result: NOTE
    GNU make is a SystemRequirements.
Flavors: r-devel-linux-x86_64-debian-clang, r-devel-linux-x86_64-debian-gcc, r-devel-linux-x86_64-fedora-clang, r-devel-linux-x86_64-fedora-gcc, r-devel-osx-x86_64-clang, r-devel-windows-ix86+x86_64, r-patched-linux-x86_64, r-patched-solaris-sparc, r-patched-solaris-x86, r-release-linux-x86_64, r-release-osx-x86_64-mavericks, r-release-osx-x86_64-snowleopard, r-release-windows-ix86+x86_64, r-oldrel-windows-ix86+x86_64