Last updated on 2022-08-11 13:55:03 CEST.
Flavor | Version | Tinstall | Tcheck | Ttotal | Status | Flags |
---|---|---|---|---|---|---|
r-devel-linux-x86_64-debian-clang | 1.0.3 | 17.65 | 181.60 | 199.25 | NOTE | |
r-devel-linux-x86_64-debian-gcc | 1.0.3 | 14.90 | 132.72 | 147.62 | NOTE | |
r-devel-linux-x86_64-fedora-clang | 1.0.3 | 252.87 | OK | |||
r-devel-linux-x86_64-fedora-gcc | 1.0.3 | 259.00 | OK | |||
r-devel-windows-x86_64 | 1.0.3 | 143.00 | 222.00 | 365.00 | OK | |
r-patched-linux-x86_64 | 1.0.3 | 12.56 | 168.26 | 180.82 | OK | |
r-release-linux-x86_64 | 1.0.3 | OK | ||||
r-release-macos-arm64 | 1.0.3 | 80.00 | OK | |||
r-release-macos-x86_64 | 1.0.3 | 109.00 | OK | |||
r-release-windows-x86_64 | 1.0.3 | 127.00 | 220.00 | 347.00 | OK | |
r-oldrel-macos-arm64 | 1.0.3 | 404.00 | OK | |||
r-oldrel-macos-x86_64 | 1.0.3 | 96.00 | OK | |||
r-oldrel-windows-ix86+x86_64 | 1.0.3 | 32.00 | 184.00 | 216.00 | OK |
Version: 1.0.3
Check: HTML version of manual
Result: NOTE
Found the following HTML validation problems:
hc_rdslope_info.html:56:86: Warning: inserting implicit <p>
hc_rdslope_info.html:56:86: Warning: trimming empty <p>
hc_rdslope_interact.html:54:86: Warning: inserting implicit <p>
hc_rdslope_interact.html:54:86: Warning: trimming empty <p>
model_imp.html:402:100: Warning: inserting implicit <p>
model_imp.html:405:46: Warning: inserting implicit <p>
model_imp.html:437:39: Warning: inserting implicit <p>
model_imp.html:468:93: Warning: inserting implicit <p>
model_imp.html:479:83: Warning: inserting implicit <p>
model_imp.html:484:47: Warning: inserting implicit <p>
model_imp.html:518:73: Warning: inserting implicit <p>
model_imp.html:937:99: Warning: inserting implicit <p>
model_imp.html:942:118: Warning: inserting implicit <p>
model_imp.html:967:35: Warning: inserting implicit <p>
model_imp.html:974:38: Warning: inserting implicit <p>
model_imp.html:983:83: Warning: inserting implicit <p>
model_imp.html:989:59: Warning: inserting implicit <p>
model_imp.html:402:100: Warning: trimming empty <p>
model_imp.html:405:46: Warning: trimming empty <p>
model_imp.html:437:39: Warning: trimming empty <p>
model_imp.html:468:93: Warning: trimming empty <p>
model_imp.html:479:83: Warning: trimming empty <p>
model_imp.html:484:47: Warning: trimming empty <p>
model_imp.html:518:73: Warning: trimming empty <p>
model_imp.html:937:99: Warning: trimming empty <p>
model_imp.html:942:118: Warning: trimming empty <p>
model_imp.html:967:35: Warning: trimming empty <p>
model_imp.html:974:38: Warning: trimming empty <p>
model_imp.html:983:83: Warning: trimming empty <p>
model_imp.html:989:59: Warning: trimming empty <p>
Flavors: r-devel-linux-x86_64-debian-clang, r-devel-linux-x86_64-debian-gcc