CRAN Package Check Results for Package JointRegBC

Last updated on 2016-07-28 05:50:15.

Flavor Version Tinstall Tcheck Ttotal Status Flags
r-devel-linux-x86_64-debian-clang 0.1.1 2.76 32.68 35.44 NOTE
r-devel-linux-x86_64-debian-gcc 0.1.1 3.23 31.60 34.84 NOTE
r-devel-linux-x86_64-fedora-clang 0.1.1 62.75 NOTE
r-devel-linux-x86_64-fedora-gcc 0.1.1 59.01 NOTE
r-devel-osx-x86_64-clang 0.1.1 49.70 NOTE
r-devel-windows-ix86+x86_64 0.1.1 9.00 57.00 66.00 NOTE
r-patched-linux-x86_64 0.1.1 2.82 31.26 34.08 NOTE
r-patched-solaris-sparc 0.1.1 354.00 NOTE
r-patched-solaris-x86 0.1.1 78.00 NOTE
r-release-linux-x86_64 0.1.1 3.22 32.00 35.22 NOTE
r-release-osx-x86_64-mavericks 0.1.1 NOTE
r-release-windows-ix86+x86_64 0.1.1 11.00 56.00 67.00 NOTE
r-oldrel-windows-ix86+x86_64 0.1.1 9.00 56.00 65.00 NOTE

Check Details

Version: 0.1.1
Check: dependencies in R code
Result: NOTE
    Packages in Depends field not imported from:
     ‘MASS’ ‘nlme’ ‘survival’
     These packages need to be imported from (in the NAMESPACE file)
     for when this namespace is loaded but not attached.
Flavors: r-devel-linux-x86_64-debian-clang, r-devel-linux-x86_64-debian-gcc, r-devel-linux-x86_64-fedora-clang, r-devel-linux-x86_64-fedora-gcc, r-devel-osx-x86_64-clang, r-devel-windows-ix86+x86_64, r-patched-linux-x86_64, r-patched-solaris-sparc, r-patched-solaris-x86, r-release-linux-x86_64, r-release-osx-x86_64-mavericks, r-release-windows-ix86+x86_64, r-oldrel-windows-ix86+x86_64

Version: 0.1.1
Check: S3 generic/method consistency
Result: NOTE
    Found the following apparent S3 methods exported but not registered:
     JointRegBC.default
    See section ‘Registering S3 methods’ in the ‘Writing R Extensions’
    manual.
Flavors: r-devel-linux-x86_64-debian-clang, r-devel-linux-x86_64-debian-gcc, r-devel-linux-x86_64-fedora-clang, r-devel-linux-x86_64-fedora-gcc, r-devel-osx-x86_64-clang, r-patched-linux-x86_64, r-patched-solaris-sparc, r-patched-solaris-x86, r-release-linux-x86_64

Version: 0.1.1
Check: R code for possible problems
Result: NOTE
    JointRegBC.default : f: no visible global function definition for
     ‘pnorm’
    JointRegBC.default : f: no visible global function definition for
     ‘dnorm’
    JointRegBC.default: no visible global function definition for ‘nlminb’
    JointRegBC.default: no visible global function definition for ‘fdHess’
    JointRegBC.default: no visible global function definition for ‘ginv’
    Undefined global functions or variables:
     dnorm fdHess ginv nlminb pnorm
    Consider adding
     importFrom("stats", "dnorm", "nlminb", "pnorm")
    to your NAMESPACE file.
Flavors: r-devel-linux-x86_64-debian-clang, r-devel-linux-x86_64-debian-gcc, r-devel-linux-x86_64-fedora-clang, r-devel-linux-x86_64-fedora-gcc, r-devel-osx-x86_64-clang, r-devel-windows-ix86+x86_64, r-patched-linux-x86_64, r-patched-solaris-sparc, r-patched-solaris-x86, r-release-linux-x86_64, r-release-osx-x86_64-mavericks, r-release-windows-ix86+x86_64

Version: 0.1.1
Check: R code for possible problems
Result: NOTE
    JointRegBC.default: no visible global function definition for 'fdHess'
    JointRegBC.default: no visible global function definition for 'ginv'
Flavor: r-oldrel-windows-ix86+x86_64