CRAN Package Check Results for Package JointRegBC

Last updated on 2016-12-06 12:48:08.

Flavor Version Tinstall Tcheck Ttotal Status Flags
r-devel-linux-x86_64-debian-clang 0.1.1 2.40 27.73 30.14 NOTE
r-devel-linux-x86_64-debian-gcc 0.1.1 2.44 27.30 29.74 NOTE
r-devel-linux-x86_64-fedora-clang 0.1.1 73.14 NOTE --no-stop-on-test-error
r-devel-linux-x86_64-fedora-gcc 0.1.1 67.41 NOTE --no-stop-on-test-error
r-devel-macos-x86_64-clang 0.1.1 52.26 NOTE
r-devel-windows-ix86+x86_64 0.1.1 7.00 57.00 64.00 NOTE
r-patched-linux-x86_64 0.1.1 2.18 25.63 27.81 NOTE
r-patched-solaris-sparc 0.1.1 354.00 NOTE
r-patched-solaris-x86 0.1.1 77.30 NOTE
r-release-linux-x86_64 0.1.1 2.37 25.79 28.16 NOTE
r-release-osx-x86_64-mavericks 0.1.1 NOTE
r-release-windows-ix86+x86_64 0.1.1 9.00 52.00 61.00 NOTE
r-oldrel-windows-ix86+x86_64 0.1.1 8.00 71.00 79.00 NOTE

Check Details

Version: 0.1.1
Check: dependencies in R code
Result: NOTE
    Packages in Depends field not imported from:
     ‘MASS’ ‘nlme’ ‘survival’
     These packages need to be imported from (in the NAMESPACE file)
     for when this namespace is loaded but not attached.
Flavors: r-devel-linux-x86_64-debian-clang, r-devel-linux-x86_64-debian-gcc, r-devel-macos-x86_64-clang, r-devel-windows-ix86+x86_64, r-patched-linux-x86_64, r-patched-solaris-sparc, r-patched-solaris-x86, r-release-linux-x86_64, r-release-osx-x86_64-mavericks, r-release-windows-ix86+x86_64, r-oldrel-windows-ix86+x86_64

Version: 0.1.1
Check: S3 generic/method consistency
Result: NOTE
    Found the following apparent S3 methods exported but not registered:
     JointRegBC.default
    See section ‘Registering S3 methods’ in the ‘Writing R Extensions’
    manual.
Flavors: r-devel-linux-x86_64-debian-clang, r-devel-linux-x86_64-debian-gcc, r-devel-macos-x86_64-clang, r-patched-linux-x86_64, r-patched-solaris-sparc, r-patched-solaris-x86, r-release-linux-x86_64

Version: 0.1.1
Check: R code for possible problems
Result: NOTE
    JointRegBC.default : f: no visible global function definition for
     ‘pnorm’
    JointRegBC.default : f: no visible global function definition for
     ‘dnorm’
    JointRegBC.default: no visible global function definition for ‘nlminb’
    JointRegBC.default: no visible global function definition for ‘fdHess’
    JointRegBC.default: no visible global function definition for ‘ginv’
    Undefined global functions or variables:
     dnorm fdHess ginv nlminb pnorm
    Consider adding
     importFrom("stats", "dnorm", "nlminb", "pnorm")
    to your NAMESPACE file.
Flavors: r-devel-linux-x86_64-debian-clang, r-devel-linux-x86_64-debian-gcc, r-devel-macos-x86_64-clang, r-devel-windows-ix86+x86_64, r-patched-linux-x86_64, r-patched-solaris-sparc, r-patched-solaris-x86, r-release-linux-x86_64, r-release-osx-x86_64-mavericks, r-release-windows-ix86+x86_64

Version: 0.1.1
Flags: --no-stop-on-test-error
Check: dependencies in R code
Result: NOTE
    Packages in Depends field not imported from:
     ‘MASS’ ‘nlme’ ‘survival’
     These packages need to be imported from (in the NAMESPACE file)
     for when this namespace is loaded but not attached.
Flavors: r-devel-linux-x86_64-fedora-clang, r-devel-linux-x86_64-fedora-gcc

Version: 0.1.1
Flags: --no-stop-on-test-error
Check: S3 generic/method consistency
Result: NOTE
    Found the following apparent S3 methods exported but not registered:
     JointRegBC.default
    See section ‘Registering S3 methods’ in the ‘Writing R Extensions’
    manual.
Flavors: r-devel-linux-x86_64-fedora-clang, r-devel-linux-x86_64-fedora-gcc

Version: 0.1.1
Flags: --no-stop-on-test-error
Check: R code for possible problems
Result: NOTE
    JointRegBC.default : f: no visible global function definition for
     ‘pnorm’
    JointRegBC.default : f: no visible global function definition for
     ‘dnorm’
    JointRegBC.default: no visible global function definition for ‘nlminb’
    JointRegBC.default: no visible global function definition for ‘fdHess’
    JointRegBC.default: no visible global function definition for ‘ginv’
    Undefined global functions or variables:
     dnorm fdHess ginv nlminb pnorm
    Consider adding
     importFrom("stats", "dnorm", "nlminb", "pnorm")
    to your NAMESPACE file.
Flavors: r-devel-linux-x86_64-fedora-clang, r-devel-linux-x86_64-fedora-gcc

Version: 0.1.1
Check: R code for possible problems
Result: NOTE
    JointRegBC.default: no visible global function definition for 'fdHess'
    JointRegBC.default: no visible global function definition for 'ginv'
Flavor: r-oldrel-windows-ix86+x86_64