CRAN Package Check Results for Package JointRegBC

Last updated on 2014-07-24 17:49:02.

Flavor Version Tinstall Tcheck Ttotal Status Flags
r-devel-linux-x86_64-debian-clang 0.1.1 0.82 14.86 15.68 NOTE
r-devel-linux-x86_64-debian-gcc 0.1.1 0.80 14.72 15.52 NOTE
r-devel-linux-x86_64-fedora-clang 0.1.1 31.30 NOTE
r-devel-linux-x86_64-fedora-gcc 0.1.1 31.07 NOTE
r-devel-osx-x86_64-clang 0.1.1 30.90 NOTE
r-devel-windows-ix86+x86_64 0.1.1 3.00 26.00 29.00 NOTE
r-patched-linux-x86_64 0.1.1 0.84 15.10 15.94 NOTE
r-patched-solaris-sparc 0.1.1 184.50 NOTE
r-patched-solaris-x86 0.1.1 44.40 NOTE
r-release-linux-ix86 0.1.1 1.17 21.81 22.98 NOTE
r-release-linux-x86_64 0.1.1 0.93 15.12 16.05 NOTE
r-release-osx-x86_64-mavericks 0.1.1 NOTE
r-release-osx-x86_64-snowleopard 0.1.1 OK
r-release-windows-ix86+x86_64 0.1.1 3.00 27.00 30.00 NOTE
r-oldrel-windows-ix86+x86_64 0.1.1 4.00 30.00 34.00 NOTE

Check Details

Version: 0.1.1
Check: dependencies in R code
Result: NOTE
    Packages in Depends field not imported from:
     ‘MASS’ ‘nlme’ ‘survival’
     These packages need to be imported from (in the NAMESPACE file)
     for when this namespace is loaded but not attached.
    See the information on DESCRIPTION files in the chapter ‘Creating R
    packages’ of the ‘Writing R Extensions’ manual.
Flavors: r-devel-linux-x86_64-debian-clang, r-devel-linux-x86_64-debian-gcc, r-devel-linux-x86_64-fedora-clang, r-devel-linux-x86_64-fedora-gcc, r-devel-osx-x86_64-clang, r-devel-windows-ix86+x86_64, r-patched-linux-x86_64, r-patched-solaris-sparc, r-patched-solaris-x86, r-release-linux-ix86, r-release-linux-x86_64, r-release-osx-x86_64-mavericks, r-release-windows-ix86+x86_64, r-oldrel-windows-ix86+x86_64