CRAN Package Check Results for Package JointRegBC

Last updated on 2015-04-28 17:46:54.

Flavor Version Tinstall Tcheck Ttotal Status Flags
r-devel-linux-x86_64-debian-clang 0.1.1 0.78 13.54 14.32 NOTE
r-devel-linux-x86_64-debian-gcc 0.1.1 0.77 13.39 14.16 NOTE
r-devel-linux-x86_64-fedora-clang 0.1.1 28.61 NOTE
r-devel-linux-x86_64-fedora-gcc 0.1.1 26.06 NOTE
r-devel-osx-x86_64-clang 0.1.1 32.13 NOTE
r-devel-windows-ix86+x86_64 0.1.1 2.00 22.00 24.00 NOTE
r-patched-linux-x86_64 0.1.1 0.73 13.82 14.55 NOTE
r-patched-solaris-sparc 0.1.1 197.10 NOTE
r-patched-solaris-x86 0.1.1 40.90 NOTE
r-release-linux-x86_64 0.1.1 0.69 13.55 14.24 NOTE
r-release-osx-x86_64-mavericks 0.1.1 NOTE
r-release-osx-x86_64-snowleopard 0.1.1 NOTE
r-release-windows-ix86+x86_64 0.1.1 3.00 22.00 25.00 NOTE
r-oldrel-windows-ix86+x86_64 0.1.1 4.00 25.00 29.00 NOTE

Check Details

Version: 0.1.1
Check: dependencies in R code
Result: NOTE
    Packages in Depends field not imported from:
     ‘MASS’ ‘nlme’ ‘survival’
     These packages need to be imported from (in the NAMESPACE file)
     for when this namespace is loaded but not attached.
Flavors: r-devel-linux-x86_64-debian-clang, r-devel-linux-x86_64-debian-gcc, r-devel-linux-x86_64-fedora-clang, r-devel-linux-x86_64-fedora-gcc, r-devel-osx-x86_64-clang, r-devel-windows-ix86+x86_64, r-patched-linux-x86_64, r-patched-solaris-sparc, r-patched-solaris-x86, r-release-linux-x86_64, r-release-osx-x86_64-mavericks, r-release-osx-x86_64-snowleopard, r-release-windows-ix86+x86_64, r-oldrel-windows-ix86+x86_64

Version: 0.1.1
Check: S3 generic/method consistency
Result: NOTE
    Found the following apparent S3 methods exported but not registered:
     JointRegBC.default
    See section ‘Registering S3 methods’ in the ‘Writing R Extensions’
    manual.
Flavors: r-devel-linux-x86_64-debian-clang, r-devel-linux-x86_64-debian-gcc, r-devel-linux-x86_64-fedora-clang, r-devel-linux-x86_64-fedora-gcc, r-devel-osx-x86_64-clang, r-patched-linux-x86_64, r-patched-solaris-x86, r-release-linux-x86_64

Version: 0.1.1
Check: R code for possible problems
Result: NOTE
    JointRegBC.default: no visible global function definition for ‘fdHess’
    JointRegBC.default: no visible global function definition for ‘ginv’
Flavors: r-devel-linux-x86_64-debian-clang, r-devel-linux-x86_64-debian-gcc, r-devel-linux-x86_64-fedora-clang, r-devel-linux-x86_64-fedora-gcc, r-devel-osx-x86_64-clang, r-devel-windows-ix86+x86_64, r-patched-linux-x86_64, r-patched-solaris-sparc, r-patched-solaris-x86, r-release-linux-x86_64, r-release-osx-x86_64-mavericks, r-release-osx-x86_64-snowleopard, r-release-windows-ix86+x86_64, r-oldrel-windows-ix86+x86_64