CRAN Package Check Results for Package JointRegBC

Last updated on 2016-05-06 17:47:14.

Flavor Version Tinstall Tcheck Ttotal Status Flags
r-devel-linux-x86_64-debian-gcc 0.1.1 2.51 28.11 30.62 NOTE
r-devel-linux-x86_64-fedora-clang 0.1.1 60.20 NOTE
r-devel-linux-x86_64-fedora-gcc 0.1.1 56.71 NOTE
r-devel-osx-x86_64-clang 0.1.1 64.95 NOTE
r-devel-windows-ix86+x86_64 0.1.1 5.00 48.00 53.00 ERROR
r-patched-linux-x86_64 0.1.1 2.46 27.92 30.39 NOTE
r-patched-solaris-sparc 0.1.1 159.80 NOTE
r-patched-solaris-x86 0.1.1 80.00 NOTE
r-release-linux-x86_64 0.1.1 2.48 27.62 30.09 NOTE
r-release-osx-x86_64-mavericks 0.1.1 NOTE
r-release-windows-ix86+x86_64 0.1.1 5.00 48.00 53.00 ERROR
r-oldrel-windows-ix86+x86_64 0.1.1 10.00 72.00 82.00 NOTE

Check Details

Version: 0.1.1
Check: dependencies in R code
Result: NOTE
    Packages in Depends field not imported from:
     ‘MASS’ ‘nlme’ ‘survival’
     These packages need to be imported from (in the NAMESPACE file)
     for when this namespace is loaded but not attached.
Flavors: r-devel-linux-x86_64-debian-gcc, r-devel-linux-x86_64-fedora-clang, r-devel-linux-x86_64-fedora-gcc, r-devel-osx-x86_64-clang, r-patched-linux-x86_64, r-patched-solaris-sparc, r-patched-solaris-x86, r-release-linux-x86_64, r-release-osx-x86_64-mavericks, r-oldrel-windows-ix86+x86_64

Version: 0.1.1
Check: S3 generic/method consistency
Result: NOTE
    Found the following apparent S3 methods exported but not registered:
     JointRegBC.default
    See section ‘Registering S3 methods’ in the ‘Writing R Extensions’
    manual.
Flavors: r-devel-linux-x86_64-debian-gcc, r-devel-linux-x86_64-fedora-clang, r-devel-linux-x86_64-fedora-gcc, r-devel-osx-x86_64-clang, r-patched-linux-x86_64, r-patched-solaris-sparc, r-patched-solaris-x86, r-release-linux-x86_64

Version: 0.1.1
Check: R code for possible problems
Result: NOTE
    JointRegBC.default : f: no visible global function definition for
     ‘pnorm’
    JointRegBC.default : f: no visible global function definition for
     ‘dnorm’
    JointRegBC.default: no visible global function definition for ‘nlminb’
    JointRegBC.default: no visible global function definition for ‘fdHess’
    JointRegBC.default: no visible global function definition for ‘ginv’
    Undefined global functions or variables:
     dnorm fdHess ginv nlminb pnorm
    Consider adding
     importFrom("stats", "dnorm", "nlminb", "pnorm")
    to your NAMESPACE file.
Flavors: r-devel-linux-x86_64-debian-gcc, r-devel-linux-x86_64-fedora-clang, r-devel-linux-x86_64-fedora-gcc, r-devel-osx-x86_64-clang, r-patched-linux-x86_64, r-patched-solaris-sparc, r-patched-solaris-x86, r-release-linux-x86_64, r-release-osx-x86_64-mavericks

Version: 0.1.1
Check: whether package can be installed
Result: ERROR
    Installation failed.
Flavors: r-devel-windows-ix86+x86_64, r-release-windows-ix86+x86_64

Version: 0.1.1
Check: R code for possible problems
Result: NOTE
    JointRegBC.default: no visible global function definition for 'fdHess'
    JointRegBC.default: no visible global function definition for 'ginv'
Flavor: r-oldrel-windows-ix86+x86_64