CRAN Package Check Results for Package JointRegBC

Last updated on 2015-06-30 18:47:18.

Flavor Version Tinstall Tcheck Ttotal Status Flags
r-devel-linux-x86_64-debian-clang 0.1.1 0.71 13.50 14.22 NOTE
r-devel-linux-x86_64-debian-gcc 0.1.1 0.84 13.01 13.85 NOTE
r-devel-linux-x86_64-fedora-clang 0.1.1 27.03 NOTE
r-devel-linux-x86_64-fedora-gcc 0.1.1 25.33 NOTE
r-devel-osx-x86_64-clang 0.1.1 28.84 NOTE
r-devel-windows-ix86+x86_64 0.1.1 6.00 26.00 32.00 NOTE
r-patched-linux-x86_64 0.1.1 0.73 13.32 14.04 NOTE
r-patched-solaris-sparc 0.1.1 168.70 NOTE
r-patched-solaris-x86 0.1.1 41.70 NOTE
r-release-linux-x86_64 0.1.1 0.68 13.72 14.41 NOTE
r-release-osx-x86_64-mavericks 0.1.1 NOTE
r-release-windows-ix86+x86_64 0.1.1 5.00 27.00 32.00 NOTE
r-oldrel-windows-ix86+x86_64 0.1.1 6.00 28.00 34.00 NOTE

Check Details

Version: 0.1.1
Check: dependencies in R code
Result: NOTE
    Packages in Depends field not imported from:
     ‘MASS’ ‘nlme’ ‘survival’
     These packages need to be imported from (in the NAMESPACE file)
     for when this namespace is loaded but not attached.
Flavors: r-devel-linux-x86_64-debian-clang, r-devel-linux-x86_64-debian-gcc, r-devel-linux-x86_64-fedora-clang, r-devel-linux-x86_64-fedora-gcc, r-devel-osx-x86_64-clang, r-devel-windows-ix86+x86_64, r-patched-linux-x86_64, r-patched-solaris-sparc, r-patched-solaris-x86, r-release-linux-x86_64, r-release-osx-x86_64-mavericks, r-release-windows-ix86+x86_64, r-oldrel-windows-ix86+x86_64

Version: 0.1.1
Check: S3 generic/method consistency
Result: NOTE
    Found the following apparent S3 methods exported but not registered:
     JointRegBC.default
    See section ‘Registering S3 methods’ in the ‘Writing R Extensions’
    manual.
Flavors: r-devel-linux-x86_64-debian-clang, r-devel-linux-x86_64-debian-gcc, r-devel-linux-x86_64-fedora-clang, r-devel-linux-x86_64-fedora-gcc, r-devel-osx-x86_64-clang, r-patched-linux-x86_64, r-patched-solaris-sparc, r-patched-solaris-x86, r-release-linux-x86_64

Version: 0.1.1
Check: R code for possible problems
Result: NOTE
    JointRegBC.default : f: no visible global function definition for
     ‘pnorm’
    JointRegBC.default : f: no visible global function definition for
     ‘dnorm’
    JointRegBC.default: no visible global function definition for ‘nlminb’
    JointRegBC.default: no visible global function definition for ‘fdHess’
    JointRegBC.default: no visible global function definition for ‘ginv’
Flavors: r-devel-linux-x86_64-debian-clang, r-devel-linux-x86_64-debian-gcc, r-devel-linux-x86_64-fedora-clang, r-devel-windows-ix86+x86_64

Version: 0.1.1
Check: R code for possible problems
Result: NOTE
    JointRegBC.default: no visible global function definition for ‘fdHess’
    JointRegBC.default: no visible global function definition for ‘ginv’
Flavors: r-devel-linux-x86_64-fedora-gcc, r-devel-osx-x86_64-clang, r-patched-linux-x86_64, r-patched-solaris-sparc, r-patched-solaris-x86, r-release-linux-x86_64, r-release-osx-x86_64-mavericks, r-release-windows-ix86+x86_64, r-oldrel-windows-ix86+x86_64