CRAN Package Check Results for Package JointRegBC

Last updated on 2014-12-22 09:54:17.

Flavor Version Tinstall Tcheck Ttotal Status Flags
r-devel-linux-x86_64-debian-clang 0.1.1 0.91 15.99 16.90 NOTE
r-devel-linux-x86_64-debian-gcc 0.1.1 0.82 15.41 16.23 NOTE
r-devel-linux-x86_64-fedora-clang 0.1.1 35.01 NOTE
r-devel-linux-x86_64-fedora-gcc 0.1.1 32.38 NOTE
r-devel-osx-x86_64-clang 0.1.1 34.85 NOTE
r-devel-windows-ix86+x86_64 0.1.1 4.00 28.00 32.00 NOTE
r-patched-linux-x86_64 0.1.1 0.88 15.58 16.46 NOTE
r-patched-solaris-sparc 0.1.1 195.00 NOTE
r-patched-solaris-x86 0.1.1 47.00 NOTE
r-release-linux-ix86 0.1.1 1.14 21.87 23.01 NOTE
r-release-linux-x86_64 0.1.1 0.96 15.54 16.50 NOTE
r-release-osx-x86_64-mavericks 0.1.1 NOTE
r-release-osx-x86_64-snowleopard 0.1.1 OK
r-release-windows-ix86+x86_64 0.1.1 4.00 27.00 31.00 NOTE
r-oldrel-windows-ix86+x86_64 0.1.1 4.00 31.00 35.00 NOTE

Check Details

Version: 0.1.1
Check: dependencies in R code
Result: NOTE
    Packages in Depends field not imported from:
     ‘MASS’ ‘nlme’ ‘survival’
     These packages need to be imported from (in the NAMESPACE file)
     for when this namespace is loaded but not attached.
    See the information on DESCRIPTION files in the chapter ‘Creating R
    packages’ of the ‘Writing R Extensions’ manual.
Flavors: r-devel-linux-x86_64-debian-clang, r-devel-linux-x86_64-debian-gcc, r-devel-linux-x86_64-fedora-clang, r-devel-linux-x86_64-fedora-gcc, r-devel-osx-x86_64-clang, r-devel-windows-ix86+x86_64, r-patched-linux-x86_64, r-patched-solaris-sparc, r-patched-solaris-x86, r-release-linux-ix86, r-release-linux-x86_64, r-release-osx-x86_64-mavericks, r-release-windows-ix86+x86_64, r-oldrel-windows-ix86+x86_64

Version: 0.1.1
Check: R code for possible problems
Result: NOTE
    JointRegBC.default: no visible global function definition for ‘fdHess’
    JointRegBC.default: no visible global function definition for ‘ginv’
Flavors: r-devel-linux-x86_64-debian-clang, r-devel-linux-x86_64-debian-gcc, r-devel-linux-x86_64-fedora-clang, r-devel-linux-x86_64-fedora-gcc, r-devel-osx-x86_64-clang, r-devel-windows-ix86+x86_64, r-patched-linux-x86_64, r-patched-solaris-sparc, r-patched-solaris-x86, r-release-linux-ix86, r-release-linux-x86_64, r-release-windows-ix86+x86_64