Last updated on 2023-02-07 23:07:51 CET.
Flavor | Version | Tinstall | Tcheck | Ttotal | Status | Flags |
---|---|---|---|---|---|---|
r-devel-linux-x86_64-debian-clang | 0.1.0 | 15.67 | 130.09 | 145.76 | NOTE | |
r-devel-linux-x86_64-debian-gcc | 0.1.0 | 13.94 | 96.79 | 110.73 | NOTE | |
r-devel-linux-x86_64-fedora-clang | 0.1.0 | 188.17 | NOTE | |||
r-devel-linux-x86_64-fedora-gcc | 0.1.0 | 174.93 | NOTE | |||
r-devel-windows-x86_64 | 0.1.0 | 24.00 | 149.00 | 173.00 | NOTE | |
r-patched-linux-x86_64 | 0.1.0 | 14.42 | 122.72 | 137.14 | NOTE | |
r-release-linux-x86_64 | 0.1.0 | 13.22 | 122.44 | 135.66 | NOTE | |
r-release-macos-arm64 | 0.1.0 | 49.00 | NOTE | |||
r-release-macos-x86_64 | 0.1.0 | 83.00 | NOTE | |||
r-release-windows-x86_64 | 0.1.0 | 22.00 | 162.00 | 184.00 | NOTE | |
r-oldrel-macos-arm64 | 0.1.0 | 50.00 | NOTE | |||
r-oldrel-macos-x86_64 | 0.1.0 | 83.00 | NOTE | |||
r-oldrel-windows-ix86+x86_64 | 0.1.0 | 40.00 | 153.00 | 193.00 | NOTE |
Version: 0.1.0
Check: LazyData
Result: NOTE
'LazyData' is specified without a 'data' directory
Flavors: r-devel-linux-x86_64-debian-clang, r-devel-linux-x86_64-debian-gcc, r-devel-linux-x86_64-fedora-clang, r-devel-linux-x86_64-fedora-gcc, r-devel-windows-x86_64, r-patched-linux-x86_64, r-release-linux-x86_64, r-release-macos-arm64, r-release-macos-x86_64, r-release-windows-x86_64, r-oldrel-macos-arm64, r-oldrel-macos-x86_64, r-oldrel-windows-ix86+x86_64