CRAN Package Check Results for Package KDViz

Last updated on 2019-06-17 10:48:16 CEST.

Flavor Version Tinstall Tcheck Ttotal Status Flags
r-devel-linux-x86_64-debian-clang 1.3.1 4.46 95.30 99.76 NOTE
r-devel-linux-x86_64-debian-gcc 1.3.1 3.69 71.12 74.81 NOTE
r-devel-linux-x86_64-fedora-clang 1.3.1 114.43 NOTE
r-devel-linux-x86_64-fedora-gcc 1.3.1 110.86 NOTE
r-devel-windows-ix86+x86_64 1.3.1 16.00 107.00 123.00 OK
r-patched-linux-x86_64 1.3.1 4.07 95.19 99.26 OK
r-patched-solaris-x86 1.3.1 226.90 NOTE
r-release-linux-x86_64 1.3.1 4.32 93.57 97.89 OK
r-release-windows-ix86+x86_64 1.3.1 10.00 139.00 149.00 OK
r-release-osx-x86_64 1.3.1 NOTE
r-oldrel-windows-ix86+x86_64 1.3.1 6.00 135.00 141.00 OK
r-oldrel-osx-x86_64 1.3.1 NOTE

Check Details

Version: 1.3.1
Check: for non-standard things in the check directory
Result: NOTE
    Found the following files/directories:
     'KDVizGroup1.html' 'KDVizGroup1_files'
Flavors: r-devel-linux-x86_64-debian-clang, r-devel-linux-x86_64-debian-gcc, r-devel-linux-x86_64-fedora-clang, r-devel-linux-x86_64-fedora-gcc

Version: 1.3.1
Check: data for non-ASCII characters
Result: NOTE
     Note: found 11 marked UTF-8 strings
Flavors: r-devel-linux-x86_64-fedora-clang, r-devel-linux-x86_64-fedora-gcc, r-patched-solaris-x86, r-release-osx-x86_64, r-oldrel-osx-x86_64