CRAN Package Check Results for Package KDViz

Last updated on 2019-10-24 03:58:33 CEST.

Flavor Version Tinstall Tcheck Ttotal Status Flags
r-devel-linux-x86_64-debian-clang 1.3.1 4.26 92.95 97.21 NOTE
r-devel-linux-x86_64-debian-gcc 1.3.1 3.71 69.55 73.26 NOTE
r-devel-linux-x86_64-fedora-clang 1.3.1 114.42 NOTE
r-devel-linux-x86_64-fedora-gcc 1.3.1 108.74 NOTE
r-devel-windows-ix86+x86_64 1.3.1 11.00 105.00 116.00 OK
r-patched-linux-x86_64 1.3.1 4.31 88.53 92.84 OK
r-patched-solaris-x86 1.3.1 226.80 NOTE
r-release-linux-x86_64 1.3.1 4.35 91.15 95.50 OK
r-release-windows-ix86+x86_64 1.3.1 15.00 107.00 122.00 OK
r-release-osx-x86_64 1.3.1 NOTE
r-oldrel-windows-ix86+x86_64 1.3.1 9.00 132.00 141.00 OK
r-oldrel-osx-x86_64 1.3.1 NOTE

Check Details

Version: 1.3.1
Check: for non-standard things in the check directory
Result: NOTE
    Found the following files/directories:
     'KDVizGroup1.html' 'KDVizGroup1_files'
Flavors: r-devel-linux-x86_64-debian-clang, r-devel-linux-x86_64-debian-gcc, r-devel-linux-x86_64-fedora-clang, r-devel-linux-x86_64-fedora-gcc

Version: 1.3.1
Check: data for non-ASCII characters
Result: NOTE
     Note: found 11 marked UTF-8 strings
Flavors: r-devel-linux-x86_64-fedora-clang, r-devel-linux-x86_64-fedora-gcc, r-patched-solaris-x86, r-release-osx-x86_64, r-oldrel-osx-x86_64