CRAN Package Check Results for Package KDViz

Last updated on 2020-07-03 22:49:43 CEST.

Flavor Version Tinstall Tcheck Ttotal Status Flags
r-devel-linux-x86_64-debian-clang 1.3.1 5.55 101.89 107.44 NOTE
r-devel-linux-x86_64-debian-gcc 1.3.1 4.21 74.59 78.80 NOTE
r-devel-linux-x86_64-fedora-clang 1.3.1 130.99 NOTE
r-devel-linux-x86_64-fedora-gcc 1.3.1 118.02 NOTE
r-devel-windows-ix86+x86_64 1.3.1 17.00 154.00 171.00 OK
r-patched-linux-x86_64 1.3.1 4.89 97.36 102.25 NOTE
r-patched-solaris-x86 1.3.1 211.90 NOTE
r-release-linux-x86_64 1.3.1 4.53 96.95 101.48 NOTE
r-release-osx-x86_64 1.3.1 NOTE
r-release-windows-ix86+x86_64 1.3.1 14.00 117.00 131.00 OK
r-oldrel-osx-x86_64 1.3.1 NOTE
r-oldrel-windows-ix86+x86_64 1.3.1 37.00 168.00 205.00 OK

Check Details

Version: 1.3.1
Check: for non-standard things in the check directory
Result: NOTE
    Found the following files/directories:
     'KDVizGroup1.html' 'KDVizGroup1_files'
Flavors: r-devel-linux-x86_64-debian-clang, r-devel-linux-x86_64-debian-gcc, r-devel-linux-x86_64-fedora-clang, r-devel-linux-x86_64-fedora-gcc, r-patched-linux-x86_64, r-patched-solaris-x86, r-release-linux-x86_64

Version: 1.3.1
Check: data for non-ASCII characters
Result: NOTE
     Note: found 11 marked UTF-8 strings
Flavors: r-devel-linux-x86_64-fedora-clang, r-devel-linux-x86_64-fedora-gcc, r-patched-solaris-x86, r-release-osx-x86_64, r-oldrel-osx-x86_64