CRAN Package Check Results for Package KDViz

Last updated on 2019-08-24 06:47:22 CEST.

Flavor Version Tinstall Tcheck Ttotal Status Flags
r-devel-linux-x86_64-debian-clang 1.3.1 4.43 96.74 101.17 NOTE
r-devel-linux-x86_64-debian-gcc 1.3.1 3.94 72.25 76.19 NOTE
r-devel-linux-x86_64-fedora-clang 1.3.1 115.21 NOTE
r-devel-linux-x86_64-fedora-gcc 1.3.1 108.73 NOTE
r-devel-windows-ix86+x86_64 1.3.1 11.00 162.00 173.00 OK
r-patched-linux-x86_64 1.3.1 3.69 91.13 94.82 OK
r-patched-solaris-x86 1.3.1 233.40 NOTE
r-release-linux-x86_64 1.3.1 3.92 91.38 95.30 OK
r-release-windows-ix86+x86_64 1.3.1 19.00 139.00 158.00 OK
r-release-osx-x86_64 1.3.1 NOTE
r-oldrel-windows-ix86+x86_64 1.3.1 12.00 137.00 149.00 OK
r-oldrel-osx-x86_64 1.3.1 NOTE

Check Details

Version: 1.3.1
Check: for non-standard things in the check directory
Result: NOTE
    Found the following files/directories:
     'KDVizGroup1.html' 'KDVizGroup1_files'
Flavors: r-devel-linux-x86_64-debian-clang, r-devel-linux-x86_64-debian-gcc, r-devel-linux-x86_64-fedora-clang, r-devel-linux-x86_64-fedora-gcc

Version: 1.3.1
Check: data for non-ASCII characters
Result: NOTE
     Note: found 11 marked UTF-8 strings
Flavors: r-devel-linux-x86_64-fedora-clang, r-devel-linux-x86_64-fedora-gcc, r-patched-solaris-x86, r-release-osx-x86_64, r-oldrel-osx-x86_64