CRAN Package Check Results for Package KERE

Last updated on 2021-10-26 05:13:30 CEST.

Flavor Version Tinstall Tcheck Ttotal Status Flags
r-devel-linux-x86_64-debian-clang 1.0.0 16.06 47.96 64.02 OK
r-devel-linux-x86_64-debian-gcc 1.0.0 12.66 36.29 48.95 OK
r-devel-linux-x86_64-fedora-clang 1.0.0 90.68 NOTE
r-devel-linux-x86_64-fedora-gcc 1.0.0 87.26 NOTE
r-devel-windows-x86_64 1.0.0 28.00 70.00 98.00 OK
r-devel-windows-x86_64-gcc10-UCRT 1.0.0 OK
r-patched-linux-x86_64 1.0.0 15.39 46.93 62.32 OK
r-patched-solaris-x86 1.0.0 111.80 OK
r-release-linux-x86_64 1.0.0 14.95 47.49 62.44 OK
r-release-macos-arm64 1.0.0 OK
r-release-macos-x86_64 1.0.0 OK
r-release-windows-ix86+x86_64 1.0.0 35.00 83.00 118.00 OK
r-oldrel-macos-x86_64 1.0.0 OK
r-oldrel-windows-ix86+x86_64 1.0.0 25.00 78.00 103.00 OK

Check Details

Version: 1.0.0
Check: compiled code
Result: NOTE
    File ‘KERE/libs/KERE.so’:
     Found no calls to: ‘R_registerRoutines’, ‘R_useDynamicSymbols’
    
    It is good practice to register native routines and to disable symbol
    search.
    
    See ‘Writing portable packages’ in the ‘Writing R Extensions’ manual.
Flavors: r-devel-linux-x86_64-fedora-clang, r-devel-linux-x86_64-fedora-gcc