CRAN Package Check Results for Package KFAS

Last updated on 2015-01-30 21:47:03.

Flavor Version Tinstall Tcheck Ttotal Status Flags
r-devel-linux-x86_64-debian-clang 1.0.4-1 12.26 25.38 37.65 NOTE
r-devel-linux-x86_64-debian-gcc 1.0.4-1 11.41 25.38 36.79 NOTE
r-devel-linux-x86_64-fedora-clang 1.0.4-1 72.33 NOTE
r-devel-linux-x86_64-fedora-gcc 1.0.4-1 68.60 NOTE
r-devel-osx-x86_64-clang 1.0.4-1 65.65 NOTE
r-devel-windows-ix86+x86_64 1.0.4-1 53.00 51.00 104.00 NOTE
r-patched-linux-x86_64 1.0.4-1 11.38 26.88 38.26 NOTE
r-patched-solaris-sparc 1.0.4-1 451.80 OK
r-patched-solaris-x86 1.0.4-1 120.10 NOTE
r-release-linux-ix86 1.0.4-1 16.62 34.13 50.75 OK
r-release-linux-x86_64 1.0.4-1 11.32 26.82 38.14 OK
r-release-osx-x86_64-mavericks 1.0.4-1 NOTE
r-release-osx-x86_64-snowleopard 1.0.4-1 OK
r-release-windows-ix86+x86_64 1.0.4-1 39.00 51.00 90.00 OK
r-oldrel-windows-ix86+x86_64 1.0.4 60.00 47.00 107.00 ERROR

Check Details

Version: 1.0.4-1
Check: line endings in Makefiles
Result: NOTE
    Found the following Makefile(s) without a final LF:
     src/Makevars
    Some ‘make’ programs ignore lines not ending in LF.
Flavors: r-devel-linux-x86_64-debian-clang, r-devel-linux-x86_64-debian-gcc, r-devel-linux-x86_64-fedora-clang, r-devel-linux-x86_64-fedora-gcc, r-devel-osx-x86_64-clang, r-devel-windows-ix86+x86_64, r-patched-linux-x86_64, r-patched-solaris-x86, r-release-osx-x86_64-mavericks