CRAN Package Check Results for Package KFAS

Last updated on 2015-05-04 00:46:59.

Flavor Version Tinstall Tcheck Ttotal Status Flags
r-devel-linux-x86_64-debian-clang 1.1.1 9.73 66.74 76.47 OK
r-devel-linux-x86_64-debian-gcc 1.1.1 9.89 64.40 74.30 OK
r-devel-linux-x86_64-fedora-clang 1.1.1 101.88 OK
r-devel-linux-x86_64-fedora-gcc 1.1.1 87.17 OK
r-devel-osx-x86_64-clang 1.1.1 127.60 OK
r-devel-windows-ix86+x86_64 1.1.1 42.00 125.00 167.00 OK
r-patched-linux-x86_64 1.1.1 10.05 64.39 74.44 OK
r-patched-solaris-sparc 1.1.1 858.30 OK
r-patched-solaris-x86 1.1.1 172.10 OK
r-release-linux-x86_64 1.1.1 9.91 64.80 74.70 OK
r-release-osx-x86_64-mavericks 1.1.1 OK
r-release-osx-x86_64-snowleopard 1.1.0 ERROR
r-release-windows-ix86+x86_64 1.1.1 41.00 129.00 170.00 OK
r-oldrel-windows-ix86+x86_64 1.1.1 43.00 137.00 180.00 OK

Check Details

Version: 1.1.0
Check: package dependencies
Result: ERROR
    Package suggested but not available for checking: ‘knitr’
    
    VignetteBuilder package required for checking but not installed: ‘knitr’
    
    Files named as vignettes but with no recognized vignette engine:
     ‘inst/doc/KFAS.Rnw’
    (Is a VignetteBuilder field missing?)
    
    See section ‘The DESCRIPTION file’ in the ‘Writing R Extensions’
    manual.
Flavor: r-release-osx-x86_64-snowleopard