CRAN Package Check Results for Package KGode

Last updated on 2022-01-27 23:01:06 CET.

Flavor Version Tinstall Tcheck Ttotal Status Flags
r-devel-linux-x86_64-debian-clang 1.0.3 9.22 71.60 80.82 NOTE
r-devel-linux-x86_64-debian-gcc 1.0.3 9.10 52.02 61.12 NOTE
r-devel-linux-x86_64-fedora-clang 1.0.3 94.20 NOTE
r-devel-linux-x86_64-fedora-gcc 1.0.3 85.19 NOTE
r-devel-windows-x86_64-new-UL 1.0.3 25.00 84.00 109.00 NOTE
r-devel-windows-x86_64-new-TK 1.0.3 NOTE
r-patched-linux-x86_64 1.0.3 9.98 67.67 77.65 NOTE
r-release-linux-x86_64 1.0.3 9.06 66.69 75.75 NOTE
r-release-macos-arm64 1.0.3 NOTE
r-release-macos-x86_64 1.0.3 NOTE
r-release-windows-ix86+x86_64 1.0.3 16.00 84.00 100.00 NOTE
r-oldrel-macos-x86_64 1.0.3 OK
r-oldrel-windows-ix86+x86_64 1.0.3 16.00 82.00 98.00 OK

Check Details

Version: 1.0.3
Check: LazyData
Result: NOTE
     'LazyData' is specified without a 'data' directory
Flavors: r-devel-linux-x86_64-debian-clang, r-devel-linux-x86_64-debian-gcc, r-devel-linux-x86_64-fedora-clang, r-devel-linux-x86_64-fedora-gcc, r-devel-windows-x86_64-new-UL, r-devel-windows-x86_64-new-TK, r-patched-linux-x86_64, r-release-linux-x86_64, r-release-macos-arm64, r-release-macos-x86_64, r-release-windows-ix86+x86_64