CRAN Package Check Results for Package KNNShiny

Last updated on 2023-01-29 23:03:12 CET.

Flavor Version Tinstall Tcheck Ttotal Status Flags
r-devel-linux-x86_64-debian-clang 0.1.0 2.34 20.17 22.51 NOTE
r-devel-linux-x86_64-debian-gcc 0.1.0 1.95 15.78 17.73 NOTE
r-devel-linux-x86_64-fedora-clang 0.1.0 29.86 NOTE
r-devel-linux-x86_64-fedora-gcc 0.1.0 28.95 NOTE
r-devel-windows-x86_64 0.1.0 12.00 49.00 61.00 NOTE
r-patched-linux-x86_64 0.1.0 1.56 20.65 22.21 NOTE
r-release-linux-x86_64 0.1.0 1.57 21.40 22.97 NOTE
r-release-macos-arm64 0.1.0 14.00 NOTE
r-release-macos-x86_64 0.1.0 24.00 NOTE
r-release-windows-x86_64 0.1.0 12.00 50.00 62.00 NOTE
r-oldrel-macos-arm64 0.1.0 16.00 NOTE
r-oldrel-macos-x86_64 0.1.0 23.00 NOTE
r-oldrel-windows-ix86+x86_64 0.1.0 7.00 45.00 52.00 NOTE

Check Details

Version: 0.1.0
Check: LazyData
Result: NOTE
     'LazyData' is specified without a 'data' directory
Flavors: r-devel-linux-x86_64-debian-clang, r-devel-linux-x86_64-debian-gcc, r-devel-linux-x86_64-fedora-clang, r-devel-linux-x86_64-fedora-gcc, r-devel-windows-x86_64, r-patched-linux-x86_64, r-release-linux-x86_64, r-release-macos-arm64, r-release-macos-x86_64, r-release-windows-x86_64, r-oldrel-macos-arm64, r-oldrel-macos-x86_64, r-oldrel-windows-ix86+x86_64

Version: 0.1.0
Check: dependencies in R code
Result: NOTE
    Namespaces in Imports field not imported from:
     ‘FNN’ ‘caret’ ‘datasets’ ‘dplyr’ ‘e1071’ ‘psycho’ ‘rhandsontable’
     ‘shiny’
     All declared Imports should be used.
Flavors: r-devel-linux-x86_64-fedora-clang, r-devel-linux-x86_64-fedora-gcc, r-release-macos-arm64, r-release-macos-x86_64, r-oldrel-macos-arm64, r-oldrel-macos-x86_64