CRAN Package Check Results for Package KRLS

Last updated on 2014-12-18 05:48:17.

Flavor Version Tinstall Tcheck Ttotal Status Flags
r-devel-linux-x86_64-debian-clang 0.3-7 0.61 12.70 13.31 NOTE
r-devel-linux-x86_64-debian-gcc 0.3-7 0.62 12.55 13.16 NOTE
r-devel-linux-x86_64-fedora-clang 0.3-7 28.55 NOTE
r-devel-linux-x86_64-fedora-gcc 0.3-7 25.36 NOTE
r-devel-osx-x86_64-clang 0.3-7 29.23 NOTE
r-devel-windows-ix86+x86_64 0.3-7 4.00 22.00 26.00 NOTE
r-patched-linux-x86_64 0.3-7 0.63 12.73 13.36 NOTE
r-patched-solaris-sparc 0.3-7 159.10 NOTE
r-patched-solaris-x86 0.3-7 38.50 NOTE
r-release-linux-ix86 0.3-7 0.92 18.14 19.06 NOTE
r-release-linux-x86_64 0.3-7 0.65 12.74 13.39 NOTE
r-release-osx-x86_64-mavericks 0.3-7 OK
r-release-osx-x86_64-snowleopard 0.3-7 OK
r-release-windows-ix86+x86_64 0.3-7 3.00 23.00 26.00 NOTE
r-oldrel-windows-ix86+x86_64 0.3-7 2.00 22.00 24.00 OK

Check Details

Version: 0.3-7
Check: R code for possible problems
Result: NOTE
    plot.krls: no visible global function definition for ‘histogram’
Flavors: r-devel-linux-x86_64-debian-clang, r-devel-linux-x86_64-debian-gcc, r-devel-linux-x86_64-fedora-clang, r-devel-linux-x86_64-fedora-gcc, r-devel-osx-x86_64-clang, r-devel-windows-ix86+x86_64, r-patched-linux-x86_64, r-patched-solaris-sparc, r-patched-solaris-x86, r-release-linux-ix86, r-release-linux-x86_64, r-release-windows-ix86+x86_64