CRAN Package Check Results for Package KRLS

Last updated on 2015-05-29 07:47:28.

Flavor Version Tinstall Tcheck Ttotal Status Flags
r-devel-linux-x86_64-debian-clang 0.3-7 0.69 12.97 13.66 NOTE
r-devel-linux-x86_64-debian-gcc 0.3-7 0.58 12.28 12.86 NOTE
r-devel-linux-x86_64-fedora-clang 0.3-7 24.87 NOTE
r-devel-linux-x86_64-fedora-gcc 0.3-7 23.11 NOTE
r-devel-osx-x86_64-clang 0.3-7 28.46 NOTE
r-devel-windows-ix86+x86_64 0.3-7 2.00 22.00 24.00 NOTE
r-patched-linux-x86_64 0.3-7 0.58 12.11 12.69 NOTE
r-patched-solaris-sparc 0.3-7 161.70 NOTE
r-patched-solaris-x86 0.3-7 35.70 NOTE
r-release-linux-x86_64 0.3-7 0.60 12.01 12.61 NOTE
r-release-osx-x86_64-mavericks 0.3-7 NOTE
r-release-osx-x86_64-snowleopard 0.3-7 NOTE
r-release-windows-ix86+x86_64 0.3-7 4.00 23.00 27.00 NOTE
r-oldrel-windows-ix86+x86_64 0.3-7 2.00 37.00 39.00 NOTE

Check Details

Version: 0.3-7
Check: dependencies in R code
Result: NOTE
    'library' or 'require' call to ‘lattice’ in package code.
     Please use :: or requireNamespace() instead.
     See section 'Suggested packages' in the 'Writing R Extensions' manual.
Flavors: r-devel-linux-x86_64-debian-clang, r-devel-linux-x86_64-debian-gcc, r-devel-linux-x86_64-fedora-clang, r-devel-linux-x86_64-fedora-gcc, r-devel-osx-x86_64-clang, r-devel-windows-ix86+x86_64, r-patched-linux-x86_64, r-patched-solaris-sparc, r-patched-solaris-x86, r-release-linux-x86_64, r-release-osx-x86_64-mavericks, r-release-osx-x86_64-snowleopard, r-release-windows-ix86+x86_64, r-oldrel-windows-ix86+x86_64

Version: 0.3-7
Check: S3 generic/method consistency
Result: NOTE
    Found the following apparent S3 methods exported but not registered:
     plot.krls predict.krls summary.krls
    See section ‘Registering S3 methods’ in the ‘Writing R Extensions’
    manual.
Flavors: r-devel-linux-x86_64-debian-clang, r-devel-linux-x86_64-debian-gcc, r-devel-linux-x86_64-fedora-clang, r-devel-linux-x86_64-fedora-gcc, r-devel-osx-x86_64-clang, r-patched-linux-x86_64, r-patched-solaris-sparc, r-patched-solaris-x86, r-release-linux-x86_64

Version: 0.3-7
Check: R code for possible problems
Result: NOTE
    plot.krls: no visible global function definition for ‘histogram’
Flavors: r-devel-linux-x86_64-debian-clang, r-devel-linux-x86_64-debian-gcc, r-devel-linux-x86_64-fedora-clang, r-devel-linux-x86_64-fedora-gcc, r-devel-osx-x86_64-clang, r-devel-windows-ix86+x86_64, r-patched-linux-x86_64, r-patched-solaris-sparc, r-patched-solaris-x86, r-release-linux-x86_64, r-release-osx-x86_64-mavericks, r-release-osx-x86_64-snowleopard, r-release-windows-ix86+x86_64, r-oldrel-windows-ix86+x86_64