CRAN Package Check Results for Package KRLS

Last updated on 2014-09-22 01:48:05.

Flavor Version Tinstall Tcheck Ttotal Status Flags
r-devel-linux-x86_64-debian-clang 0.3-7 0.74 12.59 13.33 NOTE
r-devel-linux-x86_64-debian-gcc 0.3-7 0.72 12.12 12.84 NOTE
r-devel-linux-x86_64-fedora-clang 0.3-7 26.09 NOTE
r-devel-linux-x86_64-fedora-gcc 0.3-7 26.22 NOTE
r-devel-osx-x86_64-clang 0.3-7 28.98 NOTE
r-devel-windows-ix86+x86_64 0.3-7 2.00 21.00 23.00 NOTE
r-patched-linux-x86_64 0.3-7 0.60 12.40 13.01 OK
r-patched-solaris-sparc 0.3-7 159.10 OK
r-patched-solaris-x86 0.3-7 37.60 OK
r-release-linux-ix86 0.3-7 0.92 19.02 19.94 OK
r-release-linux-x86_64 0.3-7 0.60 13.01 13.61 OK
r-release-osx-x86_64-mavericks 0.3-7 OK
r-release-osx-x86_64-snowleopard 0.3-7 OK
r-release-windows-ix86+x86_64 0.3-7 2.00 21.00 23.00 OK
r-oldrel-windows-ix86+x86_64 0.3-7 2.00 24.00 26.00 OK

Check Details

Version: 0.3-7
Check: R code for possible problems
Result: NOTE
    plot.krls: no visible global function definition for ‘histogram’
Flavors: r-devel-linux-x86_64-debian-clang, r-devel-linux-x86_64-debian-gcc, r-devel-linux-x86_64-fedora-clang, r-devel-linux-x86_64-fedora-gcc, r-devel-osx-x86_64-clang, r-devel-windows-ix86+x86_64