CRAN Package Check Results for Package KRLS

Last updated on 2015-09-02 16:49:29.

Flavor Version Tinstall Tcheck Ttotal Status Flags
r-devel-linux-x86_64-debian-clang 0.3-7 0.64 11.52 12.16 NOTE
r-devel-linux-x86_64-debian-gcc 0.3-7 0.58 11.48 12.06 NOTE
r-devel-linux-x86_64-fedora-clang 0.3-7 23.37 NOTE
r-devel-linux-x86_64-fedora-gcc 0.3-7 21.63 NOTE
r-devel-osx-x86_64-clang 0.3-7 23.34 NOTE
r-devel-windows-ix86+x86_64 0.3-7 5.00 29.00 34.00 NOTE
r-patched-linux-x86_64 0.3-7 0.58 12.28 12.86 NOTE
r-patched-solaris-sparc 0.3-7 169.90 NOTE
r-patched-solaris-x86 0.3-7 33.30 NOTE
r-release-linux-x86_64 0.3-7 0.58 12.35 12.93 NOTE
r-release-osx-x86_64-mavericks 0.3-7 NOTE
r-release-windows-ix86+x86_64 0.3-7 4.00 22.00 26.00 NOTE
r-oldrel-windows-ix86+x86_64 0.3-7 4.00 25.00 29.00 NOTE

Check Details

Version: 0.3-7
Check: dependencies in R code
Result: NOTE
    'library' or 'require' call to ‘lattice’ in package code.
     Please use :: or requireNamespace() instead.
     See section 'Suggested packages' in the 'Writing R Extensions' manual.
Flavors: r-devel-linux-x86_64-debian-clang, r-devel-linux-x86_64-debian-gcc, r-devel-linux-x86_64-fedora-clang, r-devel-linux-x86_64-fedora-gcc, r-devel-osx-x86_64-clang, r-devel-windows-ix86+x86_64, r-patched-linux-x86_64, r-patched-solaris-sparc, r-patched-solaris-x86, r-release-linux-x86_64, r-release-osx-x86_64-mavericks, r-release-windows-ix86+x86_64, r-oldrel-windows-ix86+x86_64

Version: 0.3-7
Check: S3 generic/method consistency
Result: NOTE
    Found the following apparent S3 methods exported but not registered:
     plot.krls predict.krls summary.krls
    See section ‘Registering S3 methods’ in the ‘Writing R Extensions’
    manual.
Flavors: r-devel-linux-x86_64-debian-clang, r-devel-linux-x86_64-debian-gcc, r-devel-linux-x86_64-fedora-clang, r-devel-linux-x86_64-fedora-gcc, r-devel-osx-x86_64-clang, r-patched-linux-x86_64, r-patched-solaris-sparc, r-patched-solaris-x86, r-release-linux-x86_64

Version: 0.3-7
Check: R code for possible problems
Result: NOTE
    fdskrls: no visible global function definition for ‘predict’
    gausskernel: no visible global function definition for ‘dist’
    krls: no visible global function definition for ‘sd’
    krls: no visible global function definition for ‘var’
    krls: no visible binding for global variable ‘sd’
    krls: no visible global function definition for ‘setNames’
    krls: no visible binding for global variable ‘quantile’
    plot.krls: no visible global function definition for ‘par’
    plot.krls: no visible global function definition for ‘devAskNewPage’
    plot.krls: no visible global function definition for ‘as.formula’
    plot.krls: no visible global function definition for ‘histogram’
    plot.krls: no visible binding for global variable ‘quantile’
    plot.krls: no visible global function definition for ‘predict’
    plot.krls: no visible global function definition for ‘plot’
    plot.krls: no visible global function definition for ‘var’
    plot.krls: no visible global function definition for ‘arrows’
    predict.krls: no visible binding for global variable ‘sd’
    predict.krls: no visible global function definition for ‘var’
    summary.krls: no visible global function definition for ‘pt’
    summary.krls: no visible binding for global variable ‘quantile’
    Undefined global functions or variables:
     arrows as.formula devAskNewPage dist histogram par plot predict pt
     quantile sd setNames var
    Consider adding
     importFrom("grDevices", "devAskNewPage")
     importFrom("graphics", "arrows", "par", "plot")
     importFrom("stats", "as.formula", "dist", "predict", "pt", "quantile",
     "sd", "setNames", "var")
    to your NAMESPACE.
Flavors: r-devel-linux-x86_64-debian-clang, r-devel-linux-x86_64-debian-gcc, r-devel-linux-x86_64-fedora-clang, r-devel-linux-x86_64-fedora-gcc, r-devel-windows-ix86+x86_64

Version: 0.3-7
Check: R code for possible problems
Result: NOTE
    plot.krls: no visible global function definition for ‘histogram’
    Undefined global functions or variables:
     histogram
Flavor: r-devel-osx-x86_64-clang

Version: 0.3-7
Check: R code for possible problems
Result: NOTE
    plot.krls: no visible global function definition for ‘histogram’
Flavors: r-patched-linux-x86_64, r-patched-solaris-sparc, r-patched-solaris-x86, r-release-linux-x86_64, r-release-osx-x86_64-mavericks, r-release-windows-ix86+x86_64, r-oldrel-windows-ix86+x86_64