CRAN Package Check Results for Package KRLS

Last updated on 2014-04-24 11:48:48.

Flavor Version Tinstall Tcheck Ttotal Status Flags
r-devel-linux-x86_64-debian-clang 0.3-5 0.72 13.16 13.88 OK
r-devel-linux-x86_64-debian-gcc 0.3-5 0.68 13.25 13.92 OK
r-devel-linux-x86_64-fedora-clang 0.3-5 26.32 OK
r-devel-linux-x86_64-fedora-gcc 0.3-5 25.52 OK
r-devel-osx-x86_64-clang 0.3-5 28.95 OK
r-devel-osx-x86_64-gcc 0.3-5 OK
r-devel-windows-ix86+x86_64 0.3-5 2.00 20.00 22.00 OK
r-patched-linux-x86_64 0.3-5 0.63 12.88 13.50 OK
r-patched-solaris-sparc 0.3-5 170.90 OK
r-patched-solaris-x86 0.3-5 36.80 OK
r-release-linux-ix86 0.3-5 1.00 27.00 28.00 OK
r-release-linux-x86_64 0.3-5 0.63 13.01 13.64 OK
r-release-osx-x86_64-mavericks 0.3-5 WARN
r-release-osx-x86_64-snowleopard 0.3-5 OK
r-release-windows-ix86+x86_64 0.3-5 2.00 22.00 24.00 OK
r-oldrel-windows-ix86+x86_64 0.3-5 2.00 23.00 25.00 OK

Check Details

Version: 0.3-5
Check: PDF version of manual
Result: WARNING
    LaTeX errors when creating PDF version.
    This typically indicates Rd problems.
    LaTeX errors found:
    ! LaTeX Error: File `upquote.sty' not found.
    
    Type X to quit or <RETURN> to proceed,
    or enter new name. (Default extension: sty)
    
    40713e9/Rd2.tex:8: ==> Fatal error occurred, no output PDF file produced!
Flavor: r-release-osx-x86_64-mavericks