CRAN Package Check Results for Package KRLS

Last updated on 2014-08-28 08:48:56.

Flavor Version Tinstall Tcheck Ttotal Status Flags
r-devel-linux-x86_64-debian-clang 0.3-7 0.57 13.21 13.78 NOTE
r-devel-linux-x86_64-debian-gcc 0.3-7 0.55 12.21 12.76 NOTE
r-devel-linux-x86_64-fedora-clang 0.3-7 25.77 NOTE
r-devel-linux-x86_64-fedora-gcc 0.3-7 24.58 NOTE
r-devel-osx-x86_64-clang 0.3-7 26.80 NOTE
r-devel-windows-ix86+x86_64 0.3-7 2.00 21.00 23.00 NOTE
r-patched-linux-x86_64 0.3-7 0.56 12.17 12.74 OK
r-patched-solaris-sparc 0.3-7 159.10 OK
r-patched-solaris-x86 0.3-7 37.80 OK
r-release-linux-ix86 0.3-7 0.97 19.30 20.26 OK
r-release-linux-x86_64 0.3-7 0.60 12.41 13.01 OK
r-release-osx-x86_64-mavericks 0.3-7 OK
r-release-osx-x86_64-snowleopard 0.3-7 OK
r-release-windows-ix86+x86_64 0.3-7 2.00 22.00 24.00 OK
r-oldrel-windows-ix86+x86_64 0.3-7 2.00 20.00 22.00 OK

Check Details

Version: 0.3-7
Check: R code for possible problems
Result: NOTE
    plot.krls: no visible global function definition for ‘histogram’
Flavors: r-devel-linux-x86_64-debian-clang, r-devel-linux-x86_64-debian-gcc, r-devel-linux-x86_64-fedora-clang, r-devel-linux-x86_64-fedora-gcc, r-devel-osx-x86_64-clang, r-devel-windows-ix86+x86_64