CRAN Package Check Results for Package KRLS

Last updated on 2015-03-28 00:54:19.

Flavor Version Tinstall Tcheck Ttotal Status Flags
r-devel-linux-x86_64-debian-clang 0.3-7 0.64 12.90 13.54 NOTE
r-devel-linux-x86_64-debian-gcc 0.3-7 0.57 12.01 12.58 NOTE
r-devel-linux-x86_64-fedora-clang 0.3-7 24.07 NOTE
r-devel-linux-x86_64-fedora-gcc 0.3-7 23.24 NOTE
r-devel-osx-x86_64-clang 0.3-7 30.19 NOTE
r-prerel-windows-ix86+x86_64 0.3-7 2.00 21.00 23.00 NOTE
r-prerel-linux-x86_64 0.3-7 0.58 13.04 13.62 NOTE
r-prerel-solaris-sparc 0.3-7 181.10 NOTE
r-prerel-solaris-x86 0.3-7 34.10 NOTE
r-release-linux-x86_64 0.3-7 0.62 12.82 13.44 NOTE
r-release-osx-x86_64-mavericks 0.3-7 NOTE
r-release-osx-x86_64-snowleopard 0.3-7 OK
r-release-windows-ix86+x86_64 0.3-7 3.00 25.00 28.00 NOTE
r-oldrel-windows-ix86+x86_64 0.3-7 2.00 30.00 32.00 OK

Check Details

Version: 0.3-7
Check: dependencies in R code
Result: NOTE
    'library' or 'require' call to ‘lattice’ in package code.
     Please use :: or requireNamespace() instead.
     See section 'Suggested packages' in the 'Writing R Extensions' manual.
Flavors: r-devel-linux-x86_64-debian-clang, r-devel-linux-x86_64-debian-gcc, r-devel-linux-x86_64-fedora-clang, r-devel-linux-x86_64-fedora-gcc, r-devel-osx-x86_64-clang, r-prerel-windows-ix86+x86_64, r-prerel-linux-x86_64, r-prerel-solaris-sparc, r-prerel-solaris-x86, r-release-linux-x86_64, r-release-windows-ix86+x86_64

Version: 0.3-7
Check: S3 generic/method consistency
Result: NOTE
    Found the following apparent S3 methods exported but not registered:
     plot.krls predict.krls summary.krls
    See section ‘Registering S3 methods’ in the ‘Writing R Extensions’
    manual.
Flavors: r-devel-linux-x86_64-debian-clang, r-devel-linux-x86_64-debian-gcc, r-devel-linux-x86_64-fedora-clang, r-devel-linux-x86_64-fedora-gcc, r-devel-osx-x86_64-clang, r-prerel-linux-x86_64

Version: 0.3-7
Check: R code for possible problems
Result: NOTE
    plot.krls: no visible global function definition for ‘histogram’
Flavors: r-devel-linux-x86_64-debian-clang, r-devel-linux-x86_64-debian-gcc, r-devel-linux-x86_64-fedora-clang, r-devel-linux-x86_64-fedora-gcc, r-devel-osx-x86_64-clang, r-prerel-windows-ix86+x86_64, r-prerel-linux-x86_64, r-prerel-solaris-sparc, r-prerel-solaris-x86, r-release-linux-x86_64, r-release-osx-x86_64-mavericks, r-release-windows-ix86+x86_64