CRAN Package Check Results for Package KRLS

Last updated on 2015-07-05 06:46:36.

Flavor Version Tinstall Tcheck Ttotal Status Flags
r-devel-linux-x86_64-debian-clang 0.3-7 0.59 11.80 12.39 NOTE
r-devel-linux-x86_64-debian-gcc 0.3-7 0.59 11.78 12.37 NOTE
r-devel-linux-x86_64-fedora-clang 0.3-7 23.10 NOTE
r-devel-linux-x86_64-fedora-gcc 0.3-7 21.73 NOTE
r-devel-osx-x86_64-clang 0.3-7 24.22 NOTE
r-devel-windows-ix86+x86_64 0.3-7 3.00 23.00 26.00 NOTE
r-patched-linux-x86_64 0.3-7 0.58 11.86 12.44 NOTE
r-patched-solaris-sparc 0.3-7 161.70 NOTE
r-patched-solaris-x86 0.3-7 35.40 NOTE
r-release-linux-x86_64 0.3-7 0.58 12.30 12.88 NOTE
r-release-osx-x86_64-mavericks 0.3-7 NOTE
r-release-windows-ix86+x86_64 0.3-7 4.00 24.00 28.00 NOTE
r-oldrel-windows-ix86+x86_64 0.3-7 3.00 35.00 38.00 NOTE

Check Details

Version: 0.3-7
Check: dependencies in R code
Result: NOTE
    'library' or 'require' call to ‘lattice’ in package code.
     Please use :: or requireNamespace() instead.
     See section 'Suggested packages' in the 'Writing R Extensions' manual.
Flavors: r-devel-linux-x86_64-debian-clang, r-devel-linux-x86_64-debian-gcc, r-devel-linux-x86_64-fedora-clang, r-devel-linux-x86_64-fedora-gcc, r-devel-osx-x86_64-clang, r-devel-windows-ix86+x86_64, r-patched-linux-x86_64, r-patched-solaris-sparc, r-patched-solaris-x86, r-release-linux-x86_64, r-release-osx-x86_64-mavericks, r-release-windows-ix86+x86_64, r-oldrel-windows-ix86+x86_64

Version: 0.3-7
Check: S3 generic/method consistency
Result: NOTE
    Found the following apparent S3 methods exported but not registered:
     plot.krls predict.krls summary.krls
    See section ‘Registering S3 methods’ in the ‘Writing R Extensions’
    manual.
Flavors: r-devel-linux-x86_64-debian-clang, r-devel-linux-x86_64-debian-gcc, r-devel-linux-x86_64-fedora-clang, r-devel-linux-x86_64-fedora-gcc, r-devel-osx-x86_64-clang, r-patched-linux-x86_64, r-patched-solaris-sparc, r-patched-solaris-x86, r-release-linux-x86_64

Version: 0.3-7
Check: R code for possible problems
Result: NOTE
    fdskrls: no visible global function definition for ‘predict’
    gausskernel: no visible global function definition for ‘dist’
    krls: no visible global function definition for ‘sd’
    krls: no visible global function definition for ‘var’
    krls: no visible binding for global variable ‘sd’
    krls: no visible global function definition for ‘setNames’
    krls: no visible binding for global variable ‘quantile’
    plot.krls: no visible global function definition for ‘par’
    plot.krls: no visible global function definition for ‘devAskNewPage’
    plot.krls: no visible global function definition for ‘as.formula’
    plot.krls: no visible global function definition for ‘histogram’
    plot.krls: no visible binding for global variable ‘quantile’
    plot.krls: no visible global function definition for ‘predict’
    plot.krls: no visible global function definition for ‘plot’
    plot.krls: no visible global function definition for ‘var’
    plot.krls: no visible global function definition for ‘arrows’
    predict.krls: no visible binding for global variable ‘sd’
    predict.krls: no visible global function definition for ‘var’
    summary.krls: no visible global function definition for ‘pt’
    summary.krls: no visible binding for global variable ‘quantile’
    Undefined global functions or variables:
     arrows as.formula devAskNewPage dist histogram par plot predict pt
     quantile sd setNames var
Flavors: r-devel-linux-x86_64-debian-clang, r-devel-linux-x86_64-debian-gcc, r-devel-linux-x86_64-fedora-clang, r-devel-linux-x86_64-fedora-gcc, r-devel-windows-ix86+x86_64

Version: 0.3-7
Check: R code for possible problems
Result: NOTE
    plot.krls: no visible global function definition for ‘histogram’
    Undefined global functions or variables:
     histogram
Flavor: r-devel-osx-x86_64-clang

Version: 0.3-7
Check: R code for possible problems
Result: NOTE
    plot.krls: no visible global function definition for ‘histogram’
Flavors: r-patched-linux-x86_64, r-patched-solaris-sparc, r-patched-solaris-x86, r-release-linux-x86_64, r-release-osx-x86_64-mavericks, r-release-windows-ix86+x86_64, r-oldrel-windows-ix86+x86_64