CRAN Package Check Results for Package KRLS

Last updated on 2015-02-01 05:47:56.

Flavor Version Tinstall Tcheck Ttotal Status Flags
r-devel-linux-x86_64-debian-clang 0.3-7 0.60 12.09 12.68 NOTE
r-devel-linux-x86_64-debian-gcc 0.3-7 0.59 12.03 12.62 NOTE
r-devel-linux-x86_64-fedora-clang 0.3-7 28.24 NOTE
r-devel-linux-x86_64-fedora-gcc 0.3-7 24.62 NOTE
r-devel-osx-x86_64-clang 0.3-7 29.68 NOTE
r-devel-windows-ix86+x86_64 0.3-7 5.00 21.00 26.00 NOTE
r-patched-linux-x86_64 0.3-7 0.64 12.74 13.38 NOTE
r-patched-solaris-sparc 0.3-7 165.70 NOTE
r-patched-solaris-x86 0.3-7 38.40 NOTE
r-release-linux-ix86 0.3-7 0.92 19.01 19.93 NOTE
r-release-linux-x86_64 0.3-7 0.63 12.77 13.40 NOTE
r-release-osx-x86_64-mavericks 0.3-7 NOTE
r-release-osx-x86_64-snowleopard 0.3-7 OK
r-release-windows-ix86+x86_64 0.3-7 2.00 24.00 26.00 NOTE
r-oldrel-windows-ix86+x86_64 0.3-7 2.00 23.00 25.00 OK

Check Details

Version: 0.3-7
Check: dependencies in R code
Result: NOTE
    'library' or 'require' call to ‘lattice’ in package code.
     Please use :: or requireNamespace() instead.
     See section 'Suggested packages' in the 'Writing R Extensions' manual.
Flavors: r-devel-linux-x86_64-debian-clang, r-devel-linux-x86_64-debian-gcc, r-devel-linux-x86_64-fedora-clang, r-devel-linux-x86_64-fedora-gcc, r-devel-osx-x86_64-clang, r-devel-windows-ix86+x86_64

Version: 0.3-7
Check: S3 generic/method consistency
Result: NOTE
    Found the following apparent S3 methods exported but not registered:
     summary.krls plot.krls predict.krls
    See section ‘Registering S3 methods’ in the ‘Writing R Extensions’
    manual.
Flavors: r-devel-linux-x86_64-debian-clang, r-devel-linux-x86_64-debian-gcc, r-devel-linux-x86_64-fedora-clang, r-devel-linux-x86_64-fedora-gcc, r-devel-osx-x86_64-clang

Version: 0.3-7
Check: R code for possible problems
Result: NOTE
    plot.krls: no visible global function definition for ‘histogram’
Flavors: r-devel-linux-x86_64-debian-clang, r-devel-linux-x86_64-debian-gcc, r-devel-linux-x86_64-fedora-clang, r-devel-linux-x86_64-fedora-gcc, r-devel-osx-x86_64-clang, r-devel-windows-ix86+x86_64, r-patched-linux-x86_64, r-patched-solaris-sparc, r-patched-solaris-x86, r-release-linux-ix86, r-release-linux-x86_64, r-release-osx-x86_64-mavericks, r-release-windows-ix86+x86_64