CRAN Package Check Results for Package KRLS

Last updated on 2015-04-25 22:46:51.

Flavor Version Tinstall Tcheck Ttotal Status Flags
r-devel-linux-x86_64-debian-clang 0.3-7 0.64 12.48 13.12 NOTE
r-devel-linux-x86_64-debian-gcc 0.3-7 0.58 12.04 12.62 NOTE
r-devel-linux-x86_64-fedora-clang 0.3-7 24.82 NOTE
r-devel-linux-x86_64-fedora-gcc 0.3-7 24.66 NOTE
r-devel-osx-x86_64-clang 0.3-7 28.06 NOTE
r-devel-windows-ix86+x86_64 0.3-7 3.00 23.00 26.00 NOTE
r-patched-linux-x86_64 0.3-7 0.62 12.26 12.88 NOTE
r-patched-solaris-sparc 0.3-7 181.10 NOTE
r-patched-solaris-x86 0.3-7 35.20 NOTE
r-release-linux-x86_64 0.3-7 0.59 12.22 12.81 NOTE
r-release-osx-x86_64-mavericks 0.3-7 NOTE
r-release-osx-x86_64-snowleopard 0.3-7 NOTE
r-release-windows-ix86+x86_64 0.3-7 2.00 21.00 23.00 NOTE
r-oldrel-windows-ix86+x86_64 0.3-7 2.00 21.00 23.00 NOTE

Check Details

Version: 0.3-7
Check: dependencies in R code
Result: NOTE
    'library' or 'require' call to 'lattice' in package code.
     Please use :: or requireNamespace() instead.
     See section 'Suggested packages' in the 'Writing R Extensions' manual.
Flavors: r-devel-windows-ix86+x86_64, r-release-windows-ix86+x86_64, r-oldrel-windows-ix86+x86_64

Version: 0.3-7
Check: R code for possible problems
Result: NOTE
    plot.krls: no visible global function definition for 'histogram'
Flavors: r-devel-windows-ix86+x86_64, r-release-windows-ix86+x86_64, r-oldrel-windows-ix86+x86_64