Last updated on 2023-03-25 17:50:23 CET.
Flavor | Version | Tinstall | Tcheck | Ttotal | Status | Flags |
---|---|---|---|---|---|---|
r-devel-linux-x86_64-debian-clang | 1.4.0 | 3.34 | 33.24 | 36.58 | NOTE | |
r-devel-linux-x86_64-debian-gcc | 1.4.0 | 2.14 | 25.53 | 27.67 | NOTE | |
r-devel-linux-x86_64-fedora-gcc | 1.4.0 | 45.10 | NOTE | |||
r-devel-windows-x86_64 | 1.4.0 | 10.00 | 63.00 | 73.00 | NOTE | |
r-patched-linux-x86_64 | 1.4.0 | 2.78 | 32.64 | 35.42 | NOTE | |
r-release-linux-x86_64 | 1.4.0 | 3.19 | 33.56 | 36.75 | NOTE | |
r-release-macos-arm64 | 1.4.0 | 19.00 | NOTE | |||
r-release-macos-x86_64 | 1.4.0 | 26.00 | NOTE | |||
r-release-windows-x86_64 | 1.4.0 | 15.00 | 63.00 | 78.00 | NOTE | |
r-oldrel-macos-arm64 | 1.4.0 | 23.00 | NOTE | |||
r-oldrel-macos-x86_64 | 1.4.0 | 33.00 | NOTE | |||
r-oldrel-windows-ix86+x86_64 | 1.4.0 | 7.00 | 59.00 | 66.00 | NOTE |
Version: 1.4.0
Check: LazyData
Result: NOTE
'LazyData' is specified without a 'data' directory
Flavors: r-devel-linux-x86_64-debian-clang, r-devel-linux-x86_64-debian-gcc, r-devel-linux-x86_64-fedora-gcc, r-devel-windows-x86_64, r-patched-linux-x86_64, r-release-linux-x86_64, r-release-macos-arm64, r-release-macos-x86_64, r-release-windows-x86_64, r-oldrel-macos-arm64, r-oldrel-macos-x86_64, r-oldrel-windows-ix86+x86_64