Last updated on 2023-02-06 23:02:18 CET.
Flavor | Version | Tinstall | Tcheck | Ttotal | Status | Flags |
---|---|---|---|---|---|---|
r-devel-linux-x86_64-debian-clang | 1.1.1 | 36.98 | 41.45 | 78.43 | NOTE | |
r-devel-linux-x86_64-debian-gcc | 1.1.1 | 27.45 | 30.79 | 58.24 | NOTE | |
r-devel-linux-x86_64-fedora-clang | 1.1.1 | 128.49 | NOTE | |||
r-devel-linux-x86_64-fedora-gcc | 1.1.1 | 102.13 | NOTE | |||
r-devel-windows-x86_64 | 1.1.1 | 58.00 | 101.00 | 159.00 | NOTE | |
r-patched-linux-x86_64 | 1.1.1 | 31.53 | 37.91 | 69.44 | OK | |
r-release-linux-x86_64 | 1.1.1 | 29.37 | 37.82 | 67.19 | OK | |
r-release-macos-arm64 | 1.1.1 | 36.00 | OK | |||
r-release-macos-x86_64 | 1.1.1 | 43.00 | OK | |||
r-release-windows-x86_64 | 1.1.1 | 53.00 | 111.00 | 164.00 | OK | |
r-oldrel-macos-arm64 | 1.1.1 | 40.00 | OK | |||
r-oldrel-macos-x86_64 | 1.1.1 | 45.00 | OK | |||
r-oldrel-windows-ix86+x86_64 | 1.1.1 | 98.00 | 91.00 | 189.00 | OK |
Version: 1.1.1
Check: C++ specification
Result: NOTE
Specified C++11: please update to current default of C++17
Flavors: r-devel-linux-x86_64-debian-clang, r-devel-linux-x86_64-debian-gcc, r-devel-linux-x86_64-fedora-clang, r-devel-linux-x86_64-fedora-gcc, r-devel-windows-x86_64