CRAN Package Check Results for Package KappaGUI

Last updated on 2015-08-01 06:47:57.

Flavor Version Tinstall Tcheck Ttotal Status Flags
r-devel-linux-x86_64-debian-clang 1.2 0.64 10.03 10.67 NOTE
r-devel-linux-x86_64-debian-gcc 1.2 0.64 9.64 10.27 NOTE
r-devel-linux-x86_64-fedora-clang 1.2 20.23 NOTE
r-devel-linux-x86_64-fedora-gcc 1.2 19.27 NOTE
r-devel-osx-x86_64-clang 1.2 22.36 OK
r-devel-windows-ix86+x86_64 1.2 3.00 19.00 22.00 NOTE
r-patched-linux-x86_64 1.2 0.70 9.79 10.49 OK
r-patched-solaris-sparc 1.2 138.60 OK
r-patched-solaris-x86 1.2 32.10 OK
r-release-linux-x86_64 1.2 0.74 10.02 10.76 OK
r-release-osx-x86_64-mavericks 1.2 OK
r-release-windows-ix86+x86_64 1.2 3.00 19.00 22.00 OK
r-oldrel-windows-ix86+x86_64 1.2 5.00 26.00 31.00 OK

Check Details

Version: 1.2
Check: R code for possible problems
Result: NOTE
    StartKappa: no visible global function definition for ‘read.csv’
    StartKappa: no visible global function definition for ‘na.omit’
    StartKappa: no visible global function definition for ‘write.csv2’
    Undefined global functions or variables:
     na.omit read.csv write.csv2
    Consider adding
     importFrom("stats", "na.omit")
     importFrom("utils", "read.csv", "write.csv2")
    to your NAMESPACE.
Flavors: r-devel-linux-x86_64-debian-clang, r-devel-linux-x86_64-debian-gcc, r-devel-linux-x86_64-fedora-clang, r-devel-linux-x86_64-fedora-gcc, r-devel-windows-ix86+x86_64