CRAN Package Check Results for Package KappaGUI

Last updated on 2017-09-22 20:47:17.

Flavor Version Tinstall Tcheck Ttotal Status Flags
r-devel-linux-x86_64-debian-clang 2.0.1 0.94 15.15 16.09 OK
r-devel-linux-x86_64-debian-gcc 2.0.1 0.98 14.45 15.43 OK
r-devel-linux-x86_64-fedora-clang 2.0.1 28.55 OK
r-devel-linux-x86_64-fedora-gcc 2.0.1 27.08 OK
r-devel-windows-ix86+x86_64 2.0.1 3.00 33.00 36.00 OK
r-patched-linux-x86_64 2.0.1 0.90 14.43 15.34 OK
r-patched-solaris-x86 2.0.1 41.60 OK
r-release-linux-x86_64 2.0.1 0.95 14.61 15.55 OK
r-release-windows-ix86+x86_64 2.0.1 4.00 33.00 37.00 OK
r-release-osx-x86_64 2.0.1 OK
r-oldrel-windows-ix86+x86_64 1.2 3.00 26.00 29.00 NOTE
r-oldrel-osx-x86_64 2.0.1 ERROR

Check Details

Version: 1.2
Check: R code for possible problems
Result: NOTE
    StartKappa: no visible global function definition for 'read.csv'
    StartKappa: no visible global function definition for 'na.omit'
    StartKappa: no visible global function definition for 'write.csv2'
    Undefined global functions or variables:
     na.omit read.csv write.csv2
    Consider adding
     importFrom("stats", "na.omit")
     importFrom("utils", "read.csv", "write.csv2")
    to your NAMESPACE file.
Flavor: r-oldrel-windows-ix86+x86_64

Version: 2.0.1
Check: whether package can be installed
Result: ERROR
    Installation failed.
Flavor: r-oldrel-osx-x86_64