CRAN Package Check Results for Package KappaGUI

Last updated on 2014-07-26 08:50:51.

Flavor Version Tinstall Tcheck Ttotal Status Flags
r-devel-linux-x86_64-debian-clang 1.1 0.64 10.09 10.73 NOTE
r-devel-linux-x86_64-debian-gcc 1.1 0.62 10.03 10.65 NOTE
r-devel-linux-x86_64-fedora-clang 1.1 21.20 NOTE
r-devel-linux-x86_64-fedora-gcc 1.1 20.63 NOTE
r-devel-osx-x86_64-clang 1.1 26.17 NOTE
r-devel-windows-ix86+x86_64 1.1 3.00 19.00 22.00 NOTE
r-patched-linux-x86_64 1.1 0.65 10.05 10.70 NOTE
r-patched-solaris-sparc 1.1 133.00 NOTE
r-patched-solaris-x86 1.1 35.70 NOTE
r-release-linux-ix86 1.1 1.03 16.60 17.64 NOTE
r-release-linux-x86_64 1.1 0.69 10.39 11.08 NOTE
r-release-osx-x86_64-mavericks 1.1 NOTE
r-release-osx-x86_64-snowleopard 1.1 OK
r-release-windows-ix86+x86_64 1.1 5.00 19.00 24.00 NOTE
r-oldrel-windows-ix86+x86_64 1.1 4.00 18.00 22.00 NOTE

Check Details

Version: 1.1
Check: dependencies in R code
Result: NOTE
    Package in Depends field not imported from: ‘irr’
     These packages need to be imported from (in the NAMESPACE file)
     for when this namespace is loaded but not attached.
    See the information on DESCRIPTION files in the chapter ‘Creating R
    packages’ of the ‘Writing R Extensions’ manual.
Flavors: r-devel-linux-x86_64-debian-clang, r-devel-linux-x86_64-debian-gcc, r-devel-linux-x86_64-fedora-clang, r-devel-linux-x86_64-fedora-gcc, r-devel-osx-x86_64-clang, r-devel-windows-ix86+x86_64, r-patched-linux-x86_64, r-patched-solaris-sparc, r-patched-solaris-x86, r-release-linux-ix86, r-release-linux-x86_64, r-release-osx-x86_64-mavericks, r-release-windows-ix86+x86_64, r-oldrel-windows-ix86+x86_64