CRAN Package Check Results for Package KappaGUI

Last updated on 2015-07-07 21:46:38.

Flavor Version Tinstall Tcheck Ttotal Status Flags
r-devel-linux-x86_64-debian-clang 1.2 0.67 10.39 11.06 NOTE
r-devel-linux-x86_64-debian-gcc 1.2 0.71 9.55 10.26 NOTE
r-devel-linux-x86_64-fedora-clang 1.2 19.45 NOTE
r-devel-linux-x86_64-fedora-gcc 1.2 18.66 NOTE
r-devel-osx-x86_64-clang 1.2 22.16 OK
r-devel-windows-ix86+x86_64 1.2 3.00 20.00 23.00 NOTE
r-patched-linux-x86_64 1.2 0.66 9.82 10.48 OK
r-patched-solaris-sparc 1.2 146.40 OK
r-patched-solaris-x86 1.2 34.20 OK
r-release-linux-x86_64 1.2 0.66 9.82 10.49 OK
r-release-osx-x86_64-mavericks 1.2 OK
r-release-windows-ix86+x86_64 1.2 3.00 19.00 22.00 OK
r-oldrel-windows-ix86+x86_64 1.2 5.00 26.00 31.00 OK

Check Details

Version: 1.2
Check: R code for possible problems
Result: NOTE
    StartKappa: no visible global function definition for ‘read.csv’
    StartKappa: no visible global function definition for ‘na.omit’
    StartKappa: no visible global function definition for ‘write.csv2’
    Undefined global functions or variables:
     na.omit read.csv write.csv2
Flavors: r-devel-linux-x86_64-debian-clang, r-devel-linux-x86_64-debian-gcc, r-devel-linux-x86_64-fedora-clang, r-devel-linux-x86_64-fedora-gcc, r-devel-windows-ix86+x86_64