CRAN Package Check Results for Package KappaGUI

Last updated on 2014-04-25 05:47:18.

Flavor Version Tinstall Tcheck Ttotal Status Flags
r-devel-linux-x86_64-debian-clang 1.1 0.72 10.81 11.52 NOTE
r-devel-linux-x86_64-debian-gcc 1.1 0.76 10.80 11.55 NOTE
r-devel-linux-x86_64-fedora-clang 1.1 21.21 NOTE
r-devel-linux-x86_64-fedora-gcc 1.1 20.73 NOTE
r-devel-osx-x86_64-clang 1.1 27.21 NOTE
r-devel-osx-x86_64-gcc 1.1 NOTE
r-devel-windows-ix86+x86_64 1.1 3.00 19.00 22.00 NOTE
r-patched-linux-x86_64 1.1 0.71 10.71 11.42 NOTE
r-patched-solaris-sparc 1.1 133.00 NOTE
r-patched-solaris-x86 1.1 43.80 NOTE
r-release-linux-ix86 1.1 1.00 24.00 25.00 NOTE
r-release-linux-x86_64 1.1 0.71 10.83 11.54 NOTE
r-release-osx-x86_64-mavericks 1.1 NOTE
r-release-osx-x86_64-snowleopard 1.1 OK
r-release-windows-ix86+x86_64 1.1 7.00 26.00 33.00 NOTE
r-oldrel-windows-ix86+x86_64 1.1 3.00 19.00 22.00 NOTE

Check Details

Version: 1.1
Check: dependencies in R code
Result: NOTE
    Package in Depends field not imported from: ‘irr’
     These packages need to be imported from (in the NAMESPACE file)
     for when this namespace is loaded but not attached.
    See the information on DESCRIPTION files in the chapter ‘Creating R
    packages’ of the ‘Writing R Extensions’ manual.
Flavors: r-devel-linux-x86_64-debian-clang, r-devel-linux-x86_64-debian-gcc, r-devel-linux-x86_64-fedora-clang, r-devel-linux-x86_64-fedora-gcc, r-devel-osx-x86_64-clang, r-devel-osx-x86_64-gcc, r-devel-windows-ix86+x86_64, r-patched-linux-x86_64, r-patched-solaris-sparc, r-patched-solaris-x86, r-release-linux-ix86, r-release-linux-x86_64, r-release-osx-x86_64-mavericks, r-release-windows-ix86+x86_64, r-oldrel-windows-ix86+x86_64