CRAN Package Check Results for Package KappaGUI

Last updated on 2017-07-24 01:50:27.

Flavor Version Tinstall Tcheck Ttotal Status Flags
r-devel-linux-x86_64-debian-clang 2.0.0 0.90 20.22 21.12 OK
r-devel-linux-x86_64-debian-gcc 2.0.0 1.38 21.27 22.65 OK
r-devel-linux-x86_64-fedora-clang 2.0.0 30.28 OK
r-devel-linux-x86_64-fedora-gcc 2.0.0 28.87 OK
r-devel-windows-ix86+x86_64 2.0.0 8.00 47.00 55.00 OK
r-patched-linux-x86_64 2.0.0 0.93 20.10 21.03 OK
r-patched-solaris-x86 2.0.0 41.80 OK
r-release-linux-x86_64 2.0.0 0.88 20.17 21.05 OK
r-release-windows-ix86+x86_64 2.0.0 3.00 44.00 47.00 OK
r-release-osx-x86_64 2.0.0 OK
r-oldrel-windows-ix86+x86_64 1.2 3.00 26.00 29.00 NOTE
r-oldrel-osx-x86_64 2.0.0 ERROR

Check Details

Version: 1.2
Check: R code for possible problems
Result: NOTE
    StartKappa: no visible global function definition for 'read.csv'
    StartKappa: no visible global function definition for 'na.omit'
    StartKappa: no visible global function definition for 'write.csv2'
    Undefined global functions or variables:
     na.omit read.csv write.csv2
    Consider adding
     importFrom("stats", "na.omit")
     importFrom("utils", "read.csv", "write.csv2")
    to your NAMESPACE file.
Flavor: r-oldrel-windows-ix86+x86_64

Version: 2.0.0
Check: whether package can be installed
Result: ERROR
    Installation failed.
Flavor: r-oldrel-osx-x86_64