CRAN Package Check Results for Package KappaGUI

Last updated on 2016-06-26 22:47:48.

Flavor Version Tinstall Tcheck Ttotal Status Flags
r-devel-linux-x86_64-debian-gcc 1.2 0.65 9.91 10.56 NOTE
r-devel-linux-x86_64-fedora-clang 1.2 16.90 NOTE
r-devel-linux-x86_64-fedora-gcc 1.2 16.10 NOTE
r-devel-osx-x86_64-clang 1.2 15.00 NOTE
r-devel-windows-ix86+x86_64 1.2 3.00 27.00 30.00 NOTE
r-patched-linux-x86_64 1.2 0.86 10.52 11.38 NOTE
r-patched-solaris-sparc 1.2 112.80 NOTE
r-patched-solaris-x86 1.2 27.50 NOTE
r-release-linux-x86_64 1.2 0.63 10.38 11.01 NOTE
r-release-osx-x86_64-mavericks 1.2 WARN
r-release-windows-ix86+x86_64 1.2 3.00 43.00 46.00 NOTE
r-oldrel-windows-ix86+x86_64 1.2 3.00 21.00 24.00 OK

Check Details

Version: 1.2
Check: R code for possible problems
Result: NOTE
    StartKappa: no visible global function definition for ‘read.csv’
    StartKappa: no visible global function definition for ‘na.omit’
    StartKappa: no visible global function definition for ‘write.csv2’
    Undefined global functions or variables:
     na.omit read.csv write.csv2
    Consider adding
     importFrom("stats", "na.omit")
     importFrom("utils", "read.csv", "write.csv2")
    to your NAMESPACE file.
Flavors: r-devel-linux-x86_64-debian-gcc, r-devel-linux-x86_64-fedora-clang, r-devel-linux-x86_64-fedora-gcc, r-devel-osx-x86_64-clang, r-devel-windows-ix86+x86_64, r-patched-linux-x86_64, r-patched-solaris-sparc, r-patched-solaris-x86, r-release-linux-x86_64, r-release-windows-ix86+x86_64

Version: 1.2
Check: dependencies in R code
Result: NOTE
    Invalid MIT-MAGIC-COOKIE-1 key
Flavor: r-release-osx-x86_64-mavericks

Version: 1.2
Check: S3 generic/method consistency
Result: WARN
    Invalid MIT-MAGIC-COOKIE-1 key
    See section ‘Generic functions and methods’ in the ‘Writing R
    Extensions’ manual.
Flavor: r-release-osx-x86_64-mavericks

Version: 1.2
Check: replacement functions
Result: WARN
    Invalid MIT-MAGIC-COOKIE-1 key
    The argument of a replacement function which corresponds to the right
    hand side must be named ‘value’.
Flavor: r-release-osx-x86_64-mavericks

Version: 1.2
Check: foreign function calls
Result: NOTE
    Invalid MIT-MAGIC-COOKIE-1 key
    See chapter ‘System and foreign language interfaces’ in the ‘Writing R
    Extensions’ manual.
Flavor: r-release-osx-x86_64-mavericks

Version: 1.2
Check: R code for possible problems
Result: NOTE
    Invalid MIT-MAGIC-COOKIE-1 keyStartKappa: no visible global function definition for ‘read.csv’
    StartKappa: no visible global function definition for ‘na.omit’
    StartKappa: no visible global function definition for ‘write.csv2’
    Undefined global functions or variables:
     na.omit read.csv write.csv2
    Consider adding
     importFrom("stats", "na.omit")
     importFrom("utils", "read.csv", "write.csv2")
    to your NAMESPACE file.
Flavor: r-release-osx-x86_64-mavericks

Version: 1.2
Check: for missing documentation entries
Result: WARN
    Invalid MIT-MAGIC-COOKIE-1 key
    All user-level objects in a package should have documentation entries.
    See chapter ‘Writing R documentation files’ in the ‘Writing R
    Extensions’ manual.
Flavor: r-release-osx-x86_64-mavericks

Version: 1.2
Check: for code/documentation mismatches
Result: WARN
    Invalid MIT-MAGIC-COOKIE-1 key
    Invalid MIT-MAGIC-COOKIE-1 key
    Invalid MIT-MAGIC-COOKIE-1 key
Flavor: r-release-osx-x86_64-mavericks

Version: 1.2
Check: Rd \usage sections
Result: NOTE
    Invalid MIT-MAGIC-COOKIE-1 key
    The \usage entries for S3 methods should use the \method markup and not
    their full name.
    See chapter ‘Writing R documentation files’ in the ‘Writing R
    Extensions’ manual.
Flavor: r-release-osx-x86_64-mavericks