CRAN Package Check Results for Package KappaGUI

Last updated on 2017-01-21 16:48:39.

Flavor Version Tinstall Tcheck Ttotal Status Flags
r-devel-linux-x86_64-debian-clang 1.2 0.73 12.11 12.84 NOTE
r-devel-linux-x86_64-debian-gcc 1.2 0.82 11.63 12.45 NOTE
r-devel-linux-x86_64-fedora-clang 1.2 20.07 NOTE --no-stop-on-test-error
r-devel-linux-x86_64-fedora-gcc 1.2 19.10 NOTE --no-stop-on-test-error
r-devel-macos-x86_64-clang 1.2 18.69 NOTE --no-stop-on-test-error
r-devel-windows-ix86+x86_64 1.2 4.00 28.00 32.00 NOTE
r-patched-linux-x86_64 1.2 0.62 10.10 10.72 NOTE
r-patched-solaris-sparc 1.2 113.40 NOTE
r-patched-solaris-x86 1.2 28.90 NOTE
r-release-linux-x86_64 1.2 0.65 10.09 10.74 NOTE
r-release-osx-x86_64-mavericks 1.2 WARN
r-release-windows-ix86+x86_64 1.2 3.00 26.00 29.00 NOTE
r-oldrel-windows-ix86+x86_64 1.2 3.00 24.00 27.00 OK

Check Details

Version: 1.2
Check: R code for possible problems
Result: NOTE
    StartKappa: no visible global function definition for ‘read.csv’
    StartKappa: no visible global function definition for ‘na.omit’
    StartKappa: no visible global function definition for ‘write.csv2’
    Undefined global functions or variables:
     na.omit read.csv write.csv2
    Consider adding
     importFrom("stats", "na.omit")
     importFrom("utils", "read.csv", "write.csv2")
    to your NAMESPACE file.
Flavors: r-devel-linux-x86_64-debian-clang, r-devel-linux-x86_64-debian-gcc, r-devel-windows-ix86+x86_64, r-patched-linux-x86_64, r-patched-solaris-sparc, r-patched-solaris-x86, r-release-linux-x86_64, r-release-windows-ix86+x86_64

Version: 1.2
Flags: --no-stop-on-test-error
Check: R code for possible problems
Result: NOTE
    StartKappa: no visible global function definition for ‘read.csv’
    StartKappa: no visible global function definition for ‘na.omit’
    StartKappa: no visible global function definition for ‘write.csv2’
    Undefined global functions or variables:
     na.omit read.csv write.csv2
    Consider adding
     importFrom("stats", "na.omit")
     importFrom("utils", "read.csv", "write.csv2")
    to your NAMESPACE file.
Flavors: r-devel-linux-x86_64-fedora-clang, r-devel-linux-x86_64-fedora-gcc, r-devel-macos-x86_64-clang

Version: 1.2
Check: dependencies in R code
Result: NOTE
    Invalid MIT-MAGIC-COOKIE-1 key
Flavor: r-release-osx-x86_64-mavericks

Version: 1.2
Check: S3 generic/method consistency
Result: WARN
    Invalid MIT-MAGIC-COOKIE-1 key
    See section ‘Generic functions and methods’ in the ‘Writing R
    Extensions’ manual.
Flavor: r-release-osx-x86_64-mavericks

Version: 1.2
Check: replacement functions
Result: WARN
    Invalid MIT-MAGIC-COOKIE-1 key
    The argument of a replacement function which corresponds to the right
    hand side must be named ‘value’.
Flavor: r-release-osx-x86_64-mavericks

Version: 1.2
Check: foreign function calls
Result: NOTE
    Invalid MIT-MAGIC-COOKIE-1 key
    See chapter ‘System and foreign language interfaces’ in the ‘Writing R
    Extensions’ manual.
Flavor: r-release-osx-x86_64-mavericks

Version: 1.2
Check: R code for possible problems
Result: NOTE
    Invalid MIT-MAGIC-COOKIE-1 keyStartKappa: no visible global function definition for ‘read.csv’
    StartKappa: no visible global function definition for ‘na.omit’
    StartKappa: no visible global function definition for ‘write.csv2’
    Undefined global functions or variables:
     na.omit read.csv write.csv2
    Consider adding
     importFrom("stats", "na.omit")
     importFrom("utils", "read.csv", "write.csv2")
    to your NAMESPACE file.
Flavor: r-release-osx-x86_64-mavericks

Version: 1.2
Check: for missing documentation entries
Result: WARN
    Invalid MIT-MAGIC-COOKIE-1 key
    All user-level objects in a package should have documentation entries.
    See chapter ‘Writing R documentation files’ in the ‘Writing R
    Extensions’ manual.
Flavor: r-release-osx-x86_64-mavericks

Version: 1.2
Check: for code/documentation mismatches
Result: WARN
    Invalid MIT-MAGIC-COOKIE-1 key
    Invalid MIT-MAGIC-COOKIE-1 key
    Invalid MIT-MAGIC-COOKIE-1 key
Flavor: r-release-osx-x86_64-mavericks

Version: 1.2
Check: Rd \usage sections
Result: NOTE
    Invalid MIT-MAGIC-COOKIE-1 key
    The \usage entries for S3 methods should use the \method markup and not
    their full name.
    See chapter ‘Writing R documentation files’ in the ‘Writing R
    Extensions’ manual.
Flavor: r-release-osx-x86_64-mavericks