CRAN Package Check Results for Package KappaGUI

Last updated on 2015-04-21 06:47:28.

Flavor Version Tinstall Tcheck Ttotal Status Flags
r-devel-linux-x86_64-debian-clang 1.2 0.67 9.97 10.64 OK
r-devel-linux-x86_64-debian-gcc 1.2 0.66 9.62 10.29 OK
r-devel-linux-x86_64-fedora-clang 1.2 20.69 OK
r-devel-linux-x86_64-fedora-gcc 1.2 20.39 OK
r-devel-osx-x86_64-clang 1.2 26.45 OK
r-devel-windows-ix86+x86_64 1.1 5.00 21.00 26.00 NOTE
r-patched-linux-x86_64 1.2 2.67 9.96 12.63 OK
r-patched-solaris-sparc 1.2 140.90 OK
r-patched-solaris-x86 1.2 33.60 OK
r-release-linux-x86_64 1.2 0.72 9.68 10.40 OK
r-release-osx-x86_64-mavericks 1.2 OK
r-release-osx-x86_64-snowleopard 1.2 OK
r-release-windows-ix86+x86_64 1.2 2.00 19.00 21.00 OK
r-oldrel-windows-ix86+x86_64 1.2 5.00 26.00 31.00 OK

Check Details

Version: 1.1
Check: dependencies in R code
Result: NOTE
    Packages in Depends field not imported from:
     'irr' 'tcltk'
     These packages need to be imported from (in the NAMESPACE file)
     for when this namespace is loaded but not attached.
Flavor: r-devel-windows-ix86+x86_64

Version: 1.1
Check: R code for possible problems
Result: NOTE
    Sel_procedure: no visible global function definition for 'tktoplevel'
    Sel_procedure: no visible global function definition for 'tktitle<-'
    Sel_procedure: no visible global function definition for 'tclVar'
    Sel_procedure: no visible global function definition for 'tkentry'
    Sel_procedure: no visible global function definition for 'tkgrid'
    Sel_procedure: no visible global function definition for 'tklabel'
    Sel_procedure: no visible global function definition for 'tkbutton'
    Sel_procedure : <anonymous>: no visible global function definition for
     'tkdestroy'
    Sel_procedure: no visible global function definition for 'tkfocus'
    Sel_procedure: no visible global function definition for
     'tkwait.window'
    Sel_procedure: no visible global function definition for 'tclvalue'
    Sel_procedure: no visible global function definition for
     'tkradiobutton'
    Sel_procedure: no visible global function definition for 'tkconfigure'
    StartKappa: no visible global function definition for 'tkmessageBox'
    StartKappa: no visible global function definition for 'tclvalue'
    StartKappa: no visible global function definition for 'tkgetOpenFile'
    StartKappa: no visible global function definition for 'kappa2'
    StartKappa: no visible global function definition for 'kappam.fleiss'
    StartKappa: no visible global function definition for 'tkgetSaveFile'
    datafile_details: no visible global function definition for
     'tktoplevel'
    datafile_details: no visible global function definition for
     'tkwm.title'
    datafile_details: no visible global function definition for 'tkframe'
    datafile_details: no visible global function definition for
     'tkcheckbutton'
    datafile_details: no visible global function definition for 'tclVar'
    datafile_details: no visible global function definition for
     'tkconfigure'
    datafile_details: no visible global function definition for 'tkgrid'
    datafile_details: no visible global function definition for 'tklabel'
    datafile_details : PressedOK: no visible global function definition for
     'tclvalue'
    datafile_details : PressedOK: no visible global function definition for
     'tkgrab.release'
    datafile_details : PressedOK: no visible global function definition for
     'tkdestroy'
    datafile_details: no visible global function definition for 'tkbutton'
    datafile_details: no visible global function definition for 'tkfocus'
    datafile_details: no visible global function definition for
     'tkwait.window'
Flavor: r-devel-windows-ix86+x86_64