CRAN Package Check Results for Package KappaGUI

Last updated on 2016-05-05 11:48:09.

Flavor Version Tinstall Tcheck Ttotal Status Flags
r-devel-linux-x86_64-debian-gcc 1.2 0.67 10.23 10.90 NOTE
r-devel-linux-x86_64-fedora-clang 1.2 17.60 NOTE
r-devel-linux-x86_64-fedora-gcc 1.2 16.45 NOTE
r-devel-osx-x86_64-clang 1.2 22.97 NOTE
r-devel-windows-ix86+x86_64 1.2 3.00 43.00 46.00 NOTE
r-patched-linux-x86_64 1.2 0.65 9.86 10.51 NOTE
r-patched-solaris-sparc 1.2 111.60 NOTE
r-patched-solaris-x86 1.2 27.70 NOTE
r-release-linux-x86_64 1.2 0.69 10.02 10.71 NOTE
r-release-osx-x86_64-mavericks 1.2 OK
r-release-windows-ix86+x86_64 1.2 3.00 43.00 46.00 NOTE
r-oldrel-windows-ix86+x86_64 1.2 3.00 21.00 24.00 OK

Check Details

Version: 1.2
Check: R code for possible problems
Result: NOTE
    StartKappa: no visible global function definition for ‘read.csv’
    StartKappa: no visible global function definition for ‘na.omit’
    StartKappa: no visible global function definition for ‘write.csv2’
    Undefined global functions or variables:
     na.omit read.csv write.csv2
    Consider adding
     importFrom("stats", "na.omit")
     importFrom("utils", "read.csv", "write.csv2")
    to your NAMESPACE file.
Flavors: r-devel-linux-x86_64-debian-gcc, r-devel-linux-x86_64-fedora-clang, r-devel-linux-x86_64-fedora-gcc, r-devel-osx-x86_64-clang, r-devel-windows-ix86+x86_64, r-patched-linux-x86_64, r-patched-solaris-sparc, r-patched-solaris-x86, r-release-linux-x86_64, r-release-windows-ix86+x86_64