CRAN Package Check Results for Package KappaGUI

Last updated on 2015-01-29 07:48:48.

Flavor Version Tinstall Tcheck Ttotal Status Flags
r-devel-linux-x86_64-debian-clang 1.1 0.67 9.93 10.60 NOTE
r-devel-linux-x86_64-debian-gcc 1.1 0.67 9.38 10.05 NOTE
r-devel-linux-x86_64-fedora-clang 1.1 23.83 NOTE
r-devel-linux-x86_64-fedora-gcc 1.1 20.75 NOTE
r-devel-osx-x86_64-clang 1.1 27.76 NOTE
r-devel-windows-ix86+x86_64 1.1 5.00 22.00 27.00 NOTE
r-patched-linux-x86_64 1.1 0.72 10.56 11.28 NOTE
r-patched-solaris-sparc 1.1 141.70 NOTE
r-patched-solaris-x86 1.1 36.40 NOTE
r-release-linux-ix86 1.1 1.04 16.64 17.67 NOTE
r-release-linux-x86_64 1.1 0.72 10.62 11.35 NOTE
r-release-osx-x86_64-mavericks 1.1 NOTE
r-release-osx-x86_64-snowleopard 1.1 OK
r-release-windows-ix86+x86_64 1.1 3.00 21.00 24.00 NOTE
r-oldrel-windows-ix86+x86_64 1.1 3.00 20.00 23.00 NOTE

Check Details

Version: 1.1
Check: dependencies in R code
Result: NOTE
    Packages in Depends field not imported from:
     ‘irr’ ‘tcltk’
     These packages need to be imported from (in the NAMESPACE file)
     for when this namespace is loaded but not attached.
Flavors: r-devel-linux-x86_64-debian-clang, r-devel-linux-x86_64-debian-gcc, r-devel-linux-x86_64-fedora-clang, r-devel-linux-x86_64-fedora-gcc, r-devel-osx-x86_64-clang, r-devel-windows-ix86+x86_64

Version: 1.1
Check: R code for possible problems
Result: NOTE
    Sel_procedure: no visible global function definition for ‘tktoplevel’
    Sel_procedure: no visible global function definition for ‘tktitle<-’
    Sel_procedure: no visible global function definition for ‘tclVar’
    Sel_procedure: no visible global function definition for ‘tkentry’
    Sel_procedure: no visible global function definition for ‘tkgrid’
    Sel_procedure: no visible global function definition for ‘tklabel’
    Sel_procedure: no visible global function definition for ‘tkbutton’
    Sel_procedure : <anonymous>: no visible global function definition for
     ‘tkdestroy’
    Sel_procedure: no visible global function definition for ‘tkfocus’
    Sel_procedure: no visible global function definition for
     ‘tkwait.window’
    Sel_procedure: no visible global function definition for ‘tclvalue’
    Sel_procedure: no visible global function definition for
     ‘tkradiobutton’
    Sel_procedure: no visible global function definition for ‘tkconfigure’
    StartKappa: no visible global function definition for ‘tkmessageBox’
    StartKappa: no visible global function definition for ‘tclvalue’
    StartKappa: no visible global function definition for ‘tkgetOpenFile’
    StartKappa: no visible global function definition for ‘kappa2’
    StartKappa: no visible global function definition for ‘kappam.fleiss’
    StartKappa: no visible global function definition for ‘tkgetSaveFile’
    datafile_details: no visible global function definition for
     ‘tktoplevel’
    datafile_details: no visible global function definition for
     ‘tkwm.title’
    datafile_details: no visible global function definition for ‘tkframe’
    datafile_details: no visible global function definition for
     ‘tkcheckbutton’
    datafile_details: no visible global function definition for ‘tclVar’
    datafile_details: no visible global function definition for
     ‘tkconfigure’
    datafile_details: no visible global function definition for ‘tkgrid’
    datafile_details: no visible global function definition for ‘tklabel’
    datafile_details : PressedOK: no visible global function definition for
     ‘tclvalue’
    datafile_details : PressedOK: no visible global function definition for
     ‘tkgrab.release’
    datafile_details : PressedOK: no visible global function definition for
     ‘tkdestroy’
    datafile_details: no visible global function definition for ‘tkbutton’
    datafile_details: no visible global function definition for ‘tkfocus’
    datafile_details: no visible global function definition for
     ‘tkwait.window’
Flavors: r-devel-linux-x86_64-debian-clang, r-devel-linux-x86_64-debian-gcc, r-devel-linux-x86_64-fedora-clang, r-devel-linux-x86_64-fedora-gcc, r-devel-osx-x86_64-clang, r-devel-windows-ix86+x86_64, r-patched-linux-x86_64, r-patched-solaris-sparc, r-patched-solaris-x86, r-release-linux-ix86, r-release-linux-x86_64, r-release-osx-x86_64-mavericks, r-release-windows-ix86+x86_64

Version: 1.1
Check: dependencies in R code
Result: NOTE
    Packages in Depends field not imported from:
     ‘irr’ ‘tcltk’
     These packages need to be imported from (in the NAMESPACE file)
     for when this namespace is loaded but not attached.
    See the information on DESCRIPTION files in the chapter ‘Creating R
    packages’ of the ‘Writing R Extensions’ manual.
Flavors: r-patched-linux-x86_64, r-patched-solaris-sparc, r-patched-solaris-x86, r-release-linux-ix86, r-release-linux-x86_64, r-release-osx-x86_64-mavericks, r-release-windows-ix86+x86_64

Version: 1.1
Check: dependencies in R code
Result: NOTE
    Package in Depends field not imported from: 'irr'
     These packages need to be imported from (in the NAMESPACE file)
     for when this namespace is loaded but not attached.
    See the information on DESCRIPTION files in the chapter 'Creating R
    packages' of the 'Writing R Extensions' manual.
Flavor: r-oldrel-windows-ix86+x86_64