CRAN Package Check Results for Package KappaV

Last updated on 2017-08-21 09:48:01.

Flavor Version Tinstall Tcheck Ttotal Status Flags
r-devel-linux-x86_64-debian-clang 0.3 1.29 21.94 23.24 NOTE
r-devel-linux-x86_64-debian-gcc 0.3 1.37 20.51 21.88 NOTE
r-devel-linux-x86_64-fedora-clang 0.3 39.73 NOTE
r-devel-linux-x86_64-fedora-gcc 0.3 41.27 NOTE
r-devel-windows-ix86+x86_64 0.3 5.00 52.00 57.00 NOTE
r-patched-linux-x86_64 0.3 1.30 20.17 21.48 NOTE
r-patched-solaris-x86 0.3 60.40 NOTE
r-release-linux-x86_64 0.3 1.28 20.49 21.76 NOTE
r-release-windows-ix86+x86_64 0.3 9.00 51.00 60.00 NOTE
r-release-osx-x86_64 0.3 NOTE
r-oldrel-windows-ix86+x86_64 0.3 6.00 46.00 52.00 NOTE
r-oldrel-osx-x86_64 0.3 NOTE

Check Details

Version: 0.3
Check: DESCRIPTION meta-information
Result: NOTE
    Malformed Title field: should not end in a period.
Flavors: r-devel-linux-x86_64-debian-clang, r-devel-linux-x86_64-debian-gcc, r-devel-linux-x86_64-fedora-clang, r-devel-linux-x86_64-fedora-gcc, r-devel-windows-ix86+x86_64, r-patched-linux-x86_64, r-patched-solaris-x86, r-release-linux-x86_64, r-release-windows-ix86+x86_64, r-release-osx-x86_64, r-oldrel-windows-ix86+x86_64, r-oldrel-osx-x86_64

Version: 0.3
Check: R code for possible problems
Result: NOTE
    KappaV: no visible global function definition for ‘over’
    KappaV: no visible global function definition for ‘layout’
    KappaV: no visible global function definition for ‘terrain.colors’
    KappaV: no visible global function definition for ‘as’
    Undefined global functions or variables:
     as layout over terrain.colors
    Consider adding
     importFrom("grDevices", "terrain.colors")
     importFrom("graphics", "layout")
     importFrom("methods", "as")
    to your NAMESPACE file (and ensure that your DESCRIPTION Imports field
    contains 'methods').
Flavors: r-devel-linux-x86_64-debian-clang, r-devel-linux-x86_64-debian-gcc, r-devel-linux-x86_64-fedora-clang, r-devel-linux-x86_64-fedora-gcc, r-devel-windows-ix86+x86_64, r-patched-linux-x86_64, r-patched-solaris-x86, r-release-linux-x86_64, r-release-windows-ix86+x86_64, r-release-osx-x86_64, r-oldrel-windows-ix86+x86_64, r-oldrel-osx-x86_64