CRAN Package Check Results for Package KappaV

Last updated on 2016-09-28 18:49:59.

Flavor Version Tinstall Tcheck Ttotal Status Flags
r-devel-linux-x86_64-debian-clang 0.3 1.17 17.23 18.40 NOTE
r-devel-linux-x86_64-debian-gcc 0.3 1.17 17.25 18.43 NOTE
r-devel-linux-x86_64-fedora-clang 0.3 33.89 NOTE
r-devel-linux-x86_64-fedora-gcc 0.3 33.42 NOTE
r-devel-macos-x86_64-clang 0.3 26.46 NOTE
r-devel-windows-ix86+x86_64 0.3 8.00 55.00 63.00 NOTE
r-patched-linux-x86_64 0.3 1.30 17.20 18.50 NOTE
r-patched-solaris-sparc 0.3 196.90 NOTE
r-patched-solaris-x86 0.3 45.90 NOTE
r-release-linux-x86_64 0.3 1.23 17.24 18.47 NOTE
r-release-osx-x86_64-mavericks 0.3 NOTE
r-release-windows-ix86+x86_64 0.3 11.00 41.00 52.00 NOTE
r-oldrel-windows-ix86+x86_64 0.3 11.00 58.00 69.00 NOTE

Check Details

Version: 0.3
Check: DESCRIPTION meta-information
Result: NOTE
    Malformed Title field: should not end in a period.
Flavors: r-devel-linux-x86_64-debian-clang, r-devel-linux-x86_64-debian-gcc, r-devel-linux-x86_64-fedora-clang, r-devel-linux-x86_64-fedora-gcc, r-devel-macos-x86_64-clang, r-devel-windows-ix86+x86_64, r-patched-linux-x86_64, r-patched-solaris-sparc, r-patched-solaris-x86, r-release-linux-x86_64, r-release-osx-x86_64-mavericks, r-release-windows-ix86+x86_64, r-oldrel-windows-ix86+x86_64

Version: 0.3
Check: R code for possible problems
Result: NOTE
    KappaV: no visible global function definition for ‘over’
    KappaV: no visible global function definition for ‘layout’
    KappaV: no visible global function definition for ‘terrain.colors’
    KappaV: no visible global function definition for ‘as’
    Undefined global functions or variables:
     as layout over terrain.colors
    Consider adding
     importFrom("grDevices", "terrain.colors")
     importFrom("graphics", "layout")
     importFrom("methods", "as")
    to your NAMESPACE file (and ensure that your DESCRIPTION Imports field
    contains 'methods').
Flavors: r-devel-linux-x86_64-debian-clang, r-devel-linux-x86_64-debian-gcc, r-devel-linux-x86_64-fedora-clang, r-devel-linux-x86_64-fedora-gcc, r-devel-macos-x86_64-clang, r-devel-windows-ix86+x86_64, r-patched-linux-x86_64, r-patched-solaris-sparc, r-patched-solaris-x86, r-release-linux-x86_64, r-release-osx-x86_64-mavericks, r-release-windows-ix86+x86_64

Version: 0.3
Check: R code for possible problems
Result: NOTE
    KappaV: no visible global function definition for 'over'
Flavor: r-oldrel-windows-ix86+x86_64