CRAN Package Check Results for Package KappaV

Last updated on 2016-07-26 00:48:16.

Flavor Version Tinstall Tcheck Ttotal Status Flags
r-devel-linux-x86_64-debian-clang 0.3 1.63 20.28 21.91 NOTE
r-devel-linux-x86_64-debian-gcc 0.3 1.34 20.27 21.61 NOTE
r-devel-linux-x86_64-fedora-clang 0.3 32.77 NOTE
r-devel-linux-x86_64-fedora-gcc 0.3 30.19 NOTE
r-devel-osx-x86_64-clang 0.3 27.07 NOTE
r-devel-windows-ix86+x86_64 0.3 9.00 66.00 75.00 NOTE
r-patched-linux-x86_64 0.3 1.29 20.31 21.60 NOTE
r-patched-solaris-sparc 0.3 196.90 NOTE
r-patched-solaris-x86 0.3 47.00 NOTE
r-release-linux-x86_64 0.3 1.51 19.86 21.37 NOTE
r-release-osx-x86_64-mavericks 0.3 NOTE
r-release-windows-ix86+x86_64 0.3 9.00 60.00 69.00 NOTE
r-oldrel-windows-ix86+x86_64 0.3 10.00 57.00 67.00 NOTE

Check Details

Version: 0.3
Check: DESCRIPTION meta-information
Result: NOTE
    Malformed Title field: should not end in a period.
Flavors: r-devel-linux-x86_64-debian-clang, r-devel-linux-x86_64-debian-gcc, r-devel-linux-x86_64-fedora-clang, r-devel-linux-x86_64-fedora-gcc, r-devel-osx-x86_64-clang, r-devel-windows-ix86+x86_64, r-patched-linux-x86_64, r-patched-solaris-sparc, r-patched-solaris-x86, r-release-linux-x86_64, r-release-osx-x86_64-mavericks, r-release-windows-ix86+x86_64, r-oldrel-windows-ix86+x86_64

Version: 0.3
Check: R code for possible problems
Result: NOTE
    KappaV: no visible global function definition for ‘over’
    KappaV: no visible global function definition for ‘layout’
    KappaV: no visible global function definition for ‘terrain.colors’
    KappaV: no visible global function definition for ‘as’
    Undefined global functions or variables:
     as layout over terrain.colors
    Consider adding
     importFrom("grDevices", "terrain.colors")
     importFrom("graphics", "layout")
     importFrom("methods", "as")
    to your NAMESPACE file (and ensure that your DESCRIPTION Imports field
    contains 'methods').
Flavors: r-devel-linux-x86_64-debian-clang, r-devel-linux-x86_64-debian-gcc, r-devel-linux-x86_64-fedora-clang, r-devel-linux-x86_64-fedora-gcc, r-devel-osx-x86_64-clang, r-devel-windows-ix86+x86_64, r-patched-linux-x86_64, r-patched-solaris-sparc, r-patched-solaris-x86, r-release-linux-x86_64, r-release-osx-x86_64-mavericks, r-release-windows-ix86+x86_64

Version: 0.3
Check: R code for possible problems
Result: NOTE
    KappaV: no visible global function definition for 'over'
Flavor: r-oldrel-windows-ix86+x86_64