CRAN Package Check Results for Package KappaV

Last updated on 2015-04-27 11:48:41.

Flavor Version Tinstall Tcheck Ttotal Status Flags
r-devel-linux-x86_64-debian-clang 0.3 1.19 16.92 18.11 NOTE
r-devel-linux-x86_64-debian-gcc 0.3 1.16 16.78 17.94 NOTE
r-devel-linux-x86_64-fedora-clang 0.3 36.20 NOTE
r-devel-linux-x86_64-fedora-gcc 0.3 33.97 NOTE
r-devel-osx-x86_64-clang 0.3 40.77 NOTE
r-devel-windows-ix86+x86_64 0.3 6.00 30.00 36.00 NOTE
r-patched-linux-x86_64 0.3 1.17 16.48 17.65 NOTE
r-patched-solaris-sparc 0.3 239.90 NOTE
r-patched-solaris-x86 0.3 55.60 NOTE
r-release-linux-x86_64 0.3 1.18 16.69 17.86 NOTE
r-release-osx-x86_64-mavericks 0.3 ERROR
r-release-osx-x86_64-snowleopard 0.3 ERROR
r-release-windows-ix86+x86_64 0.3 6.00 40.00 46.00 NOTE
r-oldrel-windows-ix86+x86_64 0.3 5.00 38.00 43.00 NOTE

Check Details

Version: 0.3
Check: DESCRIPTION meta-information
Result: NOTE
    Malformed Title field: should not end in a period.
Flavors: r-devel-linux-x86_64-debian-clang, r-devel-linux-x86_64-debian-gcc, r-devel-linux-x86_64-fedora-clang, r-devel-linux-x86_64-fedora-gcc, r-devel-osx-x86_64-clang, r-devel-windows-ix86+x86_64, r-patched-solaris-sparc, r-patched-solaris-x86, r-release-linux-x86_64, r-release-windows-ix86+x86_64

Version: 0.3
Check: R code for possible problems
Result: NOTE
    KappaV: no visible global function definition for ‘over’
Flavors: r-devel-linux-x86_64-debian-clang, r-devel-linux-x86_64-debian-gcc, r-devel-linux-x86_64-fedora-clang, r-devel-linux-x86_64-fedora-gcc, r-devel-osx-x86_64-clang, r-devel-windows-ix86+x86_64, r-patched-solaris-sparc, r-patched-solaris-x86, r-release-linux-x86_64, r-release-windows-ix86+x86_64, r-oldrel-windows-ix86+x86_64

Version: 0.3
Check: package dependencies
Result: ERROR
    Package required but not available: ‘rgeos’
    
    See section ‘The DESCRIPTION file’ in the ‘Writing R Extensions’
    manual.
Flavors: r-release-osx-x86_64-mavericks, r-release-osx-x86_64-snowleopard