CRAN Package Check Results for Package KappaV

Last updated on 2014-12-22 17:51:26.

Flavor Version Tinstall Tcheck Ttotal Status Flags
r-devel-linux-x86_64-debian-clang 0.3 1.34 20.00 21.34 NOTE
r-devel-linux-x86_64-debian-gcc 0.3 1.30 19.45 20.76 NOTE
r-devel-linux-x86_64-fedora-clang 0.3 48.08 NOTE
r-devel-linux-x86_64-fedora-gcc 0.3 45.97 NOTE
r-devel-osx-x86_64-clang 0.3 44.18 NOTE
r-devel-windows-ix86+x86_64 0.3 7.00 39.00 46.00 NOTE
r-patched-linux-x86_64 0.3 1.38 19.81 21.19 NOTE
r-patched-solaris-sparc 0.3 260.10 NOTE
r-patched-solaris-x86 0.3 66.70 NOTE
r-release-linux-ix86 0.3 1.73 40.99 42.72 NOTE
r-release-linux-x86_64 0.3 1.36 19.72 21.08 NOTE
r-release-osx-x86_64-mavericks 0.3 ERROR
r-release-osx-x86_64-snowleopard 0.3 OK
r-release-windows-ix86+x86_64 0.3 7.00 41.00 48.00 NOTE
r-oldrel-windows-ix86+x86_64 0.3 8.00 42.00 50.00 OK

Check Details

Version: 0.3
Check: R code for possible problems
Result: NOTE
    KappaV: no visible global function definition for ‘over’
Flavors: r-devel-linux-x86_64-debian-clang, r-devel-linux-x86_64-debian-gcc, r-devel-linux-x86_64-fedora-clang, r-devel-linux-x86_64-fedora-gcc, r-devel-osx-x86_64-clang, r-devel-windows-ix86+x86_64, r-patched-linux-x86_64, r-patched-solaris-sparc, r-patched-solaris-x86, r-release-linux-ix86, r-release-linux-x86_64, r-release-windows-ix86+x86_64

Version: 0.3
Check: package dependencies
Result: ERROR
    Package required but not available: ‘rgeos’
    
    See the information on DESCRIPTION files in the chapter ‘Creating R
    packages’ of the ‘Writing R Extensions’ manual.
Flavor: r-release-osx-x86_64-mavericks