CRAN Package Check Results for Package KappaV

Last updated on 2015-05-30 19:47:16.

Flavor Version Tinstall Tcheck Ttotal Status Flags
r-devel-linux-x86_64-debian-clang 0.3 1.27 16.90 18.17 NOTE
r-devel-linux-x86_64-debian-gcc 0.3 1.17 16.98 18.14 NOTE
r-devel-linux-x86_64-fedora-clang 0.3 36.55 NOTE
r-devel-linux-x86_64-fedora-gcc 0.3 33.00 NOTE
r-devel-osx-x86_64-clang 0.3 42.35 NOTE
r-devel-windows-ix86+x86_64 0.3 5.00 34.00 39.00 NOTE
r-patched-linux-x86_64 0.3 1.15 16.54 17.70 NOTE
r-patched-solaris-sparc 0.3 227.20 NOTE
r-patched-solaris-x86 0.3 57.10 NOTE
r-release-linux-x86_64 0.3 1.17 16.58 17.75 NOTE
r-release-osx-x86_64-mavericks 0.3 NOTE
r-release-osx-x86_64-snowleopard 0.3 ERROR
r-release-windows-ix86+x86_64 0.3 5.00 29.00 34.00 NOTE
r-oldrel-windows-ix86+x86_64 0.3 8.00 38.00 46.00 NOTE

Check Details

Version: 0.3
Check: DESCRIPTION meta-information
Result: NOTE
    Malformed Title field: should not end in a period.
Flavors: r-devel-linux-x86_64-debian-clang, r-devel-linux-x86_64-debian-gcc, r-devel-linux-x86_64-fedora-clang, r-devel-linux-x86_64-fedora-gcc, r-devel-osx-x86_64-clang, r-devel-windows-ix86+x86_64, r-patched-linux-x86_64, r-patched-solaris-sparc, r-patched-solaris-x86, r-release-linux-x86_64, r-release-osx-x86_64-mavericks, r-release-windows-ix86+x86_64

Version: 0.3
Check: R code for possible problems
Result: NOTE
    KappaV: no visible global function definition for ‘over’
Flavors: r-devel-linux-x86_64-debian-clang, r-devel-linux-x86_64-debian-gcc, r-devel-linux-x86_64-fedora-clang, r-devel-linux-x86_64-fedora-gcc, r-devel-osx-x86_64-clang, r-devel-windows-ix86+x86_64, r-patched-linux-x86_64, r-patched-solaris-sparc, r-patched-solaris-x86, r-release-linux-x86_64, r-release-osx-x86_64-mavericks, r-release-windows-ix86+x86_64, r-oldrel-windows-ix86+x86_64

Version: 0.3
Check: package dependencies
Result: ERROR
    Package required but not available: ‘rgeos’
    
    See section ‘The DESCRIPTION file’ in the ‘Writing R Extensions’
    manual.
Flavor: r-release-osx-x86_64-snowleopard