CRAN Package Check Results for Package KappaV

Last updated on 2016-04-29 19:49:50.

Flavor Version Tinstall Tcheck Ttotal Status Flags
r-devel-linux-x86_64-debian-gcc 0.3 1.24 16.90 18.14 NOTE
r-devel-linux-x86_64-fedora-clang 0.3 31.74 NOTE
r-devel-linux-x86_64-fedora-gcc 0.3 30.21 NOTE
r-devel-osx-x86_64-clang 0.3 36.71 NOTE
r-devel-windows-ix86+x86_64 0.3 6.00 41.00 47.00 NOTE
r-patched-linux-x86_64 0.3 1.13 16.49 17.63 NOTE
r-patched-solaris-sparc 0.3 189.30 NOTE
r-patched-solaris-x86 0.3 47.20 NOTE
r-release-linux-x86_64 0.3 1.39 17.65 19.04 NOTE
r-release-osx-x86_64-mavericks 0.3 NOTE
r-release-windows-ix86+x86_64 0.3 7.00 38.00 45.00 NOTE
r-oldrel-windows-ix86+x86_64 0.3 12.00 62.00 74.00 NOTE

Check Details

Version: 0.3
Check: DESCRIPTION meta-information
Result: NOTE
    Malformed Title field: should not end in a period.
Flavors: r-devel-linux-x86_64-debian-gcc, r-devel-linux-x86_64-fedora-clang, r-devel-linux-x86_64-fedora-gcc, r-devel-osx-x86_64-clang, r-devel-windows-ix86+x86_64, r-patched-linux-x86_64, r-patched-solaris-sparc, r-patched-solaris-x86, r-release-linux-x86_64, r-release-osx-x86_64-mavericks, r-release-windows-ix86+x86_64

Version: 0.3
Check: R code for possible problems
Result: NOTE
    KappaV: no visible global function definition for ‘over’
    KappaV: no visible global function definition for ‘layout’
    KappaV: no visible global function definition for ‘terrain.colors’
    KappaV: no visible global function definition for ‘as’
    Undefined global functions or variables:
     as layout over terrain.colors
    Consider adding
     importFrom("grDevices", "terrain.colors")
     importFrom("graphics", "layout")
     importFrom("methods", "as")
    to your NAMESPACE file (and ensure that your DESCRIPTION Imports field
    contains 'methods').
Flavors: r-devel-linux-x86_64-debian-gcc, r-devel-linux-x86_64-fedora-clang, r-devel-linux-x86_64-fedora-gcc, r-devel-osx-x86_64-clang, r-devel-windows-ix86+x86_64, r-patched-linux-x86_64, r-patched-solaris-sparc, r-patched-solaris-x86

Version: 0.3
Check: R code for possible problems
Result: NOTE
    KappaV: no visible global function definition for ‘over’
Flavors: r-release-linux-x86_64, r-release-osx-x86_64-mavericks, r-release-windows-ix86+x86_64, r-oldrel-windows-ix86+x86_64