CRAN Package Check Results for Package KappaV

Last updated on 2014-08-31 02:48:05.

Flavor Version Tinstall Tcheck Ttotal Status Flags
r-devel-linux-x86_64-debian-clang 0.3 1.40 19.07 20.46 NOTE
r-devel-linux-x86_64-debian-gcc 0.3 1.30 18.63 19.93 NOTE
r-devel-linux-x86_64-fedora-clang 0.3 44.81 NOTE
r-devel-linux-x86_64-fedora-gcc 0.3 42.60 NOTE
r-devel-osx-x86_64-clang 0.3 40.37 NOTE
r-devel-windows-ix86+x86_64 0.3 6.00 38.00 44.00 NOTE
r-patched-linux-x86_64 0.3 1.38 19.36 20.73 OK
r-patched-solaris-sparc 0.3 255.40 OK
r-patched-solaris-x86 0.3 67.50 OK
r-release-linux-ix86 0.3 1.91 26.92 28.83 OK
r-release-linux-x86_64 0.3 1.60 19.85 21.45 OK
r-release-osx-x86_64-mavericks 0.3 ERROR
r-release-osx-x86_64-snowleopard 0.3 OK
r-release-windows-ix86+x86_64 0.3 7.00 38.00 45.00 OK
r-oldrel-windows-ix86+x86_64 0.3 7.00 37.00 44.00 OK

Check Details

Version: 0.3
Check: R code for possible problems
Result: NOTE
    KappaV: no visible global function definition for ‘over’
Flavors: r-devel-linux-x86_64-debian-clang, r-devel-linux-x86_64-debian-gcc, r-devel-linux-x86_64-fedora-clang, r-devel-linux-x86_64-fedora-gcc, r-devel-osx-x86_64-clang, r-devel-windows-ix86+x86_64

Version: 0.3
Check: package dependencies
Result: ERROR
    Package required but not available: ‘rgeos’
    
    See the information on DESCRIPTION files in the chapter ‘Creating R
    packages’ of the ‘Writing R Extensions’ manual.
Flavor: r-release-osx-x86_64-mavericks