CRAN Package Check Results for Package KappaV

Last updated on 2017-10-21 22:46:44.

Flavor Version Tinstall Tcheck Ttotal Status Flags
r-devel-linux-x86_64-debian-clang 0.3 1.35 20.84 22.20 NOTE
r-devel-linux-x86_64-debian-gcc 0.3 1.74 23.92 25.67 NOTE
r-devel-linux-x86_64-fedora-clang 0.3 39.22 NOTE
r-devel-linux-x86_64-fedora-gcc 0.3 37.31 NOTE
r-devel-windows-ix86+x86_64 0.3 8.00 50.00 58.00 NOTE
r-patched-linux-x86_64 0.3 1.44 20.80 22.24 NOTE
r-patched-solaris-x86 0.3 59.00 NOTE
r-release-linux-x86_64 0.3 1.34 20.41 21.75 NOTE
r-release-windows-ix86+x86_64 0.3 8.00 85.00 93.00 NOTE
r-release-osx-x86_64 0.3 NOTE
r-oldrel-windows-ix86+x86_64 0.3 6.00 62.00 68.00 NOTE
r-oldrel-osx-x86_64 0.3 NOTE

Check Details

Version: 0.3
Check: DESCRIPTION meta-information
Result: NOTE
    Malformed Title field: should not end in a period.
Flavors: r-devel-linux-x86_64-debian-clang, r-devel-linux-x86_64-debian-gcc, r-devel-linux-x86_64-fedora-clang, r-devel-linux-x86_64-fedora-gcc, r-devel-windows-ix86+x86_64, r-patched-linux-x86_64, r-patched-solaris-x86, r-release-linux-x86_64, r-release-windows-ix86+x86_64, r-release-osx-x86_64, r-oldrel-windows-ix86+x86_64, r-oldrel-osx-x86_64

Version: 0.3
Check: R code for possible problems
Result: NOTE
    KappaV: no visible global function definition for ‘over’
    KappaV: no visible global function definition for ‘layout’
    KappaV: no visible global function definition for ‘terrain.colors’
    KappaV: no visible global function definition for ‘as’
    Undefined global functions or variables:
     as layout over terrain.colors
    Consider adding
     importFrom("grDevices", "terrain.colors")
     importFrom("graphics", "layout")
     importFrom("methods", "as")
    to your NAMESPACE file (and ensure that your DESCRIPTION Imports field
    contains 'methods').
Flavors: r-devel-linux-x86_64-debian-clang, r-devel-linux-x86_64-debian-gcc, r-devel-linux-x86_64-fedora-clang, r-devel-linux-x86_64-fedora-gcc, r-devel-windows-ix86+x86_64, r-patched-linux-x86_64, r-patched-solaris-x86, r-release-linux-x86_64, r-release-windows-ix86+x86_64, r-release-osx-x86_64, r-oldrel-windows-ix86+x86_64, r-oldrel-osx-x86_64