CRAN Package Check Results for Package KappaV

Last updated on 2016-08-31 21:47:07.

Flavor Version Tinstall Tcheck Ttotal Status Flags
r-devel-linux-x86_64-debian-clang 0.3 1.10 17.27 18.37 NOTE
r-devel-linux-x86_64-debian-gcc 0.3 1.26 17.24 18.49 NOTE
r-devel-linux-x86_64-fedora-clang 0.3 32.47 NOTE
r-devel-linux-x86_64-fedora-gcc 0.3 30.82 NOTE
r-devel-osx-x86_64-clang 0.3 27.11 NOTE
r-devel-windows-ix86+x86_64 0.3 8.00 57.00 65.00 NOTE
r-patched-linux-x86_64 0.3 1.10 17.39 18.49 NOTE
r-patched-solaris-sparc 0.3 196.90 NOTE
r-patched-solaris-x86 0.3 46.50 NOTE
r-release-linux-x86_64 0.3 1.24 17.29 18.53 NOTE
r-release-osx-x86_64-mavericks 0.3 NOTE
r-release-windows-ix86+x86_64 0.3 8.00 58.00 66.00 NOTE
r-oldrel-windows-ix86+x86_64 0.3 8.00 55.00 63.00 NOTE

Check Details

Version: 0.3
Check: DESCRIPTION meta-information
Result: NOTE
    Malformed Title field: should not end in a period.
Flavors: r-devel-linux-x86_64-debian-clang, r-devel-linux-x86_64-debian-gcc, r-devel-linux-x86_64-fedora-clang, r-devel-linux-x86_64-fedora-gcc, r-devel-osx-x86_64-clang, r-devel-windows-ix86+x86_64, r-patched-linux-x86_64, r-patched-solaris-sparc, r-patched-solaris-x86, r-release-linux-x86_64, r-release-osx-x86_64-mavericks, r-release-windows-ix86+x86_64, r-oldrel-windows-ix86+x86_64

Version: 0.3
Check: R code for possible problems
Result: NOTE
    KappaV: no visible global function definition for ‘over’
    KappaV: no visible global function definition for ‘layout’
    KappaV: no visible global function definition for ‘terrain.colors’
    KappaV: no visible global function definition for ‘as’
    Undefined global functions or variables:
     as layout over terrain.colors
    Consider adding
     importFrom("grDevices", "terrain.colors")
     importFrom("graphics", "layout")
     importFrom("methods", "as")
    to your NAMESPACE file (and ensure that your DESCRIPTION Imports field
    contains 'methods').
Flavors: r-devel-linux-x86_64-debian-clang, r-devel-linux-x86_64-debian-gcc, r-devel-linux-x86_64-fedora-clang, r-devel-linux-x86_64-fedora-gcc, r-devel-osx-x86_64-clang, r-devel-windows-ix86+x86_64, r-patched-linux-x86_64, r-patched-solaris-sparc, r-patched-solaris-x86, r-release-linux-x86_64, r-release-osx-x86_64-mavericks, r-release-windows-ix86+x86_64

Version: 0.3
Check: R code for possible problems
Result: NOTE
    KappaV: no visible global function definition for 'over'
Flavor: r-oldrel-windows-ix86+x86_64