CRAN Package Check Results for Package KappaV

Last updated on 2014-10-25 23:46:43.

Flavor Version Tinstall Tcheck Ttotal Status Flags
r-devel-linux-x86_64-debian-clang 0.3 1.37 19.84 21.22 NOTE
r-devel-linux-x86_64-debian-gcc 0.3 1.42 19.89 21.31 NOTE
r-devel-linux-x86_64-fedora-clang 0.3 46.64 NOTE
r-devel-linux-x86_64-fedora-gcc 0.3 43.32 NOTE
r-devel-osx-x86_64-clang 0.3 42.26 NOTE
r-devel-windows-ix86+x86_64 0.3 6.00 36.00 42.00 NOTE
r-patched-linux-x86_64 0.3 1.37 20.18 21.56 NOTE
r-patched-solaris-sparc 0.3 242.60 NOTE
r-patched-solaris-x86 0.3 66.60 NOTE
r-release-linux-ix86 0.3 1.89 40.72 42.61 OK
r-release-linux-x86_64 0.3 1.52 20.56 22.08 OK
r-release-osx-x86_64-mavericks 0.3 ERROR
r-release-osx-x86_64-snowleopard 0.3 OK
r-release-windows-ix86+x86_64 0.3 5.00 43.00 48.00 OK
r-oldrel-windows-ix86+x86_64 0.3 6.00 37.00 43.00 OK

Check Details

Version: 0.3
Check: R code for possible problems
Result: NOTE
    KappaV: no visible global function definition for ‘over’
Flavors: r-devel-linux-x86_64-debian-clang, r-devel-linux-x86_64-debian-gcc, r-devel-linux-x86_64-fedora-clang, r-devel-linux-x86_64-fedora-gcc, r-devel-osx-x86_64-clang, r-devel-windows-ix86+x86_64, r-patched-linux-x86_64, r-patched-solaris-sparc, r-patched-solaris-x86

Version: 0.3
Check: package dependencies
Result: ERROR
    Package required but not available: ‘rgeos’
    
    See the information on DESCRIPTION files in the chapter ‘Creating R
    packages’ of the ‘Writing R Extensions’ manual.
Flavor: r-release-osx-x86_64-mavericks