CRAN Package Check Results for Package KappaV

Last updated on 2015-07-03 03:46:54.

Flavor Version Tinstall Tcheck Ttotal Status Flags
r-devel-linux-x86_64-debian-clang 0.3 1.51 16.86 18.38 NOTE
r-devel-linux-x86_64-debian-gcc 0.3 1.16 16.21 17.37 NOTE
r-devel-linux-x86_64-fedora-clang 0.3 34.40 NOTE
r-devel-linux-x86_64-fedora-gcc 0.3 32.37 NOTE
r-devel-osx-x86_64-clang 0.3 30.44 NOTE
r-devel-windows-ix86+x86_64 0.3 4.00 31.00 35.00 NOTE
r-patched-linux-x86_64 0.3 1.18 16.45 17.63 NOTE
r-patched-solaris-sparc 0.3 227.20 NOTE
r-patched-solaris-x86 0.3 57.00 NOTE
r-release-linux-x86_64 0.3 1.50 16.64 18.14 NOTE
r-release-osx-x86_64-mavericks 0.3 NOTE
r-release-windows-ix86+x86_64 0.3 5.00 34.00 39.00 NOTE
r-oldrel-windows-ix86+x86_64 0.3 7.00 37.00 44.00 NOTE

Check Details

Version: 0.3
Check: DESCRIPTION meta-information
Result: NOTE
    Malformed Title field: should not end in a period.
Flavors: r-devel-linux-x86_64-debian-clang, r-devel-linux-x86_64-debian-gcc, r-devel-linux-x86_64-fedora-clang, r-devel-linux-x86_64-fedora-gcc, r-devel-osx-x86_64-clang, r-devel-windows-ix86+x86_64, r-patched-linux-x86_64, r-patched-solaris-sparc, r-patched-solaris-x86, r-release-linux-x86_64, r-release-osx-x86_64-mavericks, r-release-windows-ix86+x86_64

Version: 0.3
Check: R code for possible problems
Result: NOTE
    KappaV: no visible global function definition for ‘over’
    KappaV: no visible global function definition for ‘layout’
    KappaV: no visible global function definition for ‘terrain.colors’
    KappaV: no visible global function definition for ‘as’
    Undefined global functions or variables:
     as layout over terrain.colors
Flavors: r-devel-linux-x86_64-debian-clang, r-devel-linux-x86_64-fedora-clang, r-devel-linux-x86_64-fedora-gcc, r-devel-windows-ix86+x86_64

Version: 0.3
Check: R code for possible problems
Result: NOTE
    KappaV: no visible global function definition for ‘over’
    KappaV: no visible global function definition for ‘layout’
    KappaV: no visible global function definition for ‘terrain.colors’
    KappaV: no visible global function definition for ‘as’
Flavor: r-devel-linux-x86_64-debian-gcc

Version: 0.3
Check: R code for possible problems
Result: NOTE
    KappaV: no visible global function definition for ‘over’
    Undefined global functions or variables:
     over
Flavor: r-devel-osx-x86_64-clang

Version: 0.3
Check: R code for possible problems
Result: NOTE
    KappaV: no visible global function definition for ‘over’
Flavors: r-patched-linux-x86_64, r-patched-solaris-sparc, r-patched-solaris-x86, r-release-linux-x86_64, r-release-osx-x86_64-mavericks, r-release-windows-ix86+x86_64, r-oldrel-windows-ix86+x86_64