CRAN Package Check Results for Package KappaV

Last updated on 2014-07-29 15:51:30.

Flavor Version Tinstall Tcheck Ttotal Status Flags
r-devel-linux-x86_64-debian-clang 0.3 1.36 19.24 20.60 OK
r-devel-linux-x86_64-debian-gcc 0.3 1.33 18.82 20.15 OK
r-devel-linux-x86_64-fedora-clang 0.3 46.10 OK
r-devel-linux-x86_64-fedora-gcc 0.3 42.28 OK
r-devel-osx-x86_64-clang 0.3 41.42 OK
r-devel-windows-ix86+x86_64 0.3 6.00 35.00 41.00 OK
r-patched-linux-x86_64 0.3 1.38 19.58 20.97 OK
r-patched-solaris-sparc 0.3 243.50 OK
r-patched-solaris-x86 0.3 64.60 OK
r-release-linux-ix86 0.3 1.86 40.99 42.85 OK
r-release-linux-x86_64 0.3 1.42 20.06 21.48 OK
r-release-osx-x86_64-mavericks 0.3 ERROR
r-release-osx-x86_64-snowleopard 0.3 OK
r-release-windows-ix86+x86_64 0.3 5.00 38.00 43.00 OK
r-oldrel-windows-ix86+x86_64 0.3 6.00 37.00 43.00 OK

Check Details

Version: 0.3
Check: package dependencies
Result: ERROR
    Package required but not available: rgeos
    
    See the information on DESCRIPTION files in the chapter Creating R
    packages of the Writing R Extensions manual.
Flavor: r-release-osx-x86_64-mavericks