CRAN Package Check Results for Package KappaV

Last updated on 2014-09-16 17:46:48.

Flavor Version Tinstall Tcheck Ttotal Status Flags
r-devel-linux-x86_64-debian-clang 0.3 1.34 19.98 21.32 NOTE
r-devel-linux-x86_64-debian-gcc 0.3 1.30 19.08 20.38 NOTE
r-devel-linux-x86_64-fedora-clang 0.3 45.88 NOTE
r-devel-linux-x86_64-fedora-gcc 0.3 52.23 NOTE
r-devel-osx-x86_64-clang 0.3 40.48 NOTE
r-devel-windows-ix86+x86_64 0.3 6.00 33.00 39.00 NOTE
r-patched-linux-x86_64 0.3 1.38 19.42 20.80 OK
r-patched-solaris-sparc 0.3 255.40 OK
r-patched-solaris-x86 0.3 64.50 OK
r-release-linux-ix86 0.3 1.88 27.40 29.28 OK
r-release-linux-x86_64 0.3 1.42 20.67 22.09 OK
r-release-osx-x86_64-mavericks 0.3 ERROR
r-release-osx-x86_64-snowleopard 0.3 OK
r-release-windows-ix86+x86_64 0.3 6.00 35.00 41.00 OK
r-oldrel-windows-ix86+x86_64 0.3 6.00 39.00 45.00 OK

Check Details

Version: 0.3
Check: R code for possible problems
Result: NOTE
    KappaV: no visible global function definition for ‘over’
Flavors: r-devel-linux-x86_64-debian-clang, r-devel-linux-x86_64-debian-gcc, r-devel-linux-x86_64-fedora-clang, r-devel-linux-x86_64-fedora-gcc, r-devel-osx-x86_64-clang, r-devel-windows-ix86+x86_64

Version: 0.3
Check: package dependencies
Result: ERROR
    Package required but not available: ‘rgeos’
    
    See the information on DESCRIPTION files in the chapter ‘Creating R
    packages’ of the ‘Writing R Extensions’ manual.
Flavor: r-release-osx-x86_64-mavericks