CRAN Package Check Results for Package KappaV

Last updated on 2015-03-05 23:48:18.

Flavor Version Tinstall Tcheck Ttotal Status Flags
r-devel-linux-x86_64-debian-clang 0.3 1.20 17.18 18.38 NOTE
r-devel-linux-x86_64-debian-gcc 0.3 1.15 16.44 17.59 NOTE
r-devel-linux-x86_64-fedora-clang 0.3 35.71 NOTE
r-devel-linux-x86_64-fedora-gcc 0.3 34.45 NOTE
r-devel-osx-x86_64-clang 0.3 37.12 NOTE
r-devel-windows-ix86+x86_64 0.3 5.00 32.00 37.00 NOTE
r-patched-linux-x86_64 0.3 1.56 20.78 22.33 NOTE
r-patched-solaris-sparc 0.3 282.10 NOTE
r-patched-solaris-x86 0.3 66.40 NOTE
r-release-linux-ix86 0.3 2.42 37.55 39.97 NOTE
r-release-linux-x86_64 0.3 1.64 20.16 21.80 NOTE
r-release-osx-x86_64-mavericks 0.3 ERROR
r-release-osx-x86_64-snowleopard 0.3 OK
r-release-windows-ix86+x86_64 0.3 7.00 41.00 48.00 NOTE
r-oldrel-windows-ix86+x86_64 0.3 8.00 39.00 47.00 OK

Check Details

Version: 0.3
Check: DESCRIPTION meta-information
Result: NOTE
    Malformed Title field: should not end in a period.
Flavors: r-devel-linux-x86_64-debian-clang, r-devel-linux-x86_64-debian-gcc, r-devel-linux-x86_64-fedora-clang, r-devel-linux-x86_64-fedora-gcc, r-devel-osx-x86_64-clang, r-devel-windows-ix86+x86_64

Version: 0.3
Check: R code for possible problems
Result: NOTE
    KappaV: no visible global function definition for ‘over’
Flavors: r-devel-linux-x86_64-debian-clang, r-devel-linux-x86_64-debian-gcc, r-devel-linux-x86_64-fedora-clang, r-devel-linux-x86_64-fedora-gcc, r-devel-osx-x86_64-clang, r-devel-windows-ix86+x86_64, r-patched-linux-x86_64, r-patched-solaris-sparc, r-patched-solaris-x86, r-release-linux-ix86, r-release-linux-x86_64, r-release-windows-ix86+x86_64

Version: 0.3
Check: package dependencies
Result: ERROR
    Package required but not available: ‘rgeos’
    
    See section ‘The DESCRIPTION file’ in the ‘Writing R Extensions’
    manual.
Flavor: r-release-osx-x86_64-mavericks