CRAN Package Check Results for Package KappaV

Last updated on 2015-01-26 17:47:43.

Flavor Version Tinstall Tcheck Ttotal Status Flags
r-devel-linux-x86_64-debian-clang 0.3 1.24 17.14 18.38 NOTE
r-devel-linux-x86_64-debian-gcc 0.3 1.21 16.69 17.90 NOTE
r-devel-linux-x86_64-fedora-clang 0.3 46.80 NOTE
r-devel-linux-x86_64-fedora-gcc 0.3 46.53 NOTE
r-devel-osx-x86_64-clang 0.3 44.46 NOTE
r-devel-windows-ix86+x86_64 0.3 8.00 39.00 47.00 NOTE
r-patched-linux-x86_64 0.3 1.37 21.01 22.38 NOTE
r-patched-solaris-sparc 0.3 260.10 NOTE
r-patched-solaris-x86 0.3 65.20 NOTE
r-release-linux-ix86 0.3 1.74 42.23 43.97 NOTE
r-release-linux-x86_64 0.3 1.37 19.74 21.10 NOTE
r-release-osx-x86_64-mavericks 0.3 ERROR
r-release-osx-x86_64-snowleopard 0.3 OK
r-release-windows-ix86+x86_64 0.3 7.00 38.00 45.00 NOTE
r-oldrel-windows-ix86+x86_64 0.3 10.00 42.00 52.00 OK

Check Details

Version: 0.3
Check: R code for possible problems
Result: NOTE
    KappaV: no visible global function definition for ‘over’
Flavors: r-devel-linux-x86_64-debian-clang, r-devel-linux-x86_64-debian-gcc, r-devel-linux-x86_64-fedora-clang, r-devel-linux-x86_64-fedora-gcc, r-devel-osx-x86_64-clang, r-devel-windows-ix86+x86_64, r-patched-linux-x86_64, r-patched-solaris-sparc, r-patched-solaris-x86, r-release-linux-ix86, r-release-linux-x86_64, r-release-windows-ix86+x86_64

Version: 0.3
Check: package dependencies
Result: ERROR
    Package required but not available: ‘rgeos’
    
    See the information on DESCRIPTION files in the chapter ‘Creating R
    packages’ of the ‘Writing R Extensions’ manual.
Flavor: r-release-osx-x86_64-mavericks