CRAN Package Check Results for Package KappaV

Last updated on 2014-04-23 17:47:46.

Flavor Version Tinstall Tcheck Ttotal Status Flags
r-devel-linux-x86_64-debian-clang 0.2 1.49 19.32 20.81 NOTE
r-devel-linux-x86_64-debian-gcc 0.2 1.47 19.49 20.96 NOTE
r-devel-linux-x86_64-fedora-clang 0.2 42.64 NOTE
r-devel-linux-x86_64-fedora-gcc 0.2 41.17 NOTE
r-devel-osx-x86_64-clang 0.2 44.62 NOTE
r-devel-osx-x86_64-gcc 0.2 ERROR
r-devel-windows-ix86+x86_64 0.2 6.00 32.00 38.00 NOTE
r-patched-linux-x86_64 0.2 1.46 19.04 20.50 NOTE
r-patched-solaris-sparc 0.2 238.60 NOTE
r-patched-solaris-x86 0.2 61.60 NOTE
r-release-linux-ix86 0.2 3.00 36.00 39.00 NOTE
r-release-linux-x86_64 0.2 1.44 19.09 20.53 NOTE
r-release-osx-x86_64-mavericks 0.2 ERROR
r-release-osx-x86_64-snowleopard 0.2 OK
r-release-windows-ix86+x86_64 0.2 5.00 34.00 39.00 NOTE
r-oldrel-windows-ix86+x86_64 0.2 6.00 36.00 42.00 NOTE

Check Details

Version: 0.2
Check: dependencies in R code
Result: NOTE
    Packages in Depends field not imported from:
     ‘PresenceAbsence’ ‘maptools’ ‘rgeos’ ‘sp’
     These packages need to be imported from (in the NAMESPACE file)
     for when this namespace is loaded but not attached.
    See the information on DESCRIPTION files in the chapter ‘Creating R
    packages’ of the ‘Writing R Extensions’ manual.
Flavors: r-devel-linux-x86_64-debian-clang, r-devel-linux-x86_64-debian-gcc, r-devel-linux-x86_64-fedora-clang, r-devel-linux-x86_64-fedora-gcc, r-devel-osx-x86_64-clang, r-devel-windows-ix86+x86_64, r-patched-linux-x86_64, r-patched-solaris-sparc, r-patched-solaris-x86, r-release-linux-ix86, r-release-linux-x86_64, r-release-windows-ix86+x86_64, r-oldrel-windows-ix86+x86_64

Version: 0.2
Check: package dependencies
Result: ERROR
    Packages required but not available: ‘maptools’ ‘rgeos’
    
    See the information on DESCRIPTION files in the chapter ‘Creating R
    packages’ of the ‘Writing R Extensions’ manual.
Flavors: r-devel-osx-x86_64-gcc, r-release-osx-x86_64-mavericks