CRAN Package Check Results for Package KenSyn

Last updated on 2024-03-05 00:51:42 CET.

Flavor Version Tinstall Tcheck Ttotal Status Flags
r-devel-linux-x86_64-debian-clang 0.3 2.52 21.69 24.21 OK
r-devel-linux-x86_64-debian-gcc 0.3 1.98 17.02 19.00 OK
r-devel-linux-x86_64-fedora-clang 0.3 29.68 NOTE
r-devel-linux-x86_64-fedora-gcc 0.3 28.64 NOTE
r-devel-windows-x86_64 0.3 4.00 41.00 45.00 OK
r-patched-linux-x86_64 0.3 2.54 21.07 23.61 OK
r-release-linux-x86_64 0.3 1.65 21.34 22.99 OK
r-release-macos-arm64 0.3 18.00 OK
r-release-macos-x86_64 0.3 19.00 OK
r-release-windows-x86_64 0.3 4.00 42.00 46.00 OK
r-oldrel-macos-arm64 0.3 15.00 NOTE
r-oldrel-windows-x86_64 0.3 5.00 48.00 53.00 OK

Check Details

Version: 0.3
Check: dependencies in R code
Result: NOTE Namespaces in Imports field not imported from: ‘lme4’ ‘metafor’ ‘nlme’ All declared Imports should be used. Flavors: r-devel-linux-x86_64-fedora-clang, r-devel-linux-x86_64-fedora-gcc, r-oldrel-macos-arm64