CRAN Package Check Results for Package Kendall

Last updated on 2016-06-30 17:51:40.

Flavor Version Tinstall Tcheck Ttotal Status Flags
r-devel-linux-x86_64-debian-gcc 2.2 1.02 13.88 14.90 NOTE
r-devel-linux-x86_64-fedora-clang 2.2 21.81 NOTE
r-devel-linux-x86_64-fedora-gcc 2.2 20.84 NOTE
r-devel-osx-x86_64-clang 2.2 19.10 NOTE
r-devel-windows-ix86+x86_64 2.2 5.00 53.00 58.00 NOTE
r-patched-linux-x86_64 2.2 1.18 14.31 15.49 NOTE
r-patched-solaris-sparc 2.2 158.10 NOTE
r-patched-solaris-x86 2.2 34.80 NOTE
r-release-linux-x86_64 2.2 1.10 13.77 14.87 NOTE
r-release-osx-x86_64-mavericks 2.2 NOTE
r-release-windows-ix86+x86_64 2.2 9.00 35.00 44.00 NOTE
r-oldrel-windows-ix86+x86_64 2.2 7.00 47.00 54.00 OK

Check Details

Version: 2.2
Check: R code for possible problems
Result: NOTE
    SeasonalMannKendall: no visible global function definition for ‘is.ts’
    SeasonalMannKendall: no visible global function definition for
     ‘frequency’
    SeasonalMannKendall: no visible global function definition for ‘cycle’
    SeasonalMannKendall: no visible global function definition for ‘pnorm’
    Undefined global functions or variables:
     cycle frequency is.ts pnorm
    Consider adding
     importFrom("stats", "cycle", "frequency", "is.ts", "pnorm")
    to your NAMESPACE file.
Flavors: r-devel-linux-x86_64-debian-gcc, r-devel-linux-x86_64-fedora-clang, r-devel-linux-x86_64-fedora-gcc, r-devel-osx-x86_64-clang, r-devel-windows-ix86+x86_64, r-patched-linux-x86_64, r-patched-solaris-sparc, r-patched-solaris-x86, r-release-linux-x86_64, r-release-osx-x86_64-mavericks, r-release-windows-ix86+x86_64