CRAN Package Check Results for Package Kendall

Last updated on 2015-08-28 19:47:17.

Flavor Version Tinstall Tcheck Ttotal Status Flags
r-devel-linux-x86_64-debian-clang 2.2 0.92 13.60 14.51 NOTE
r-devel-linux-x86_64-debian-gcc 2.2 0.85 12.22 13.07 NOTE
r-devel-linux-x86_64-fedora-clang 2.2 23.62 NOTE
r-devel-linux-x86_64-fedora-gcc 2.2 22.15 NOTE
r-devel-osx-x86_64-clang 2.2 23.37 OK
r-devel-windows-ix86+x86_64 2.2 7.00 48.00 55.00 NOTE
r-patched-linux-x86_64 2.2 0.96 13.04 14.00 OK
r-patched-solaris-sparc 2.2 176.80 OK
r-patched-solaris-x86 2.2 37.40 OK
r-release-linux-x86_64 2.2 0.96 14.00 14.97 OK
r-release-osx-x86_64-mavericks 2.2 OK
r-release-windows-ix86+x86_64 2.2 8.00 48.00 56.00 OK
r-oldrel-windows-ix86+x86_64 2.2 9.00 36.00 45.00 OK

Check Details

Version: 2.2
Check: R code for possible problems
Result: NOTE
    SeasonalMannKendall: no visible global function definition for ‘is.ts’
    SeasonalMannKendall: no visible global function definition for
     ‘frequency’
    SeasonalMannKendall: no visible global function definition for ‘cycle’
    SeasonalMannKendall: no visible global function definition for ‘pnorm’
    Undefined global functions or variables:
     cycle frequency is.ts pnorm
    Consider adding
     importFrom("stats", "cycle", "frequency", "is.ts", "pnorm")
    to your NAMESPACE.
Flavors: r-devel-linux-x86_64-debian-clang, r-devel-linux-x86_64-debian-gcc, r-devel-linux-x86_64-fedora-clang, r-devel-linux-x86_64-fedora-gcc, r-devel-windows-ix86+x86_64