CRAN Package Check Results for Package Kendall

Last updated on 2016-05-25 11:50:03.

Flavor Version Tinstall Tcheck Ttotal Status Flags
r-devel-linux-x86_64-debian-gcc 2.2 0.93 12.86 13.79 NOTE
r-devel-linux-x86_64-fedora-clang 2.2 21.96 NOTE
r-devel-linux-x86_64-fedora-gcc 2.2 20.64 NOTE
r-devel-osx-x86_64-clang 2.2 25.65 NOTE
r-devel-windows-ix86+x86_64 2.2 6.00 50.00 56.00 NOTE
r-patched-linux-x86_64 2.2 0.93 12.73 13.66 NOTE
r-patched-solaris-sparc 2.2 157.20 NOTE
r-patched-solaris-x86 2.2 35.20 NOTE
r-release-linux-x86_64 2.2 0.88 12.78 13.66 NOTE
r-release-osx-x86_64-mavericks 2.2 NOTE
r-release-windows-ix86+x86_64 2.2 6.00 50.00 56.00 NOTE
r-oldrel-windows-ix86+x86_64 2.2 6.00 48.00 54.00 OK

Check Details

Version: 2.2
Check: R code for possible problems
Result: NOTE
    SeasonalMannKendall: no visible global function definition for ‘is.ts’
    SeasonalMannKendall: no visible global function definition for
     ‘frequency’
    SeasonalMannKendall: no visible global function definition for ‘cycle’
    SeasonalMannKendall: no visible global function definition for ‘pnorm’
    Undefined global functions or variables:
     cycle frequency is.ts pnorm
    Consider adding
     importFrom("stats", "cycle", "frequency", "is.ts", "pnorm")
    to your NAMESPACE file.
Flavors: r-devel-linux-x86_64-debian-gcc, r-devel-linux-x86_64-fedora-clang, r-devel-linux-x86_64-fedora-gcc, r-devel-osx-x86_64-clang, r-devel-windows-ix86+x86_64, r-patched-linux-x86_64, r-patched-solaris-sparc, r-patched-solaris-x86, r-release-linux-x86_64, r-release-osx-x86_64-mavericks, r-release-windows-ix86+x86_64