CRAN Package Check Results for Package Kendall

Last updated on 2016-02-11 15:46:51.

Flavor Version Tinstall Tcheck Ttotal Status Flags
r-devel-linux-x86_64-debian-gcc 2.2 0.97 11.93 12.89 NOTE
r-devel-linux-x86_64-fedora-clang 2.2 21.51 NOTE
r-devel-linux-x86_64-fedora-gcc 2.2 20.76 NOTE
r-devel-osx-x86_64-clang 2.2 25.47 NOTE
r-devel-windows-ix86+x86_64 2.2 7.00 33.00 40.00 NOTE
r-patched-linux-x86_64 2.2 1.01 12.72 13.73 OK
r-patched-solaris-sparc 2.2 154.20 OK
r-patched-solaris-x86 2.2 33.40 OK
r-release-linux-x86_64 2.2 0.98 12.56 13.54 OK
r-release-osx-x86_64-mavericks 2.2 OK
r-release-windows-ix86+x86_64 2.2 7.00 30.00 37.00 OK
r-oldrel-windows-ix86+x86_64 2.2 8.00 34.00 42.00 OK

Check Details

Version: 2.2
Check: R code for possible problems
Result: NOTE
    SeasonalMannKendall: no visible global function definition for ‘is.ts’
    SeasonalMannKendall: no visible global function definition for
     ‘frequency’
    SeasonalMannKendall: no visible global function definition for ‘cycle’
    SeasonalMannKendall: no visible global function definition for ‘pnorm’
    Undefined global functions or variables:
     cycle frequency is.ts pnorm
    Consider adding
     importFrom("stats", "cycle", "frequency", "is.ts", "pnorm")
    to your NAMESPACE file.
Flavors: r-devel-linux-x86_64-debian-gcc, r-devel-linux-x86_64-fedora-clang, r-devel-linux-x86_64-fedora-gcc, r-devel-osx-x86_64-clang, r-devel-windows-ix86+x86_64