CRAN Package Check Results for Package Kendall

Last updated on 2015-07-28 17:48:25.

Flavor Version Tinstall Tcheck Ttotal Status Flags
r-devel-linux-x86_64-debian-clang 2.2 0.90 12.54 13.44 NOTE
r-devel-linux-x86_64-debian-gcc 2.2 0.96 12.50 13.46 NOTE
r-devel-linux-x86_64-fedora-clang 2.2 23.89 NOTE
r-devel-linux-x86_64-fedora-gcc 2.2 22.88 NOTE
r-devel-osx-x86_64-clang 2.2 25.53 OK
r-devel-windows-ix86+x86_64 2.2 5.00 30.00 35.00 NOTE
r-patched-linux-x86_64 2.2 0.92 12.98 13.89 OK
r-patched-solaris-sparc 2.2 176.80 OK
r-patched-solaris-x86 2.2 37.20 OK
r-release-linux-x86_64 2.2 0.93 12.53 13.46 OK
r-release-osx-x86_64-mavericks 2.2 OK
r-release-windows-ix86+x86_64 2.2 10.00 50.00 60.00 OK
r-oldrel-windows-ix86+x86_64 2.2 9.00 43.00 52.00 OK

Check Details

Version: 2.2
Check: R code for possible problems
Result: NOTE
    SeasonalMannKendall: no visible global function definition for ‘is.ts’
    SeasonalMannKendall: no visible global function definition for
     ‘frequency’
    SeasonalMannKendall: no visible global function definition for ‘cycle’
    SeasonalMannKendall: no visible global function definition for ‘pnorm’
    Undefined global functions or variables:
     cycle frequency is.ts pnorm
    Consider adding
     importFrom("stats", "cycle", "frequency", "is.ts", "pnorm")
    to your NAMESPACE.
Flavors: r-devel-linux-x86_64-debian-clang, r-devel-linux-x86_64-debian-gcc, r-devel-linux-x86_64-fedora-clang, r-devel-linux-x86_64-fedora-gcc, r-devel-windows-ix86+x86_64