CRAN Package Check Results for Package Kendall

Last updated on 2016-10-01 20:47:20.

Flavor Version Tinstall Tcheck Ttotal Status Flags
r-devel-linux-x86_64-debian-clang 2.2 0.98 14.25 15.23 NOTE
r-devel-linux-x86_64-debian-gcc 2.2 1.05 13.95 15.00 NOTE
r-devel-linux-x86_64-fedora-clang 2.2 27.56 NOTE
r-devel-linux-x86_64-fedora-gcc 2.2 23.31 NOTE
r-devel-macos-x86_64-clang 2.2 19.20 NOTE
r-devel-windows-ix86+x86_64 2.2 7.00 47.00 54.00 NOTE
r-patched-linux-x86_64 2.2 1.04 13.09 14.13 NOTE
r-patched-solaris-sparc 2.2 158.10 NOTE
r-patched-solaris-x86 2.2 33.00 NOTE
r-release-linux-x86_64 2.2 0.98 12.93 13.91 NOTE
r-release-osx-x86_64-mavericks 2.2 NOTE
r-release-windows-ix86+x86_64 2.2 4.00 53.00 57.00 NOTE
r-oldrel-windows-ix86+x86_64 2.2 4.00 37.00 41.00 OK

Check Details

Version: 2.2
Check: R code for possible problems
Result: NOTE
    SeasonalMannKendall: no visible global function definition for ‘is.ts’
    SeasonalMannKendall: no visible global function definition for
     ‘frequency’
    SeasonalMannKendall: no visible global function definition for ‘cycle’
    SeasonalMannKendall: no visible global function definition for ‘pnorm’
    Undefined global functions or variables:
     cycle frequency is.ts pnorm
    Consider adding
     importFrom("stats", "cycle", "frequency", "is.ts", "pnorm")
    to your NAMESPACE file.
Flavors: r-devel-linux-x86_64-debian-clang, r-devel-linux-x86_64-debian-gcc, r-devel-linux-x86_64-fedora-clang, r-devel-linux-x86_64-fedora-gcc, r-devel-macos-x86_64-clang, r-devel-windows-ix86+x86_64, r-patched-linux-x86_64, r-patched-solaris-sparc, r-patched-solaris-x86, r-release-linux-x86_64, r-release-osx-x86_64-mavericks, r-release-windows-ix86+x86_64