CRAN Package Check Results for Package Kendall

Last updated on 2016-12-09 23:49:38.

Flavor Version Tinstall Tcheck Ttotal Status Flags
r-devel-linux-x86_64-debian-clang 2.2 1.06 14.76 15.83 NOTE
r-devel-linux-x86_64-debian-gcc 2.2 1.05 14.49 15.53 NOTE
r-devel-linux-x86_64-fedora-clang 2.2 25.70 NOTE --no-stop-on-test-error
r-devel-linux-x86_64-fedora-gcc 2.2 24.86 NOTE --no-stop-on-test-error
r-devel-macos-x86_64-clang 2.2 21.54 NOTE --no-stop-on-test-error
r-devel-windows-ix86+x86_64 2.2 8.00 52.00 60.00 NOTE
r-patched-linux-x86_64 2.2 0.88 12.85 13.73 NOTE
r-patched-solaris-sparc 2.2 158.10 NOTE
r-patched-solaris-x86 2.2 33.40 NOTE
r-release-linux-x86_64 2.2 1.04 12.63 13.67 NOTE
r-release-osx-x86_64-mavericks 2.2 NOTE
r-release-windows-ix86+x86_64 2.2 5.00 51.00 56.00 NOTE
r-oldrel-windows-ix86+x86_64 2.2 8.00 35.00 43.00 OK

Check Details

Version: 2.2
Check: R code for possible problems
Result: NOTE
    SeasonalMannKendall: no visible global function definition for ‘is.ts’
    SeasonalMannKendall: no visible global function definition for
     ‘frequency’
    SeasonalMannKendall: no visible global function definition for ‘cycle’
    SeasonalMannKendall: no visible global function definition for ‘pnorm’
    Undefined global functions or variables:
     cycle frequency is.ts pnorm
    Consider adding
     importFrom("stats", "cycle", "frequency", "is.ts", "pnorm")
    to your NAMESPACE file.
Flavors: r-devel-linux-x86_64-debian-clang, r-devel-linux-x86_64-debian-gcc, r-devel-windows-ix86+x86_64, r-patched-linux-x86_64, r-patched-solaris-sparc, r-patched-solaris-x86, r-release-linux-x86_64, r-release-osx-x86_64-mavericks, r-release-windows-ix86+x86_64

Version: 2.2
Flags: --no-stop-on-test-error
Check: R code for possible problems
Result: NOTE
    SeasonalMannKendall: no visible global function definition for ‘is.ts’
    SeasonalMannKendall: no visible global function definition for
     ‘frequency’
    SeasonalMannKendall: no visible global function definition for ‘cycle’
    SeasonalMannKendall: no visible global function definition for ‘pnorm’
    Undefined global functions or variables:
     cycle frequency is.ts pnorm
    Consider adding
     importFrom("stats", "cycle", "frequency", "is.ts", "pnorm")
    to your NAMESPACE file.
Flavors: r-devel-linux-x86_64-fedora-clang, r-devel-linux-x86_64-fedora-gcc, r-devel-macos-x86_64-clang