CRAN Package Check Results for Package Kendall

Last updated on 2017-01-20 19:47:04.

Flavor Version Tinstall Tcheck Ttotal Status Flags
r-devel-linux-x86_64-debian-clang 2.2 1.05 14.63 15.68 NOTE
r-devel-linux-x86_64-debian-gcc 2.2 1.08 14.53 15.61 NOTE
r-devel-linux-x86_64-fedora-clang 2.2 25.13 NOTE --no-stop-on-test-error
r-devel-linux-x86_64-fedora-gcc 2.2 25.08 NOTE --no-stop-on-test-error
r-devel-macos-x86_64-clang 2.2 21.14 NOTE --no-stop-on-test-error
r-devel-windows-ix86+x86_64 2.2 15.00 52.00 67.00 NOTE
r-patched-linux-x86_64 2.2 0.95 12.87 13.82 NOTE
r-patched-solaris-sparc 2.2 159.70 NOTE
r-patched-solaris-x86 2.2 33.20 NOTE
r-release-linux-x86_64 2.2 1.01 12.57 13.58 NOTE
r-release-osx-x86_64-mavericks 2.2 NOTE
r-release-windows-ix86+x86_64 2.2 7.00 46.00 53.00 NOTE
r-oldrel-windows-ix86+x86_64 2.2 6.00 46.00 52.00 OK

Check Details

Version: 2.2
Check: R code for possible problems
Result: NOTE
    SeasonalMannKendall: no visible global function definition for ‘is.ts’
    SeasonalMannKendall: no visible global function definition for
     ‘frequency’
    SeasonalMannKendall: no visible global function definition for ‘cycle’
    SeasonalMannKendall: no visible global function definition for ‘pnorm’
    Undefined global functions or variables:
     cycle frequency is.ts pnorm
    Consider adding
     importFrom("stats", "cycle", "frequency", "is.ts", "pnorm")
    to your NAMESPACE file.
Flavors: r-devel-linux-x86_64-debian-clang, r-devel-linux-x86_64-debian-gcc, r-devel-windows-ix86+x86_64, r-patched-linux-x86_64, r-patched-solaris-sparc, r-patched-solaris-x86, r-release-linux-x86_64, r-release-osx-x86_64-mavericks, r-release-windows-ix86+x86_64

Version: 2.2
Flags: --no-stop-on-test-error
Check: R code for possible problems
Result: NOTE
    SeasonalMannKendall: no visible global function definition for ‘is.ts’
    SeasonalMannKendall: no visible global function definition for
     ‘frequency’
    SeasonalMannKendall: no visible global function definition for ‘cycle’
    SeasonalMannKendall: no visible global function definition for ‘pnorm’
    Undefined global functions or variables:
     cycle frequency is.ts pnorm
    Consider adding
     importFrom("stats", "cycle", "frequency", "is.ts", "pnorm")
    to your NAMESPACE file.
Flavors: r-devel-linux-x86_64-fedora-clang, r-devel-linux-x86_64-fedora-gcc, r-devel-macos-x86_64-clang