CRAN Package Check Results for Package Kendall

Last updated on 2017-02-20 13:50:56.

Flavor Version Tinstall Tcheck Ttotal Status Flags
r-devel-linux-x86_64-debian-clang 2.2 1.18 15.01 16.19 NOTE
r-devel-linux-x86_64-debian-gcc 2.2 2.60 14.99 17.59 NOTE
r-devel-linux-x86_64-fedora-clang 2.2 24.63 NOTE --no-stop-on-test-error
r-devel-linux-x86_64-fedora-gcc 2.2 24.47 NOTE --no-stop-on-test-error
r-devel-macos-x86_64-clang 2.2 21.87 NOTE --no-stop-on-test-error
r-devel-windows-ix86+x86_64 2.2 6.00 52.00 58.00 NOTE
r-patched-linux-x86_64 2.2 1.08 12.67 13.76 NOTE
r-patched-solaris-sparc 2.2 159.70 NOTE
r-patched-solaris-x86 2.2 33.40 NOTE
r-release-linux-x86_64 2.2 0.98 12.94 13.93 NOTE
r-release-osx-x86_64-mavericks 2.2 NOTE
r-release-windows-ix86+x86_64 2.2 5.00 39.00 44.00 NOTE
r-oldrel-windows-ix86+x86_64 2.2 5.00 46.00 51.00 OK

Check Details

Version: 2.2
Check: R code for possible problems
Result: NOTE
    SeasonalMannKendall: no visible global function definition for ‘is.ts’
    SeasonalMannKendall: no visible global function definition for
     ‘frequency’
    SeasonalMannKendall: no visible global function definition for ‘cycle’
    SeasonalMannKendall: no visible global function definition for ‘pnorm’
    Undefined global functions or variables:
     cycle frequency is.ts pnorm
    Consider adding
     importFrom("stats", "cycle", "frequency", "is.ts", "pnorm")
    to your NAMESPACE file.
Flavors: r-devel-linux-x86_64-debian-clang, r-devel-linux-x86_64-debian-gcc, r-devel-windows-ix86+x86_64, r-patched-linux-x86_64, r-patched-solaris-sparc, r-patched-solaris-x86, r-release-linux-x86_64, r-release-osx-x86_64-mavericks, r-release-windows-ix86+x86_64

Version: 2.2
Check: compiled code
Result: NOTE
    File ‘Kendall/libs/Kendall.so’:
     Found no calls to: ‘R_registerRoutines’, ‘R_useDynamicSymbols’
    
    It is good practice to register native routines and to disable symbol
    search.
    
    See ‘Writing portable packages’ in the ‘Writing R Extensions’ manual.
Flavors: r-devel-linux-x86_64-debian-clang, r-devel-linux-x86_64-debian-gcc

Version: 2.2
Flags: --no-stop-on-test-error
Check: R code for possible problems
Result: NOTE
    SeasonalMannKendall: no visible global function definition for ‘is.ts’
    SeasonalMannKendall: no visible global function definition for
     ‘frequency’
    SeasonalMannKendall: no visible global function definition for ‘cycle’
    SeasonalMannKendall: no visible global function definition for ‘pnorm’
    Undefined global functions or variables:
     cycle frequency is.ts pnorm
    Consider adding
     importFrom("stats", "cycle", "frequency", "is.ts", "pnorm")
    to your NAMESPACE file.
Flavors: r-devel-linux-x86_64-fedora-clang, r-devel-linux-x86_64-fedora-gcc, r-devel-macos-x86_64-clang

Version: 2.2
Flags: --no-stop-on-test-error
Check: compiled code
Result: NOTE
    File ‘Kendall/libs/Kendall.so’:
     Found no calls to: ‘R_registerRoutines’, ‘R_useDynamicSymbols’
    
    It is good practice to register native routines and to disable symbol
    search.
    
    See ‘Writing portable packages’ in the ‘Writing R Extensions’ manual.
Flavors: r-devel-linux-x86_64-fedora-clang, r-devel-linux-x86_64-fedora-gcc, r-devel-macos-x86_64-clang