CRAN Package Check Results for Package KernSmooth

Last updated on 2014-07-28 15:49:20.

Flavor Version Tinstall Tcheck Ttotal Status Flags
r-devel-linux-x86_64-debian-clang 2.23-12 10.97 12.08 23.05 OK
r-devel-linux-x86_64-debian-gcc 2.23-12 6.43 11.62 18.05 OK
r-devel-linux-x86_64-fedora-clang 2.23-12 27.89 NOTE
r-devel-linux-x86_64-fedora-gcc 2.23-12 25.73 NOTE
r-devel-osx-x86_64-clang 2.23-12 29.21 OK
r-patched-linux-x86_64 2.23-12 2.79 11.55 14.34 OK
r-patched-solaris-sparc 2.23-12 OK
r-patched-solaris-x86 2.23-12 OK
r-release-linux-ix86 2.23-12 7.66 17.98 25.64 OK
r-release-linux-x86_64 2.23-12 4.62 11.88 16.50 OK
r-release-osx-x86_64-mavericks 2.23-12 OK
r-release-osx-x86_64-snowleopard 2.23-12 OK
r-release-windows-ix86+x86_64 2.23-12 14.00 26.00 40.00 OK
r-oldrel-windows-ix86+x86_64 2.23-12 14.00 25.00 39.00 OK

Check Details

Version: 2.23-12
Check: top-level files
Result: NOTE
    Non-standard files/directories found at top level:
     Licence.note orig
Flavors: r-devel-linux-x86_64-fedora-clang, r-devel-linux-x86_64-fedora-gcc