CRAN Package Check Results for Package KernSmooth

Last updated on 2014-09-02 10:51:49.

Flavor Version Tinstall Tcheck Ttotal Status Flags
r-devel-linux-x86_64-debian-clang 2.23-12 4.41 11.50 15.90 NOTE
r-devel-linux-x86_64-debian-gcc 2.23-12 4.92 11.18 16.11 NOTE
r-devel-linux-x86_64-fedora-clang 2.23-12 26.94 NOTE
r-devel-linux-x86_64-fedora-gcc 2.23-12 26.40 NOTE
r-devel-osx-x86_64-clang 2.23-12 28.22 NOTE
r-patched-linux-x86_64 2.23-12 3.07 11.88 14.95 OK
r-patched-solaris-sparc 2.23-12 OK
r-patched-solaris-x86 2.23-12 OK
r-release-linux-ix86 2.23-12 6.43 18.42 24.85 OK
r-release-linux-x86_64 2.23-12 2.80 11.92 14.72 OK
r-release-osx-x86_64-mavericks 2.23-12 OK
r-release-osx-x86_64-snowleopard 2.23-12 OK
r-release-windows-ix86+x86_64 2.23-12 15.00 27.00 42.00 OK
r-oldrel-windows-ix86+x86_64 2.23-12 19.00 26.00 45.00 OK

Check Details

Version: 2.23-12
Check: R code for possible problems
Result: NOTE
    File ‘KernSmooth/R/all.R’:
     .onLoad calls:
     packageStartupMessage("KernSmooth 2.23 loaded\nCopyright M. P. Wand 1997-2009")
    
    See section ‘Good practice’ in '?.onAttach'.
Flavors: r-devel-linux-x86_64-debian-clang, r-devel-linux-x86_64-debian-gcc, r-devel-linux-x86_64-fedora-clang, r-devel-linux-x86_64-fedora-gcc, r-devel-osx-x86_64-clang

Version: 2.23-12
Check: top-level files
Result: NOTE
    Non-standard files/directories found at top level:
     ‘Licence.note’ ‘orig’
Flavors: r-devel-linux-x86_64-fedora-clang, r-devel-linux-x86_64-fedora-gcc