CRAN Package Check Results for Package KernSmooth

Last updated on 2014-04-24 19:54:00.

Flavor Version Tinstall Tcheck Ttotal Status Flags
r-devel-linux-x86_64-debian-clang 2.23-12 5.29 12.28 17.56 OK
r-devel-linux-x86_64-debian-gcc 2.23-12 2.87 12.34 15.20 OK
r-devel-linux-x86_64-fedora-clang 2.23-12 27.62 NOTE
r-devel-linux-x86_64-fedora-gcc 2.23-12 27.07 NOTE
r-devel-osx-x86_64-clang 2.23-12 30.12 OK
r-devel-osx-x86_64-gcc 2.23-12 OK
r-patched-linux-x86_64 2.23-12 7.66 12.35 20.00 OK
r-patched-solaris-sparc 2.23-12 OK
r-patched-solaris-x86 2.23-12 OK
r-release-linux-ix86 2.23-12 12.00 26.00 38.00 OK
r-release-linux-x86_64 2.23-12 6.93 12.47 19.40 OK
r-release-osx-x86_64-mavericks 2.23-12 WARN
r-release-osx-x86_64-snowleopard 2.23-12 OK
r-release-windows-ix86+x86_64 2.23-12 15.00 23.00 38.00 OK
r-oldrel-windows-ix86+x86_64 2.23-12 15.00 24.00 39.00 OK

Check Details

Version: 2.23-12
Check: top-level files
Result: NOTE
    Non-standard files/directories found at top level:
     ‘Licence.note’ ‘orig’
Flavors: r-devel-linux-x86_64-fedora-clang, r-devel-linux-x86_64-fedora-gcc

Version: 2.23-12
Check: PDF version of manual
Result: WARNING
    LaTeX errors when creating PDF version.
    This typically indicates Rd problems.
    LaTeX errors found:
    ! LaTeX Error: File `upquote.sty' not found.
    
    Type X to quit or <RETURN> to proceed,
    or enter new name. (Default extension: sty)
    
    eefb44d/Rd2.tex:8: ==> Fatal error occurred, no output PDF file produced!
Flavor: r-release-osx-x86_64-mavericks