CRAN Package Check Results for Package KernSmooth

Last updated on 2014-08-29 23:48:49.

Flavor Version Tinstall Tcheck Ttotal Status Flags
r-devel-linux-x86_64-debian-clang 2.23-12 5.30 11.48 16.79 NOTE
r-devel-linux-x86_64-debian-gcc 2.23-12 7.76 11.83 19.59 NOTE
r-devel-linux-x86_64-fedora-clang 2.23-12 26.94 NOTE
r-devel-linux-x86_64-fedora-gcc 2.23-12 25.84 NOTE
r-devel-osx-x86_64-clang 2.23-12 28.26 NOTE
r-patched-linux-x86_64 2.23-12 2.63 11.71 14.34 OK
r-patched-solaris-sparc 2.23-12 OK
r-patched-solaris-x86 2.23-12 OK
r-release-linux-ix86 2.23-12 6.33 18.34 24.67 OK
r-release-linux-x86_64 2.23-12 2.98 12.01 14.99 OK
r-release-osx-x86_64-mavericks 2.23-12 OK
r-release-osx-x86_64-snowleopard 2.23-12 OK
r-release-windows-ix86+x86_64 2.23-12 16.00 25.00 41.00 OK
r-oldrel-windows-ix86+x86_64 2.23-12 15.00 29.00 44.00 OK

Check Details

Version: 2.23-12
Check: R code for possible problems
Result: NOTE
    File ‘KernSmooth/R/all.R’:
     .onLoad calls:
     packageStartupMessage("KernSmooth 2.23 loaded\nCopyright M. P. Wand 1997-2009")
    
    See section ‘Good practice’ in '?.onAttach'.
Flavors: r-devel-linux-x86_64-debian-clang, r-devel-linux-x86_64-debian-gcc, r-devel-linux-x86_64-fedora-clang, r-devel-linux-x86_64-fedora-gcc, r-devel-osx-x86_64-clang

Version: 2.23-12
Check: top-level files
Result: NOTE
    Non-standard files/directories found at top level:
     ‘Licence.note’ ‘orig’
Flavors: r-devel-linux-x86_64-fedora-clang, r-devel-linux-x86_64-fedora-gcc