CRAN Package Check Results for Package KernSmoothIRT

Last updated on 2016-07-29 07:47:10.

Flavor Version Tinstall Tcheck Ttotal Status Flags
r-devel-linux-x86_64-debian-clang 6.1 12.44 19.08 31.52 NOTE
r-devel-linux-x86_64-debian-gcc 6.1 14.00 21.76 35.77 NOTE
r-devel-linux-x86_64-fedora-clang 6.1 57.94 NOTE
r-devel-linux-x86_64-fedora-gcc 6.1 48.84 NOTE
r-devel-osx-x86_64-clang 6.1 40.95 NOTE
r-devel-windows-ix86+x86_64 6.1 59.00 50.00 109.00 NOTE
r-patched-linux-x86_64 6.1 10.64 21.86 32.50 NOTE
r-patched-solaris-sparc 6.1 317.70 NOTE
r-patched-solaris-x86 6.1 63.70 NOTE
r-release-linux-x86_64 6.1 10.33 22.17 32.51 NOTE
r-release-osx-x86_64-mavericks 6.1 WARN
r-release-windows-ix86+x86_64 6.1 53.00 50.00 103.00 NOTE
r-oldrel-windows-ix86+x86_64 6.1 55.00 78.00 133.00 OK

Check Details

Version: 6.1
Check: R code for possible problems
Result: NOTE
    Credplot: no visible global function definition for ‘par’
    Credplot: no visible global function definition for ‘plot’
    Credplot: no visible global function definition for ‘abline’
    CrossV: no visible global function definition for ‘optimize’
    ICCDIFplot : plotit: no visible global function definition for ‘plot’
    ICCDIFplot : plotit: no visible global function definition for ‘lines’
    ICCDIFplot : plotit: no visible global function definition for ‘colors’
    ICCDIFplot : plotit: no visible global function definition for ‘points’
    ICCDIFplot : plotit: no visible global function definition for ‘qnorm’
    ICCDIFplot : plotit: no visible global function definition for ‘legend’
    ICCDIFplot : plotit: no visible global function definition for ‘abline’
    ICCDIFplot : plotit: no visible global function definition for ‘box’
    ICCDIFplot: no visible global function definition for ‘par’
    ICCplot : plotit: no visible global function definition for ‘plot’
    ICCplot : plotit: no visible global function definition for ‘qnorm’
    ICCplot : plotit: no visible global function definition for ‘lines’
    ICCplot : plotit: no visible global function definition for ‘points’
    ICCplot : plotit: no visible global function definition for ‘abline’
    ICCplot : plotit: no visible global function definition for ‘box’
    ICCplot: no visible global function definition for ‘par’
    Inputcheck: no visible binding for global variable ‘sd’
    OCCDIFplot : plotit: no visible global function definition for ‘colors’
    OCCDIFplot : plotit: no visible global function definition for ‘plot’
    OCCDIFplot : plotit: no visible global function definition for ‘lines’
    OCCDIFplot : plotit: no visible global function definition for ‘qnorm’
    OCCDIFplot : plotit: no visible global function definition for ‘legend’
    OCCDIFplot : plotit: no visible global function definition for ‘abline’
    OCCDIFplot : plotit: no visible global function definition for ‘box’
    OCCDIFplot: no visible global function definition for ‘par’
    OCCplot : plotit: no visible global function definition for ‘plot’
    OCCplot : plotit: no visible global function definition for ‘lines’
    OCCplot : plotit: no visible global function definition for ‘runif’
    OCCplot : plotit: no visible global function definition for ‘text’
    OCCplot : plotit: no visible global function definition for ‘qnorm’
    OCCplot : plotit: no visible global function definition for ‘abline’
    OCCplot : plotit: no visible global function definition for ‘box’
    OCCplot: no visible global function definition for ‘par’
    PCA: no visible global function definition for ‘aggregate’
    PCA: no visible global function definition for ‘prcomp’
    PCAplot: no visible global function definition for ‘aggregate’
    PCAplot: no visible global function definition for ‘prcomp’
    PCAplot: no visible global function definition for ‘par’
    PCAplot: no visible global function definition for ‘plot’
    PCAplot: no visible global function definition for ‘box’
    PCAplot: no visible global function definition for ‘text’
    PCAplot: no visible global function definition for ‘abline’
    Simplexplot: no visible global function definition for ‘par’
    Simplexplot : plotit: no visible global function definition for
     ‘legend’
    Tetplot : tethraedron: no visible global function definition for
     ‘alarm’
    densityDIFplot: no visible global function definition for ‘density’
    densityDIFplot: no visible global function definition for ‘plot’
    densityDIFplot: no visible global function definition for ‘colors’
    densityDIFplot: no visible global function definition for ‘lines’
    densityDIFplot: no visible global function definition for ‘legend’
    densityDIFplot: no visible global function definition for ‘axis’
    densityDIFplot: no visible global function definition for ‘abline’
    densityDIFplot: no visible global function definition for ‘box’
    densityplot: no visible global function definition for ‘density’
    densityplot: no visible global function definition for ‘plot’
    densityplot: no visible global function definition for ‘axis’
    densityplot: no visible global function definition for ‘abline’
    densityplot: no visible global function definition for ‘box’
    expectedDIFplot: no visible global function definition for ‘par’
    expectedDIFplot: no visible global function definition for ‘plot’
    expectedDIFplot: no visible global function definition for ‘abline’
    expectedplot: no visible global function definition for ‘plot’
    expectedplot: no visible global function definition for ‘abline’
    handlemiss: no visible global function definition for ‘rmultinom’
    handlemiss: no visible global function definition for ‘na.omit’
    ksIRT: no visible global function definition for ‘complete.cases’
    ksIRT: no visible global function definition for ‘na.omit’
    ksIRT: no visible global function definition for ‘quantile’
    ksIRT: no visible global function definition for ‘sd’
    ksIRT: no visible global function definition for ‘cor’
    plot.ksIRT: no visible global function definition for ‘par’
    sdplot: no visible global function definition for ‘plot’
    sdplot: no visible global function definition for ‘abline’
    subjEIS: no visible global function definition for ‘approx’
    subjOCC: no visible global function definition for ‘approx’
    Undefined global functions or variables:
     abline aggregate alarm approx axis box colors complete.cases cor
     density legend lines na.omit optimize par plot points prcomp qnorm
     quantile rmultinom runif sd text
    Consider adding
     importFrom("grDevices", "colors")
     importFrom("graphics", "abline", "axis", "box", "legend", "lines",
     "par", "plot", "points", "text")
     importFrom("stats", "aggregate", "approx", "complete.cases", "cor",
     "density", "na.omit", "optimize", "prcomp", "qnorm",
     "quantile", "rmultinom", "runif", "sd")
     importFrom("utils", "alarm")
    to your NAMESPACE file.
Flavors: r-devel-linux-x86_64-debian-clang, r-devel-linux-x86_64-debian-gcc, r-devel-linux-x86_64-fedora-clang, r-devel-linux-x86_64-fedora-gcc, r-devel-osx-x86_64-clang, r-devel-windows-ix86+x86_64, r-patched-linux-x86_64, r-patched-solaris-sparc, r-patched-solaris-x86, r-release-linux-x86_64, r-release-windows-ix86+x86_64

Version: 6.1
Check: whether package can be installed
Result: WARN
    Found the following significant warnings:
     Warning: 'rgl_init' failed, running with rgl.useNULL = TRUE
Flavor: r-release-osx-x86_64-mavericks

Version: 6.1
Check: dependencies in R code
Result: NOTE
    Invalid MIT-MAGIC-COOKIE-1 key
Flavor: r-release-osx-x86_64-mavericks

Version: 6.1
Check: S3 generic/method consistency
Result: WARN
    Invalid MIT-MAGIC-COOKIE-1 key
    See section ‘Generic functions and methods’ in the ‘Writing R
    Extensions’ manual.
Flavor: r-release-osx-x86_64-mavericks

Version: 6.1
Check: replacement functions
Result: WARN
    Invalid MIT-MAGIC-COOKIE-1 key
    The argument of a replacement function which corresponds to the right
    hand side must be named ‘value’.
Flavor: r-release-osx-x86_64-mavericks

Version: 6.1
Check: foreign function calls
Result: NOTE
    Invalid MIT-MAGIC-COOKIE-1 key
    See chapter ‘System and foreign language interfaces’ in the ‘Writing R
    Extensions’ manual.
Flavor: r-release-osx-x86_64-mavericks

Version: 6.1
Check: R code for possible problems
Result: NOTE
    Invalid MIT-MAGIC-COOKIE-1 keyCredplot: no visible global function definition for ‘par’
    Credplot: no visible global function definition for ‘plot’
    Credplot: no visible global function definition for ‘abline’
    CrossV: no visible global function definition for ‘optimize’
    ICCDIFplot : plotit: no visible global function definition for ‘plot’
    ICCDIFplot : plotit: no visible global function definition for ‘lines’
    ICCDIFplot : plotit: no visible global function definition for ‘colors’
    ICCDIFplot : plotit: no visible global function definition for ‘points’
    ICCDIFplot : plotit: no visible global function definition for ‘qnorm’
    ICCDIFplot : plotit: no visible global function definition for ‘legend’
    ICCDIFplot : plotit: no visible global function definition for ‘abline’
    ICCDIFplot : plotit: no visible global function definition for ‘box’
    ICCDIFplot: no visible global function definition for ‘par’
    ICCplot : plotit: no visible global function definition for ‘plot’
    ICCplot : plotit: no visible global function definition for ‘qnorm’
    ICCplot : plotit: no visible global function definition for ‘lines’
    ICCplot : plotit: no visible global function definition for ‘points’
    ICCplot : plotit: no visible global function definition for ‘abline’
    ICCplot : plotit: no visible global function definition for ‘box’
    ICCplot: no visible global function definition for ‘par’
    Inputcheck: no visible binding for global variable ‘sd’
    OCCDIFplot : plotit: no visible global function definition for ‘colors’
    OCCDIFplot : plotit: no visible global function definition for ‘plot’
    OCCDIFplot : plotit: no visible global function definition for ‘lines’
    OCCDIFplot : plotit: no visible global function definition for ‘qnorm’
    OCCDIFplot : plotit: no visible global function definition for ‘legend’
    OCCDIFplot : plotit: no visible global function definition for ‘abline’
    OCCDIFplot : plotit: no visible global function definition for ‘box’
    OCCDIFplot: no visible global function definition for ‘par’
    OCCplot : plotit: no visible global function definition for ‘plot’
    OCCplot : plotit: no visible global function definition for ‘lines’
    OCCplot : plotit: no visible global function definition for ‘runif’
    OCCplot : plotit: no visible global function definition for ‘text’
    OCCplot : plotit: no visible global function definition for ‘qnorm’
    OCCplot : plotit: no visible global function definition for ‘abline’
    OCCplot : plotit: no visible global function definition for ‘box’
    OCCplot: no visible global function definition for ‘par’
    PCA: no visible global function definition for ‘aggregate’
    PCA: no visible global function definition for ‘prcomp’
    PCAplot: no visible global function definition for ‘aggregate’
    PCAplot: no visible global function definition for ‘prcomp’
    PCAplot: no visible global function definition for ‘par’
    PCAplot: no visible global function definition for ‘plot’
    PCAplot: no visible global function definition for ‘box’
    PCAplot: no visible global function definition for ‘text’
    PCAplot: no visible global function definition for ‘abline’
    Simplexplot: no visible global function definition for ‘par’
    Simplexplot : plotit: no visible global function definition for
     ‘legend’
    Tetplot : tethraedron: no visible global function definition for
     ‘alarm’
    densityDIFplot: no visible global function definition for ‘density’
    densityDIFplot: no visible global function definition for ‘plot’
    densityDIFplot: no visible global function definition for ‘colors’
    densityDIFplot: no visible global function definition for ‘lines’
    densityDIFplot: no visible global function definition for ‘legend’
    densityDIFplot: no visible global function definition for ‘axis’
    densityDIFplot: no visible global function definition for ‘abline’
    densityDIFplot: no visible global function definition for ‘box’
    densityplot: no visible global function definition for ‘density’
    densityplot: no visible global function definition for ‘plot’
    densityplot: no visible global function definition for ‘axis’
    densityplot: no visible global function definition for ‘abline’
    densityplot: no visible global function definition for ‘box’
    expectedDIFplot: no visible global function definition for ‘par’
    expectedDIFplot: no visible global function definition for ‘plot’
    expectedDIFplot: no visible global function definition for ‘abline’
    expectedplot: no visible global function definition for ‘plot’
    expectedplot: no visible global function definition for ‘abline’
    handlemiss: no visible global function definition for ‘rmultinom’
    handlemiss: no visible global function definition for ‘na.omit’
    ksIRT: no visible global function definition for ‘complete.cases’
    ksIRT: no visible global function definition for ‘na.omit’
    ksIRT: no visible global function definition for ‘quantile’
    ksIRT: no visible global function definition for ‘sd’
    ksIRT: no visible global function definition for ‘cor’
    plot.ksIRT: no visible global function definition for ‘par’
    sdplot: no visible global function definition for ‘plot’
    sdplot: no visible global function definition for ‘abline’
    subjEIS: no visible global function definition for ‘approx’
    subjOCC: no visible global function definition for ‘approx’
    Undefined global functions or variables:
     abline aggregate alarm approx axis box colors complete.cases cor
     density legend lines na.omit optimize par plot points prcomp qnorm
     quantile rmultinom runif sd text
    Consider adding
     importFrom("grDevices", "colors")
     importFrom("graphics", "abline", "axis", "box", "legend", "lines",
     "par", "plot", "points", "text")
     importFrom("stats", "aggregate", "approx", "complete.cases", "cor",
     "density", "na.omit", "optimize", "prcomp", "qnorm",
     "quantile", "rmultinom", "runif", "sd")
     importFrom("utils", "alarm")
    to your NAMESPACE file.
Flavor: r-release-osx-x86_64-mavericks

Version: 6.1
Check: for missing documentation entries
Result: WARN
    Invalid MIT-MAGIC-COOKIE-1 key
    All user-level objects in a package should have documentation entries.
    See chapter ‘Writing R documentation files’ in the ‘Writing R
    Extensions’ manual.
Flavor: r-release-osx-x86_64-mavericks

Version: 6.1
Check: for code/documentation mismatches
Result: WARN
    Invalid MIT-MAGIC-COOKIE-1 key
    Invalid MIT-MAGIC-COOKIE-1 key
    Invalid MIT-MAGIC-COOKIE-1 key
Flavor: r-release-osx-x86_64-mavericks

Version: 6.1
Check: Rd \usage sections
Result: NOTE
    Invalid MIT-MAGIC-COOKIE-1 key
    The \usage entries for S3 methods should use the \method markup and not
    their full name.
    See chapter ‘Writing R documentation files’ in the ‘Writing R
    Extensions’ manual.
Flavor: r-release-osx-x86_64-mavericks