CRAN Package Check Results for Package KernSmoothIRT

Last updated on 2014-04-20 09:48:17.

Flavor Version Tinstall Tcheck Ttotal Status Flags
r-devel-linux-x86_64-debian-clang 6.0 9.58 22.93 32.51 NOTE
r-devel-linux-x86_64-debian-gcc 6.0 9.90 23.29 33.18 NOTE
r-devel-linux-x86_64-fedora-clang 6.0 62.43 NOTE
r-devel-linux-x86_64-fedora-gcc 6.0 59.00 NOTE
r-devel-macosx-x86_64-clang 6.0 57.83 NOTE
r-devel-macosx-x86_64-gcc 6.0 NOTE
r-devel-windows-ix86+x86_64 6.0 38.00 52.00 90.00 NOTE
r-patched-linux-x86_64 6.0 9.84 22.65 32.49 NOTE
r-patched-solaris-sparc 6.0 349.60 NOTE
r-patched-solaris-x86 6.0 80.80 NOTE
r-release-linux-ix86 NOTE
r-release-linux-x86_64 6.0 9.71 22.52 32.24 NOTE
r-release-macosx-x86_64 6.0 NOTE
r-release-windows-ix86+x86_64 6.0 46.00 52.00 98.00 NOTE
r-oldrel-windows-ix86+x86_64 6.0 39.00 52.00 91.00 NOTE

Check Details

Version: 6.0
Check: dependencies in R code
Result: NOTE
    Packages in Depends field not imported from:
     ‘Rcpp’ ‘plotrix’ ‘rgl’
     These packages need to be imported from (in the NAMESPACE file)
     for when this namespace is loaded but not attached.
    See the information on DESCRIPTION files in the chapter ‘Creating R
    packages’ of the ‘Writing R Extensions’ manual.
Flavors: r-devel-linux-x86_64-debian-clang, r-devel-linux-x86_64-debian-gcc, r-devel-linux-x86_64-fedora-clang, r-devel-linux-x86_64-fedora-gcc, r-devel-macosx-x86_64-clang, r-devel-macosx-x86_64-gcc, r-devel-windows-ix86+x86_64, r-patched-linux-x86_64, r-patched-solaris-sparc, r-patched-solaris-x86, r-release-linux-ix86, r-release-linux-x86_64, r-release-windows-ix86+x86_64, r-oldrel-windows-ix86+x86_64

Version: 6.0
Check: dependencies in R code
Result: NOTE
    Packages in Depends field not imported from:
     ‘Rcpp’ ‘plotrix’ ‘rgl’
     These packages need to be imported from for the case when
     this namespace is loaded but not attached.
    See the information on DESCRIPTION files in the chapter ‘Creating R
    packages’ of the ‘Writing R Extensions’ manual.
Flavor: r-release-macosx-x86_64