CRAN Package Check Results for Package KernelKnn

Last updated on 2022-09-25 18:51:27 CEST.

Flavor Version Tinstall Tcheck Ttotal Status Flags
r-devel-linux-x86_64-debian-clang 1.1.4 38.47 87.77 126.24 NOTE
r-devel-linux-x86_64-debian-gcc 1.1.4 32.48 63.13 95.61 NOTE
r-devel-linux-x86_64-fedora-clang 1.1.4 163.85 NOTE
r-devel-linux-x86_64-fedora-gcc 1.1.4 168.03 NOTE
r-devel-windows-x86_64 1.1.4 60.00 142.00 202.00 NOTE
r-patched-linux-x86_64 1.1.4 34.92 83.19 118.11 OK
r-release-linux-x86_64 1.1.4 34.16 82.19 116.35 OK
r-release-macos-arm64 1.1.4 50.00 OK
r-release-macos-x86_64 1.1.4 70.00 OK
r-release-windows-x86_64 1.1.4 101.00 155.00 256.00 OK
r-oldrel-macos-arm64 1.1.4 51.00 OK
r-oldrel-macos-x86_64 1.1.4 64.00 OK
r-oldrel-windows-ix86+x86_64 1.1.4 93.00 190.00 283.00 OK

Check Details

Version: 1.1.4
Check: Rd files
Result: NOTE
    checkRd: (-1) ionosphere.Rd:22: Escaped LaTeX specials: \&
    checkRd: (-1) ionosphere.Rd:32: Escaped LaTeX specials: \&
Flavors: r-devel-linux-x86_64-debian-clang, r-devel-linux-x86_64-debian-gcc, r-devel-linux-x86_64-fedora-clang, r-devel-linux-x86_64-fedora-gcc, r-devel-windows-x86_64